{"version":"1.0","provider_name":"Proagro","provider_url":"https:\/\/proagrolab.com.ar\/en","title":"Videla: \u0093Cerrar las exportaciones ser\u00eda una medida torpe\u0094. | Proagro","type":"rich","width":600,"height":338,"html":"<blockquote class=\"wp-embedded-content\" data-secret=\"N1ZaLmxZsb\"><a href=\"https:\/\/proagrolab.com.ar\/en\/videla-%c2%93cerrar-las-exportaciones-seria-una-medida-torpe%c2%94\/\">Videla: \u0093Cerrar las exportaciones ser\u00eda una medida torpe\u0094.<\/a><\/blockquote><iframe sandbox=\"allow-scripts\" security=\"restricted\" src=\"https:\/\/proagrolab.com.ar\/en\/videla-%c2%93cerrar-las-exportaciones-seria-una-medida-torpe%c2%94\/embed\/#?secret=N1ZaLmxZsb\" width=\"600\" height=\"338\" title=\"&#8220;Videla: \u0093Cerrar las exportaciones ser\u00eda una medida torpe\u0094.&#8221; &#8212; Proagro\" data-secret=\"N1ZaLmxZsb\" frameborder=\"0\" marginwidth=\"0\" marginheight=\"0\" scrolling=\"no\" class=\"wp-embedded-content\"><\/iframe><script type=\"text\/javascript\">\n\/* <![CDATA[ *\/\n\/*! This file is auto-generated *\/\n!function(d,l){\"use strict\";l.querySelector&&d.addEventListener&&\"undefined\"!=typeof URL&&(d.wp=d.wp||{},d.wp.receiveEmbedMessage||(d.wp.receiveEmbedMessage=function(e){var t=e.data;if((t||t.secret||t.message||t.value)&&!\/[^a-zA-Z0-9]\/.test(t.secret)){for(var s,r,n,a=l.querySelectorAll('iframe[data-secret=\"'+t.secret+'\"]'),o=l.querySelectorAll('blockquote[data-secret=\"'+t.secret+'\"]'),c=new RegExp(\"^https?:$\",\"i\"),i=0;i<o.length;i++)o[i].style.display=\"none\";for(i=0;i<a.length;i++)s=a[i],e.source===s.contentWindow&&(s.removeAttribute(\"style\"),\"height\"===t.message?(1e3<(r=parseInt(t.value,10))?r=1e3:~~r<200&&(r=200),s.height=r):\"link\"===t.message&&(r=new URL(s.getAttribute(\"src\")),n=new URL(t.value),c.test(n.protocol))&&n.host===r.host&&l.activeElement===s&&(d.top.location.href=t.value))}},d.addEventListener(\"message\",d.wp.receiveEmbedMessage,!1),l.addEventListener(\"DOMContentLoaded\",function(){for(var e,t,s=l.querySelectorAll(\"iframe.wp-embedded-content\"),r=0;r<s.length;r++)(t=(e=s[r]).getAttribute(\"data-secret\"))||(t=Math.random().toString(36).substring(2,12),e.src+=\"#?secret=\"+t,e.setAttribute(\"data-secret\",t)),e.contentWindow.postMessage({message:\"ready\",secret:t},\"*\")},!1)))}(window,document);\n\/\/# sourceURL=https:\/\/proagrolab.com.ar\/wp-includes\/js\/wp-embed.min.js\n\/* ]]> *\/\n<\/script>\n","thumbnail_url":"https:\/\/proagrolab.com.ar\/wp-content\/uploads\/2015\/01\/g_hqinbiw3d__Videla-2.jpg","thumbnail_width":450,"thumbnail_height":208,"description":"Videla desminti\u00f3 que se hayan cerrado las exportaciones. Se\u00f1al\u00f3 que las versiones responden a la \u0093mala intenci\u00f3n\u0094 de varios sectores. La semana pasada creci\u00f3 el rumor de que hab\u00edan cerrado las exportaciones de leche en polvo. Consultado por INFORTAMBO.com, desde el CIL se\u00f1alaron que los Roels se estaban autorizando con normalidad. Por el contrario, desde el sector industrial enfatizaron que las ventas al exterior est\u00e1n paradas desde hace m\u00e1s de 30 d\u00edas, medida que creen se extender\u00e1 hasta abril.En di\u00e1logo con Radio Belgrano, Videla insisti\u00f3 que la noticia del freno a las exportaciones responde a la mala intenci\u00f3n de varios sectores con el objetivo de agitar lo que se ve potenciado por algunos periodistas que les son funcionales. &#8220;La realidad es que las exportaciones nunca se cerraron&#8221;, afirm\u00f3 el funcionario. &#8220;La cadena l\u00e1ctea est\u00e1 realizando un reacomodamiento luego de la devaluaci\u00f3n y todo esto le hace mal. Nos parece muy desprolijo que diarios nacionales informen de esa manera porque atentan contra el propio sector. Cerrar las exportaciones ser\u00eda una medida muy torpe&#8221;, afirm\u00f3. Fuente: Infortambo, 6 de marzo."}

Videla: Cerrar las exportaciones sería una medida torpe. | Proagro

<blockquote class="wp-embedded-content" data-secret="N1ZaLmxZsb"><a href="https://proagrolab.com.ar/en/videla-%c2%93cerrar-las-exportaciones-seria-una-medida-torpe%c2%94/">Videla: Cerrar las exportaciones sería una medida torpe.</a></blockquote><iframe sandbox="allow-scripts" security="restricted" src="https://proagrolab.com.ar/en/videla-%c2%93cerrar-las-exportaciones-seria-una-medida-torpe%c2%94/embed/#?secret=N1ZaLmxZsb" width="600" height="338" title="&#8220;Videla: Cerrar las exportaciones sería una medida torpe.&#8221; &#8212; Proagro" data-secret="N1ZaLmxZsb" frameborder="0" marginwidth="0" marginheight="0" scrolling="no" class="wp-embedded-content"></iframe><script type="text/javascript">
/* <![CDATA[ */
/*! This file is auto-generated */
!function(d,l){"use strict";l.querySelector&&d.addEventListener&&"undefined"!=typeof URL&&(d.wp=d.wp||{},d.wp.receiveEmbedMessage||(d.wp.receiveEmbedMessage=function(e){var t=e.data;if((t||t.secret||t.message||t.value)&&!/[^a-zA-Z0-9]/.test(t.secret)){for(var s,r,n,a=l.querySelectorAll('iframe[data-secret="'+t.secret+'"]'),o=l.querySelectorAll('blockquote[data-secret="'+t.secret+'"]'),c=new RegExp("^https?:$","i"),i=0;i<o.length;i++)o[i].style.display="none";for(i=0;i<a.length;i++)s=a[i],e.source===s.contentWindow&&(s.removeAttribute("style"),"height"===t.message?(1e3<(r=parseInt(t.value,10))?r=1e3:~~r<200&&(r=200),s.height=r):"link"===t.message&&(r=new URL(s.getAttribute("src")),n=new URL(t.value),c.test(n.protocol))&&n.host===r.host&&l.activeElement===s&&(d.top.location.href=t.value))}},d.addEventListener("message",d.wp.receiveEmbedMessage,!1),l.addEventListener("DOMContentLoaded",function(){for(var e,t,s=l.querySelectorAll("iframe.wp-embedded-content"),r=0;r<s.length;r++)(t=(e=s[r]).getAttribute("data-secret"))||(t=Math.random().toString(36).substring(2,12),e.src+="#?secret="+t,e.setAttribute("data-secret",t)),e.contentWindow.postMessage({message:"ready",secret:t},"*")},!1)))}(window,document);
//# sourceURL=https://proagrolab.com.ar/wp-includes/js/wp-embed.min.js
/* ]]> */
</script>

Videla desmintió que se hayan cerrado las exportaciones. Señaló que las versiones responden a la mala intención de varios sectores. La semana pasada creció el rumor de que habían cerrado las exportaciones de leche en polvo. Consultado por INFORTAMBO.com, desde el CIL señalaron que los Roels se estaban autorizando con normalidad. Por el contrario, desde el sector industrial enfatizaron que las ventas al exterior están paradas desde hace más de 30 días, medida que creen se extenderá hasta abril.En diálogo con Radio Belgrano, Videla insistió que la noticia del freno a las exportaciones responde a la mala intención de varios sectores con el objetivo de agitar lo que se ve potenciado por algunos periodistas que les son funcionales. &#8220;La realidad es que las exportaciones nunca se cerraron&#8221;, afirmó el funcionario. &#8220;La cadena láctea está realizando un reacomodamiento luego de la devaluación y todo esto le hace mal. Nos parece muy desprolijo que diarios nacionales informen de esa manera porque atentan contra el propio sector. Cerrar las exportaciones sería una medida muy torpe&#8221;, afirmó. Fuente: Infortambo, 6 de marzo.
