{"version":"1.0","provider_name":"Proagro","provider_url":"https:\/\/proagrolab.com.ar\/en","title":"Un acalorado debate detr\u00e1s del discurso de Etchevehere. | Proagro","type":"rich","width":600,"height":338,"html":"<blockquote class=\"wp-embedded-content\" data-secret=\"IDfVOsY8kq\"><a href=\"https:\/\/proagrolab.com.ar\/en\/un-acalorado-debate-detras-del-discurso-de-etchevehere\/\">Un acalorado debate detr\u00e1s del discurso de Etchevehere.<\/a><\/blockquote><iframe sandbox=\"allow-scripts\" security=\"restricted\" src=\"https:\/\/proagrolab.com.ar\/en\/un-acalorado-debate-detras-del-discurso-de-etchevehere\/embed\/#?secret=IDfVOsY8kq\" width=\"600\" height=\"338\" title=\"&#8220;Un acalorado debate detr\u00e1s del discurso de Etchevehere.&#8221; &#8212; Proagro\" data-secret=\"IDfVOsY8kq\" frameborder=\"0\" marginwidth=\"0\" marginheight=\"0\" scrolling=\"no\" class=\"wp-embedded-content\"><\/iframe><script type=\"text\/javascript\">\n\/* <![CDATA[ *\/\n\/*! This file is auto-generated *\/\n!function(d,l){\"use strict\";l.querySelector&&d.addEventListener&&\"undefined\"!=typeof URL&&(d.wp=d.wp||{},d.wp.receiveEmbedMessage||(d.wp.receiveEmbedMessage=function(e){var t=e.data;if((t||t.secret||t.message||t.value)&&!\/[^a-zA-Z0-9]\/.test(t.secret)){for(var s,r,n,a=l.querySelectorAll('iframe[data-secret=\"'+t.secret+'\"]'),o=l.querySelectorAll('blockquote[data-secret=\"'+t.secret+'\"]'),c=new RegExp(\"^https?:$\",\"i\"),i=0;i<o.length;i++)o[i].style.display=\"none\";for(i=0;i<a.length;i++)s=a[i],e.source===s.contentWindow&&(s.removeAttribute(\"style\"),\"height\"===t.message?(1e3<(r=parseInt(t.value,10))?r=1e3:~~r<200&&(r=200),s.height=r):\"link\"===t.message&&(r=new URL(s.getAttribute(\"src\")),n=new URL(t.value),c.test(n.protocol))&&n.host===r.host&&l.activeElement===s&&(d.top.location.href=t.value))}},d.addEventListener(\"message\",d.wp.receiveEmbedMessage,!1),l.addEventListener(\"DOMContentLoaded\",function(){for(var e,t,s=l.querySelectorAll(\"iframe.wp-embedded-content\"),r=0;r<s.length;r++)(t=(e=s[r]).getAttribute(\"data-secret\"))||(t=Math.random().toString(36).substring(2,12),e.src+=\"#?secret=\"+t,e.setAttribute(\"data-secret\",t)),e.contentWindow.postMessage({message:\"ready\",secret:t},\"*\")},!1)))}(window,document);\n\/\/# sourceURL=https:\/\/proagrolab.com.ar\/wp-includes\/js\/wp-embed.min.js\n\/* ]]> *\/\n<\/script>\n","thumbnail_url":"https:\/\/proagrolab.com.ar\/wp-content\/uploads\/2015\/01\/g_tfnvz4840__Etchevehere-2013.jpg","thumbnail_width":450,"thumbnail_height":208,"description":"Por Cristian Mira. Fue el propio presidente de la Sociedad Rural Argentina (SRA), Luis Miguel Etchevehere, quien inclin\u00f3 la balanza dentro de la comisi\u00f3n directiva de la entidad entre quienes sosten\u00edan que su discurso deb\u00eda ser m\u00e1s pol\u00edtico que gremial-agropecuario. Etchevehere se viene apoyando en un grupo de directores que est\u00e1 impulsando una renovaci\u00f3n generacional de la SRA. Ese proceso comenz\u00f3 durante la gesti\u00f3n de su antecesor inmediato, Hugo Luis Biolcati, y contin\u00faa desde que el ruralista de Entre R\u00edos fue elegido presidente de la SRA, en septiembre del a\u00f1o pasado. En ese grupo se cuentan el director de Acci\u00f3n Gremial, Mart\u00edn Facundo Lisazo; el de Prensa, Mart\u00edn Goldstein, y el de Relaciones Institucionales, Ricardo Smith Estrada. Fue Goldstein quien discuti\u00f3 con otros directores de la vieja guardia, m\u00e1s ligados a las asociaciones de criadores, sobre la necesidad de que las palabras del presidente de la SRA tuvieran un tono claramente pol\u00edtico. Algunas fuentes aseguran que en una de las reuniones de la comisi\u00f3n directiva en la que se ley\u00f3 el discurso del presidente de la entidad para su aprobaci\u00f3n, ante las objeciones sobre la dureza de las palabras, hubo un pase de facturas. &#8220;Ustedes no estuvieron cuando hubo que [&hellip;]"}

Un acalorado debate detrás del discurso de Etchevehere. | Proagro

<blockquote class="wp-embedded-content" data-secret="IDfVOsY8kq"><a href="https://proagrolab.com.ar/en/un-acalorado-debate-detras-del-discurso-de-etchevehere/">Un acalorado debate detrás del discurso de Etchevehere.</a></blockquote><iframe sandbox="allow-scripts" security="restricted" src="https://proagrolab.com.ar/en/un-acalorado-debate-detras-del-discurso-de-etchevehere/embed/#?secret=IDfVOsY8kq" width="600" height="338" title="&#8220;Un acalorado debate detrás del discurso de Etchevehere.&#8221; &#8212; Proagro" data-secret="IDfVOsY8kq" frameborder="0" marginwidth="0" marginheight="0" scrolling="no" class="wp-embedded-content"></iframe><script type="text/javascript">
/* <![CDATA[ */
/*! This file is auto-generated */
!function(d,l){"use strict";l.querySelector&&d.addEventListener&&"undefined"!=typeof URL&&(d.wp=d.wp||{},d.wp.receiveEmbedMessage||(d.wp.receiveEmbedMessage=function(e){var t=e.data;if((t||t.secret||t.message||t.value)&&!/[^a-zA-Z0-9]/.test(t.secret)){for(var s,r,n,a=l.querySelectorAll('iframe[data-secret="'+t.secret+'"]'),o=l.querySelectorAll('blockquote[data-secret="'+t.secret+'"]'),c=new RegExp("^https?:$","i"),i=0;i<o.length;i++)o[i].style.display="none";for(i=0;i<a.length;i++)s=a[i],e.source===s.contentWindow&&(s.removeAttribute("style"),"height"===t.message?(1e3<(r=parseInt(t.value,10))?r=1e3:~~r<200&&(r=200),s.height=r):"link"===t.message&&(r=new URL(s.getAttribute("src")),n=new URL(t.value),c.test(n.protocol))&&n.host===r.host&&l.activeElement===s&&(d.top.location.href=t.value))}},d.addEventListener("message",d.wp.receiveEmbedMessage,!1),l.addEventListener("DOMContentLoaded",function(){for(var e,t,s=l.querySelectorAll("iframe.wp-embedded-content"),r=0;r<s.length;r++)(t=(e=s[r]).getAttribute("data-secret"))||(t=Math.random().toString(36).substring(2,12),e.src+="#?secret="+t,e.setAttribute("data-secret",t)),e.contentWindow.postMessage({message:"ready",secret:t},"*")},!1)))}(window,document);
//# sourceURL=https://proagrolab.com.ar/wp-includes/js/wp-embed.min.js
/* ]]> */
</script>

Por Cristian Mira. Fue el propio presidente de la Sociedad Rural Argentina (SRA), Luis Miguel Etchevehere, quien inclinó la balanza dentro de la comisión directiva de la entidad entre quienes sostenían que su discurso debía ser más político que gremial-agropecuario. Etchevehere se viene apoyando en un grupo de directores que está impulsando una renovación generacional de la SRA. Ese proceso comenzó durante la gestión de su antecesor inmediato, Hugo Luis Biolcati, y continúa desde que el ruralista de Entre Ríos fue elegido presidente de la SRA, en septiembre del año pasado. En ese grupo se cuentan el director de Acción Gremial, Martín Facundo Lisazo; el de Prensa, Martín Goldstein, y el de Relaciones Institucionales, Ricardo Smith Estrada. Fue Goldstein quien discutió con otros directores de la vieja guardia, más ligados a las asociaciones de criadores, sobre la necesidad de que las palabras del presidente de la SRA tuvieran un tono claramente político. Algunas fuentes aseguran que en una de las reuniones de la comisión directiva en la que se leyó el discurso del presidente de la entidad para su aprobación, ante las objeciones sobre la dureza de las palabras, hubo un pase de facturas. &#8220;Ustedes no estuvieron cuando hubo que [&hellip;]
