{"version":"1.0","provider_name":"Proagro","provider_url":"https:\/\/proagrolab.com.ar\/en","title":"Tambos: piden cita con Capitanich. | Proagro","type":"rich","width":600,"height":338,"html":"<blockquote class=\"wp-embedded-content\" data-secret=\"qty6Dv6YXO\"><a href=\"https:\/\/proagrolab.com.ar\/en\/tambos-piden-cita-con-capitanich\/\">Tambos: piden cita con Capitanich.<\/a><\/blockquote><iframe sandbox=\"allow-scripts\" security=\"restricted\" src=\"https:\/\/proagrolab.com.ar\/en\/tambos-piden-cita-con-capitanich\/embed\/#?secret=qty6Dv6YXO\" width=\"600\" height=\"338\" title=\"&#8220;Tambos: piden cita con Capitanich.&#8221; &#8212; Proagro\" data-secret=\"qty6Dv6YXO\" frameborder=\"0\" marginwidth=\"0\" marginheight=\"0\" scrolling=\"no\" class=\"wp-embedded-content\"><\/iframe><script type=\"text\/javascript\">\n\/* <![CDATA[ *\/\n\/*! This file is auto-generated *\/\n!function(d,l){\"use strict\";l.querySelector&&d.addEventListener&&\"undefined\"!=typeof URL&&(d.wp=d.wp||{},d.wp.receiveEmbedMessage||(d.wp.receiveEmbedMessage=function(e){var t=e.data;if((t||t.secret||t.message||t.value)&&!\/[^a-zA-Z0-9]\/.test(t.secret)){for(var s,r,n,a=l.querySelectorAll('iframe[data-secret=\"'+t.secret+'\"]'),o=l.querySelectorAll('blockquote[data-secret=\"'+t.secret+'\"]'),c=new RegExp(\"^https?:$\",\"i\"),i=0;i<o.length;i++)o[i].style.display=\"none\";for(i=0;i<a.length;i++)s=a[i],e.source===s.contentWindow&&(s.removeAttribute(\"style\"),\"height\"===t.message?(1e3<(r=parseInt(t.value,10))?r=1e3:~~r<200&&(r=200),s.height=r):\"link\"===t.message&&(r=new URL(s.getAttribute(\"src\")),n=new URL(t.value),c.test(n.protocol))&&n.host===r.host&&l.activeElement===s&&(d.top.location.href=t.value))}},d.addEventListener(\"message\",d.wp.receiveEmbedMessage,!1),l.addEventListener(\"DOMContentLoaded\",function(){for(var e,t,s=l.querySelectorAll(\"iframe.wp-embedded-content\"),r=0;r<s.length;r++)(t=(e=s[r]).getAttribute(\"data-secret\"))||(t=Math.random().toString(36).substring(2,12),e.src+=\"#?secret=\"+t,e.setAttribute(\"data-secret\",t)),e.contentWindow.postMessage({message:\"ready\",secret:t},\"*\")},!1)))}(window,document);\n\/\/# sourceURL=https:\/\/proagrolab.com.ar\/wp-includes\/js\/wp-embed.min.js\n\/* ]]> *\/\n<\/script>\n","thumbnail_url":"https:\/\/proagrolab.com.ar\/wp-content\/uploads\/2015\/01\/g_sh1apqd6i__Lecheras-19.jpg","thumbnail_width":450,"thumbnail_height":208,"description":"La Mesa Nacional de Productores de Leche advirti\u00f3 que las gestiones realizadas ante el Ministerio de Agricultura de la Naci\u00f3n para obtener apoyo econ\u00f3mico-financiero y modificaciones en las pol\u00edticas para la actividad \u0093no han tenido los resultados esperados\u0094. La Mesa Nacional de Productores de Leche advirti\u00f3 que las gestiones realizadas ante el Ministerio de Agricultura de la Naci\u00f3n para obtener apoyo econ\u00f3mico-financiero y modificaciones en las pol\u00edticas para la actividad \u0093no han tenido los resultados esperados\u0094. En un comunicado bajo el t\u00edtulo \u0093Preparando las exequias\u0094, la agrupaci\u00f3n inform\u00f3 que en la reuni\u00f3n del 27 de mayo \u00faltimo se inform\u00f3 que las gestiones en marcha con distintas instituciones bancarias provinciales, s\u00f3lo abarcan a los tambos en situaci\u00f3n de emergencia clim\u00e1tica, pero con tasas y plazos incompatibles con la situaci\u00f3n que transitan y la deficitaria actividad. Ello motiv\u00f3 que los referentes de la producci\u00f3n le solicitaran al ministro Carlos Casamiquela que concrete una reuni\u00f3n con el jefe de Gabinete, Jorge Capitanich, y con el ministro de Econom\u00eda de la Naci\u00f3n, Axel Kicillof. La mesa lechera tambi\u00e9n refiri\u00f3 que fuentes confiables se\u00f1alan que la Secretar\u00eda de Comercio Interior estar\u00eda exigiendo, dentro de su programa de control de precios, que se fije el valor [&hellip;]"}

La Mesa Nacional de Productores de Leche advirtió que las gestiones realizadas ante el Ministerio de Agricultura de la Nación para obtener apoyo económico-financiero y modificaciones en las políticas para la actividad no han tenido los resultados esperados. La Mesa Nacional de Productores de Leche advirtió que las gestiones realizadas ante el Ministerio de Agricultura de la Nación para obtener apoyo económico-financiero y modificaciones en las políticas para la actividad no han tenido los resultados esperados. En un comunicado bajo el título Preparando las exequias, la agrupación informó que en la reunión del 27 de mayo último se informó que las gestiones en marcha con distintas instituciones bancarias provinciales, sólo abarcan a los tambos en situación de emergencia climática, pero con tasas y plazos incompatibles con la situación que transitan y la deficitaria actividad. Ello motivó que los referentes de la producción le solicitaran al ministro Carlos Casamiquela que concrete una reunión con el jefe de Gabinete, Jorge Capitanich, y con el ministro de Economía de la Nación, Axel Kicillof. La mesa lechera también refirió que fuentes confiables señalan que la Secretaría de Comercio Interior estaría exigiendo, dentro de su programa de control de precios, que se fije el valor [&hellip;]
