{"version":"1.0","provider_name":"Proagro","provider_url":"https:\/\/proagrolab.com.ar\/en","title":"Recomendaciones para prevenir el estr\u00e9s t\u00e9rmico en bovinos | Proagro","type":"rich","width":600,"height":338,"html":"<blockquote class=\"wp-embedded-content\" data-secret=\"YcLVNsjXFP\"><a href=\"https:\/\/proagrolab.com.ar\/en\/recomendaciones-para-prevenir-el-estres-termico-en-bovinos\/\">Recomendaciones para prevenir el estr\u00e9s t\u00e9rmico en bovinos<\/a><\/blockquote><iframe sandbox=\"allow-scripts\" security=\"restricted\" src=\"https:\/\/proagrolab.com.ar\/en\/recomendaciones-para-prevenir-el-estres-termico-en-bovinos\/embed\/#?secret=YcLVNsjXFP\" width=\"600\" height=\"338\" title=\"&#8220;Recomendaciones para prevenir el estr\u00e9s t\u00e9rmico en bovinos&#8221; &#8212; Proagro\" data-secret=\"YcLVNsjXFP\" frameborder=\"0\" marginwidth=\"0\" marginheight=\"0\" scrolling=\"no\" class=\"wp-embedded-content\"><\/iframe><script type=\"text\/javascript\">\n\/* <![CDATA[ *\/\n\/*! This file is auto-generated *\/\n!function(d,l){\"use strict\";l.querySelector&&d.addEventListener&&\"undefined\"!=typeof URL&&(d.wp=d.wp||{},d.wp.receiveEmbedMessage||(d.wp.receiveEmbedMessage=function(e){var t=e.data;if((t||t.secret||t.message||t.value)&&!\/[^a-zA-Z0-9]\/.test(t.secret)){for(var s,r,n,a=l.querySelectorAll('iframe[data-secret=\"'+t.secret+'\"]'),o=l.querySelectorAll('blockquote[data-secret=\"'+t.secret+'\"]'),c=new RegExp(\"^https?:$\",\"i\"),i=0;i<o.length;i++)o[i].style.display=\"none\";for(i=0;i<a.length;i++)s=a[i],e.source===s.contentWindow&&(s.removeAttribute(\"style\"),\"height\"===t.message?(1e3<(r=parseInt(t.value,10))?r=1e3:~~r<200&&(r=200),s.height=r):\"link\"===t.message&&(r=new URL(s.getAttribute(\"src\")),n=new URL(t.value),c.test(n.protocol))&&n.host===r.host&&l.activeElement===s&&(d.top.location.href=t.value))}},d.addEventListener(\"message\",d.wp.receiveEmbedMessage,!1),l.addEventListener(\"DOMContentLoaded\",function(){for(var e,t,s=l.querySelectorAll(\"iframe.wp-embedded-content\"),r=0;r<s.length;r++)(t=(e=s[r]).getAttribute(\"data-secret\"))||(t=Math.random().toString(36).substring(2,12),e.src+=\"#?secret=\"+t,e.setAttribute(\"data-secret\",t)),e.contentWindow.postMessage({message:\"ready\",secret:t},\"*\")},!1)))}(window,document);\n\/\/# sourceURL=https:\/\/proagrolab.com.ar\/wp-includes\/js\/wp-embed.min.js\n\/* ]]> *\/\n<\/script>\n","thumbnail_url":"https:\/\/proagrolab.com.ar\/wp-content\/uploads\/2024\/01\/Banner2.jpg","thumbnail_width":733,"thumbnail_height":303,"description":"Ante la \u00e9poca de altas temperaturas, el\u00a0Servicio Nacional de Sanidad y Calidad Agroalimentaria (Senasa)\u00a0recomienda a todos los productores pecuarios del pa\u00eds adoptar\u00a0medidas preventivas para minimizar los efectos del estr\u00e9s cal\u00f3rico en los animales. Se denomina estr\u00e9s cal\u00f3rico al conjunto de cambios fisiol\u00f3gicos y comportamentales que se desencadenan en los animales cuando son sometidos a condiciones ambientales que superan su temperatura de confort o zona termoneutral y son incapaces de regular su temperatura interna. Ante esta situaci\u00f3n los animales tienden a: Reducir\u00a0la actividad f\u00edsica. Aumentar\u00a0la frecuencia respiratoria. Reducir\u00a0el consumo de alimento. Aumentar\u00a0el consumo de agua. Buscar\u00a0sombra. Aumentar\u00a0el jadeo y la salivaci\u00f3n. Adem\u00e1s de su impacto negativo para el bienestar animal, el estr\u00e9s por calor puede producir: Disminuci\u00f3n\u00a0en el consumo de alimento y la eficiencia alimenticia. P\u00e9rdida\u00a0de peso y de condici\u00f3n corporal. Deterioro\u00a0del desempe\u00f1o y los \u00edndices reproductivos. Aumento\u00a0del riesgo de enfermedades. Incremento\u00a0de la tasa de mortalidad. Medidas a tomar en cuenta Factores propios del animal -tales como edad, color y largo del pelo- influyen en la susceptibilidad al estr\u00e9s cal\u00f3rico.\u00a0 El Senasa recuerda que los animales m\u00e1s perjudicados son los que acumulan m\u00e1s nivel de grasa corporal y que los animales de pelaje negro y en etapas de terminaci\u00f3n son los [&hellip;]"}

Recomendaciones para prevenir el estrés térmico en bovinos | Proagro

<blockquote class="wp-embedded-content" data-secret="YcLVNsjXFP"><a href="https://proagrolab.com.ar/en/recomendaciones-para-prevenir-el-estres-termico-en-bovinos/">Recomendaciones para prevenir el estrés térmico en bovinos</a></blockquote><iframe sandbox="allow-scripts" security="restricted" src="https://proagrolab.com.ar/en/recomendaciones-para-prevenir-el-estres-termico-en-bovinos/embed/#?secret=YcLVNsjXFP" width="600" height="338" title="&#8220;Recomendaciones para prevenir el estrés térmico en bovinos&#8221; &#8212; Proagro" data-secret="YcLVNsjXFP" frameborder="0" marginwidth="0" marginheight="0" scrolling="no" class="wp-embedded-content"></iframe><script type="text/javascript">
/* <![CDATA[ */
/*! This file is auto-generated */
!function(d,l){"use strict";l.querySelector&&d.addEventListener&&"undefined"!=typeof URL&&(d.wp=d.wp||{},d.wp.receiveEmbedMessage||(d.wp.receiveEmbedMessage=function(e){var t=e.data;if((t||t.secret||t.message||t.value)&&!/[^a-zA-Z0-9]/.test(t.secret)){for(var s,r,n,a=l.querySelectorAll('iframe[data-secret="'+t.secret+'"]'),o=l.querySelectorAll('blockquote[data-secret="'+t.secret+'"]'),c=new RegExp("^https?:$","i"),i=0;i<o.length;i++)o[i].style.display="none";for(i=0;i<a.length;i++)s=a[i],e.source===s.contentWindow&&(s.removeAttribute("style"),"height"===t.message?(1e3<(r=parseInt(t.value,10))?r=1e3:~~r<200&&(r=200),s.height=r):"link"===t.message&&(r=new URL(s.getAttribute("src")),n=new URL(t.value),c.test(n.protocol))&&n.host===r.host&&l.activeElement===s&&(d.top.location.href=t.value))}},d.addEventListener("message",d.wp.receiveEmbedMessage,!1),l.addEventListener("DOMContentLoaded",function(){for(var e,t,s=l.querySelectorAll("iframe.wp-embedded-content"),r=0;r<s.length;r++)(t=(e=s[r]).getAttribute("data-secret"))||(t=Math.random().toString(36).substring(2,12),e.src+="#?secret="+t,e.setAttribute("data-secret",t)),e.contentWindow.postMessage({message:"ready",secret:t},"*")},!1)))}(window,document);
//# sourceURL=https://proagrolab.com.ar/wp-includes/js/wp-embed.min.js
/* ]]> */
</script>

Ante la época de altas temperaturas, el Servicio Nacional de Sanidad y Calidad Agroalimentaria (Senasa) recomienda a todos los productores pecuarios del país adoptar medidas preventivas para minimizar los efectos del estrés calórico en los animales. Se denomina estrés calórico al conjunto de cambios fisiológicos y comportamentales que se desencadenan en los animales cuando son sometidos a condiciones ambientales que superan su temperatura de confort o zona termoneutral y son incapaces de regular su temperatura interna. Ante esta situación los animales tienden a: Reducir la actividad física. Aumentar la frecuencia respiratoria. Reducir el consumo de alimento. Aumentar el consumo de agua. Buscar sombra. Aumentar el jadeo y la salivación. Además de su impacto negativo para el bienestar animal, el estrés por calor puede producir: Disminución en el consumo de alimento y la eficiencia alimenticia. Pérdida de peso y de condición corporal. Deterioro del desempeño y los índices reproductivos. Aumento del riesgo de enfermedades. Incremento de la tasa de mortalidad. Medidas a tomar en cuenta Factores propios del animal -tales como edad, color y largo del pelo- influyen en la susceptibilidad al estrés calórico.  El Senasa recuerda que los animales más perjudicados son los que acumulan más nivel de grasa corporal y que los animales de pelaje negro y en etapas de terminación son los [&hellip;]
