{"version":"1.0","provider_name":"Proagro","provider_url":"https:\/\/proagrolab.com.ar\/en","title":"Proagro presente en el Congreso CRA 2014. | Proagro","type":"rich","width":600,"height":338,"html":"<blockquote class=\"wp-embedded-content\" data-secret=\"eGwTR1sBur\"><a href=\"https:\/\/proagrolab.com.ar\/en\/proagro-presente-en-el-congreso-cra-2014\/\">Proagro presente en el Congreso CRA 2014.<\/a><\/blockquote><iframe sandbox=\"allow-scripts\" security=\"restricted\" src=\"https:\/\/proagrolab.com.ar\/en\/proagro-presente-en-el-congreso-cra-2014\/embed\/#?secret=eGwTR1sBur\" width=\"600\" height=\"338\" title=\"&#8220;Proagro presente en el Congreso CRA 2014.&#8221; &#8212; Proagro\" data-secret=\"eGwTR1sBur\" frameborder=\"0\" marginwidth=\"0\" marginheight=\"0\" scrolling=\"no\" class=\"wp-embedded-content\"><\/iframe><script type=\"text\/javascript\">\n\/* <![CDATA[ *\/\n\/*! This file is auto-generated *\/\n!function(d,l){\"use strict\";l.querySelector&&d.addEventListener&&\"undefined\"!=typeof URL&&(d.wp=d.wp||{},d.wp.receiveEmbedMessage||(d.wp.receiveEmbedMessage=function(e){var t=e.data;if((t||t.secret||t.message||t.value)&&!\/[^a-zA-Z0-9]\/.test(t.secret)){for(var s,r,n,a=l.querySelectorAll('iframe[data-secret=\"'+t.secret+'\"]'),o=l.querySelectorAll('blockquote[data-secret=\"'+t.secret+'\"]'),c=new RegExp(\"^https?:$\",\"i\"),i=0;i<o.length;i++)o[i].style.display=\"none\";for(i=0;i<a.length;i++)s=a[i],e.source===s.contentWindow&&(s.removeAttribute(\"style\"),\"height\"===t.message?(1e3<(r=parseInt(t.value,10))?r=1e3:~~r<200&&(r=200),s.height=r):\"link\"===t.message&&(r=new URL(s.getAttribute(\"src\")),n=new URL(t.value),c.test(n.protocol))&&n.host===r.host&&l.activeElement===s&&(d.top.location.href=t.value))}},d.addEventListener(\"message\",d.wp.receiveEmbedMessage,!1),l.addEventListener(\"DOMContentLoaded\",function(){for(var e,t,s=l.querySelectorAll(\"iframe.wp-embedded-content\"),r=0;r<s.length;r++)(t=(e=s[r]).getAttribute(\"data-secret\"))||(t=Math.random().toString(36).substring(2,12),e.src+=\"#?secret=\"+t,e.setAttribute(\"data-secret\",t)),e.contentWindow.postMessage({message:\"ready\",secret:t},\"*\")},!1)))}(window,document);\n\/\/# sourceURL=https:\/\/proagrolab.com.ar\/wp-includes\/js\/wp-embed.min.js\n\/* ]]> *\/\n<\/script>\n","thumbnail_url":"https:\/\/proagrolab.com.ar\/wp-content\/uploads\/2015\/01\/g_4pwit9srs__es_cra.jpg","thumbnail_width":450,"thumbnail_height":208,"description":"La lluvia no fue impedimento para que el Congreso de Confederaciones Rurales Argentinas comience con todo en la hermosa ciudad entrerriana de Gualeguaych\u00fa. Por la ma\u00f1ana, en el teatro de la ciudad, se realiz\u00f3 la presentaci\u00f3n a cargo de las autoridades de CRA y del intendente de la ciudad. Por la tarde, y bajo una intensa lluvia, comenz\u00f3 el ciclo de charlas donde m\u00e1s de 500 personas de todo el pa\u00eds dieron su presente. Tuvimos la oportunidad de hablar con directivos de Sociedades Rurales pertenecientes a CRA y atene\u00edstas de todo el pa\u00eds quienes se mostraron muy contentos por la participaci\u00f3n en el congreso y esperanzados en que el campo tiene un futuro brillante.Para ver algunas fotos del evento click aqu\u00ed"}

La lluvia no fue impedimento para que el Congreso de Confederaciones Rurales Argentinas comience con todo en la hermosa ciudad entrerriana de Gualeguaychú. Por la mañana, en el teatro de la ciudad, se realizó la presentación a cargo de las autoridades de CRA y del intendente de la ciudad. Por la tarde, y bajo una intensa lluvia, comenzó el ciclo de charlas donde más de 500 personas de todo el país dieron su presente. Tuvimos la oportunidad de hablar con directivos de Sociedades Rurales pertenecientes a CRA y ateneístas de todo el país quienes se mostraron muy contentos por la participación en el congreso y esperanzados en que el campo tiene un futuro brillante.Para ver algunas fotos del evento click aquí
