{"version":"1.0","provider_name":"Proagro","provider_url":"https:\/\/proagrolab.com.ar\/en","title":"Primeras Jornadas Entrerrianas de Actualizaci\u00f3n Veterinaria. | Proagro","type":"rich","width":600,"height":338,"html":"<blockquote class=\"wp-embedded-content\" data-secret=\"pBW8Y5inVs\"><a href=\"https:\/\/proagrolab.com.ar\/en\/primeras-jornadas-entrerrianas-de-actualizacion-veterinaria\/\">Primeras Jornadas Entrerrianas de Actualizaci\u00f3n Veterinaria.<\/a><\/blockquote><iframe sandbox=\"allow-scripts\" security=\"restricted\" src=\"https:\/\/proagrolab.com.ar\/en\/primeras-jornadas-entrerrianas-de-actualizacion-veterinaria\/embed\/#?secret=pBW8Y5inVs\" width=\"600\" height=\"338\" title=\"&#8220;Primeras Jornadas Entrerrianas de Actualizaci\u00f3n Veterinaria.&#8221; &#8212; Proagro\" data-secret=\"pBW8Y5inVs\" frameborder=\"0\" marginwidth=\"0\" marginheight=\"0\" scrolling=\"no\" class=\"wp-embedded-content\"><\/iframe><script type=\"text\/javascript\">\n\/* <![CDATA[ *\/\n\/*! This file is auto-generated *\/\n!function(d,l){\"use strict\";l.querySelector&&d.addEventListener&&\"undefined\"!=typeof URL&&(d.wp=d.wp||{},d.wp.receiveEmbedMessage||(d.wp.receiveEmbedMessage=function(e){var t=e.data;if((t||t.secret||t.message||t.value)&&!\/[^a-zA-Z0-9]\/.test(t.secret)){for(var s,r,n,a=l.querySelectorAll('iframe[data-secret=\"'+t.secret+'\"]'),o=l.querySelectorAll('blockquote[data-secret=\"'+t.secret+'\"]'),c=new RegExp(\"^https?:$\",\"i\"),i=0;i<o.length;i++)o[i].style.display=\"none\";for(i=0;i<a.length;i++)s=a[i],e.source===s.contentWindow&&(s.removeAttribute(\"style\"),\"height\"===t.message?(1e3<(r=parseInt(t.value,10))?r=1e3:~~r<200&&(r=200),s.height=r):\"link\"===t.message&&(r=new URL(s.getAttribute(\"src\")),n=new URL(t.value),c.test(n.protocol))&&n.host===r.host&&l.activeElement===s&&(d.top.location.href=t.value))}},d.addEventListener(\"message\",d.wp.receiveEmbedMessage,!1),l.addEventListener(\"DOMContentLoaded\",function(){for(var e,t,s=l.querySelectorAll(\"iframe.wp-embedded-content\"),r=0;r<s.length;r++)(t=(e=s[r]).getAttribute(\"data-secret\"))||(t=Math.random().toString(36).substring(2,12),e.src+=\"#?secret=\"+t,e.setAttribute(\"data-secret\",t)),e.contentWindow.postMessage({message:\"ready\",secret:t},\"*\")},!1)))}(window,document);\n\/\/# sourceURL=https:\/\/proagrolab.com.ar\/wp-includes\/js\/wp-embed.min.js\n\/* ]]> *\/\n<\/script>\n","thumbnail_url":"https:\/\/proagrolab.com.ar\/wp-content\/uploads\/2015\/01\/g_wzuaim48e__Jornadas-veterinarias-Entre-Rios.jpg","thumbnail_width":450,"thumbnail_height":208,"description":"Paran\u00e1 sede de las primeras Jornadas Entrerrianas de Actualizaci\u00f3n Veterinaria.Durante los d\u00edas 10 y 11 de octubre de 2014, el Colegio de M\u00e9dicos Veterinarios de Entre R\u00edos junto a Vet Comunicaciones celebrar\u00e1 las Jornadas Entrerrianas de Actualizaci\u00f3n Veterinaria. El programa tiene estipulado durante el primer d\u00eda abordar toda la tem\u00e1tica inherente a animales de compa\u00f1\u00eda y mientras que&nbsp; la segunda jornada ser\u00e1 dedicada exclusivamente a animales de producci\u00f3n. El Pte del Colegio el Dr. Juan Durand en di\u00e1logo con Mundo Rural puntualiz\u00f3 que el evento, es el primero en su tipo organizado por la instituci\u00f3n&nbsp; y se desarrollar\u00e1 en el Centro Cultural Juan L. Ortiz en la capital entrerriana. Durand destac\u00f3 fundamentalmente que en la segunda jornada dedicada a los grandes animales&nbsp; se van a desarrollar&nbsp; temas relacionados con la nutrici\u00f3n, el bienestar animal,&nbsp; la actividad porcina, y a la resistencia a los antibi\u00f3ticos, entre otros . Son jornadas dirigidas a profesionales y estudiantes avanzados de veterinaria y las inscripciones ya se encuentra abiertas. Programa de las dos jornadas Animales de Compa\u00f1\u00edaD\u00eda 10 de octubre8:00 Acreditaci\u00f3n 9:00 \u0096 10:30 Alejandro Paludi. Tema: \u0093Como abordar un paciente felino cuyo signo es la anorexia?\u0094 10:30 a 11:00: Break 11:00 -12:30: Carlos Imparato. [&hellip;]"}

Primeras Jornadas Entrerrianas de Actualización Veterinaria. | Proagro

<blockquote class="wp-embedded-content" data-secret="pBW8Y5inVs"><a href="https://proagrolab.com.ar/en/primeras-jornadas-entrerrianas-de-actualizacion-veterinaria/">Primeras Jornadas Entrerrianas de Actualización Veterinaria.</a></blockquote><iframe sandbox="allow-scripts" security="restricted" src="https://proagrolab.com.ar/en/primeras-jornadas-entrerrianas-de-actualizacion-veterinaria/embed/#?secret=pBW8Y5inVs" width="600" height="338" title="&#8220;Primeras Jornadas Entrerrianas de Actualización Veterinaria.&#8221; &#8212; Proagro" data-secret="pBW8Y5inVs" frameborder="0" marginwidth="0" marginheight="0" scrolling="no" class="wp-embedded-content"></iframe><script type="text/javascript">
/* <![CDATA[ */
/*! This file is auto-generated */
!function(d,l){"use strict";l.querySelector&&d.addEventListener&&"undefined"!=typeof URL&&(d.wp=d.wp||{},d.wp.receiveEmbedMessage||(d.wp.receiveEmbedMessage=function(e){var t=e.data;if((t||t.secret||t.message||t.value)&&!/[^a-zA-Z0-9]/.test(t.secret)){for(var s,r,n,a=l.querySelectorAll('iframe[data-secret="'+t.secret+'"]'),o=l.querySelectorAll('blockquote[data-secret="'+t.secret+'"]'),c=new RegExp("^https?:$","i"),i=0;i<o.length;i++)o[i].style.display="none";for(i=0;i<a.length;i++)s=a[i],e.source===s.contentWindow&&(s.removeAttribute("style"),"height"===t.message?(1e3<(r=parseInt(t.value,10))?r=1e3:~~r<200&&(r=200),s.height=r):"link"===t.message&&(r=new URL(s.getAttribute("src")),n=new URL(t.value),c.test(n.protocol))&&n.host===r.host&&l.activeElement===s&&(d.top.location.href=t.value))}},d.addEventListener("message",d.wp.receiveEmbedMessage,!1),l.addEventListener("DOMContentLoaded",function(){for(var e,t,s=l.querySelectorAll("iframe.wp-embedded-content"),r=0;r<s.length;r++)(t=(e=s[r]).getAttribute("data-secret"))||(t=Math.random().toString(36).substring(2,12),e.src+="#?secret="+t,e.setAttribute("data-secret",t)),e.contentWindow.postMessage({message:"ready",secret:t},"*")},!1)))}(window,document);
//# sourceURL=https://proagrolab.com.ar/wp-includes/js/wp-embed.min.js
/* ]]> */
</script>

Paraná sede de las primeras Jornadas Entrerrianas de Actualización Veterinaria.Durante los días 10 y 11 de octubre de 2014, el Colegio de Médicos Veterinarios de Entre Ríos junto a Vet Comunicaciones celebrará las Jornadas Entrerrianas de Actualización Veterinaria. El programa tiene estipulado durante el primer día abordar toda la temática inherente a animales de compañía y mientras que&nbsp; la segunda jornada será dedicada exclusivamente a animales de producción. El Pte del Colegio el Dr. Juan Durand en diálogo con Mundo Rural puntualizó que el evento, es el primero en su tipo organizado por la institución&nbsp; y se desarrollará en el Centro Cultural Juan L. Ortiz en la capital entrerriana. Durand destacó fundamentalmente que en la segunda jornada dedicada a los grandes animales&nbsp; se van a desarrollar&nbsp; temas relacionados con la nutrición, el bienestar animal,&nbsp; la actividad porcina, y a la resistencia a los antibióticos, entre otros . Son jornadas dirigidas a profesionales y estudiantes avanzados de veterinaria y las inscripciones ya se encuentra abiertas. Programa de las dos jornadas Animales de CompañíaDía 10 de octubre8:00 Acreditación 9:00  10:30 Alejandro Paludi. Tema: Como abordar un paciente felino cuyo signo es la anorexia? 10:30 a 11:00: Break 11:00 -12:30: Carlos Imparato. [&hellip;]
