{"version":"1.0","provider_name":"Proagro","provider_url":"https:\/\/proagrolab.com.ar\/en","title":"Postergan una nueva baja en la leche | Proagro","type":"rich","width":600,"height":338,"html":"<blockquote class=\"wp-embedded-content\" data-secret=\"LTlbHszDAj\"><a href=\"https:\/\/proagrolab.com.ar\/en\/postergan-una-nueva-baja-en-la-leche\/\">Postergan una nueva baja en la leche<\/a><\/blockquote><iframe sandbox=\"allow-scripts\" security=\"restricted\" src=\"https:\/\/proagrolab.com.ar\/en\/postergan-una-nueva-baja-en-la-leche\/embed\/#?secret=LTlbHszDAj\" width=\"600\" height=\"338\" title=\"&#8220;Postergan una nueva baja en la leche&#8221; &#8212; Proagro\" data-secret=\"LTlbHszDAj\" frameborder=\"0\" marginwidth=\"0\" marginheight=\"0\" scrolling=\"no\" class=\"wp-embedded-content\"><\/iframe><script type=\"text\/javascript\">\n\/* <![CDATA[ *\/\n\/*! This file is auto-generated *\/\n!function(d,l){\"use strict\";l.querySelector&&d.addEventListener&&\"undefined\"!=typeof URL&&(d.wp=d.wp||{},d.wp.receiveEmbedMessage||(d.wp.receiveEmbedMessage=function(e){var t=e.data;if((t||t.secret||t.message||t.value)&&!\/[^a-zA-Z0-9]\/.test(t.secret)){for(var s,r,n,a=l.querySelectorAll('iframe[data-secret=\"'+t.secret+'\"]'),o=l.querySelectorAll('blockquote[data-secret=\"'+t.secret+'\"]'),c=new RegExp(\"^https?:$\",\"i\"),i=0;i<o.length;i++)o[i].style.display=\"none\";for(i=0;i<a.length;i++)s=a[i],e.source===s.contentWindow&&(s.removeAttribute(\"style\"),\"height\"===t.message?(1e3<(r=parseInt(t.value,10))?r=1e3:~~r<200&&(r=200),s.height=r):\"link\"===t.message&&(r=new URL(s.getAttribute(\"src\")),n=new URL(t.value),c.test(n.protocol))&&n.host===r.host&&l.activeElement===s&&(d.top.location.href=t.value))}},d.addEventListener(\"message\",d.wp.receiveEmbedMessage,!1),l.addEventListener(\"DOMContentLoaded\",function(){for(var e,t,s=l.querySelectorAll(\"iframe.wp-embedded-content\"),r=0;r<s.length;r++)(t=(e=s[r]).getAttribute(\"data-secret\"))||(t=Math.random().toString(36).substring(2,12),e.src+=\"#?secret=\"+t,e.setAttribute(\"data-secret\",t)),e.contentWindow.postMessage({message:\"ready\",secret:t},\"*\")},!1)))}(window,document);\n\/\/# sourceURL=https:\/\/proagrolab.com.ar\/wp-includes\/js\/wp-embed.min.js\n\/* ]]> *\/\n<\/script>\n","thumbnail_url":"https:\/\/proagrolab.com.ar\/wp-content\/uploads\/2015\/08\/Lecher\u00eda.jpg","thumbnail_width":1100,"thumbnail_height":400,"description":"El Gobierno logr\u00f3 imponer que el sector postergue por unos d\u00edas el pago a los productores por la leche producida en julio pasado.\u00a0Las industrias frenaron pagos a los tamberos hasta el martes. Por Fernando Bertello | Diario La Naci\u00f3n. El Gobierno descart\u00f3 por el momento la aplicaci\u00f3n de la ley de abastecimiento para la industria lechera, pero logr\u00f3 imponer que el sector postergue por unos d\u00edas el pago a los productores por la leche producida en julio pasado, que pensaba liquidar con nuevas bajas de precios. Ayer, en el marco de una mesa t\u00e9cnica y pol\u00edtica para la lecher\u00eda que se conform\u00f3 en el \u00e1mbito de la Secretar\u00eda de Comercio, el subsecretario de Comercio, Ariel Langer, no trat\u00f3 la implementaci\u00f3n de la ley de abastecimiento, como hab\u00eda trascendido. Sin embargo, le arranc\u00f3 una tregua al sector industrial. Consigui\u00f3 que frene la impresi\u00f3n de las liquidaciones de julio y que las deje sin efecto si ya lo hab\u00eda hecho. &#8220;Para las liquidaciones de julio, que suelen salir del 7 al 10, se va a esperar al 11&#8243;, se\u00f1al\u00f3 Mariano Vidal, representante de la Asociaci\u00f3n de Productores Lecheros Argentinos (APLA). Ese d\u00eda habr\u00e1 un nuevo encuentro y deber\u00eda salir una &#8220;resoluci\u00f3n en [&hellip;]"}

https://proagrolab.com.ar/wp-content/uploads/2015/08/Lechería.jpg

El Gobierno logró imponer que el sector postergue por unos días el pago a los productores por la leche producida en julio pasado. Las industrias frenaron pagos a los tamberos hasta el martes. Por Fernando Bertello | Diario La Nación. El Gobierno descartó por el momento la aplicación de la ley de abastecimiento para la industria lechera, pero logró imponer que el sector postergue por unos días el pago a los productores por la leche producida en julio pasado, que pensaba liquidar con nuevas bajas de precios. Ayer, en el marco de una mesa técnica y política para la lechería que se conformó en el ámbito de la Secretaría de Comercio, el subsecretario de Comercio, Ariel Langer, no trató la implementación de la ley de abastecimiento, como había trascendido. Sin embargo, le arrancó una tregua al sector industrial. Consiguió que frene la impresión de las liquidaciones de julio y que las deje sin efecto si ya lo había hecho. &#8220;Para las liquidaciones de julio, que suelen salir del 7 al 10, se va a esperar al 11&#8243;, señaló Mariano Vidal, representante de la Asociación de Productores Lecheros Argentinos (APLA). Ese día habrá un nuevo encuentro y debería salir una &#8220;resolución en [&hellip;]
