{"version":"1.0","provider_name":"Proagro","provider_url":"https:\/\/proagrolab.com.ar\/en","title":"Pol\u00edticas con fecha de vencimiento. | Proagro","type":"rich","width":600,"height":338,"html":"<blockquote class=\"wp-embedded-content\" data-secret=\"JrLNcoL9ir\"><a href=\"https:\/\/proagrolab.com.ar\/en\/politicas-con-fecha-de-vencimiento\/\">Pol\u00edticas con fecha de vencimiento.<\/a><\/blockquote><iframe sandbox=\"allow-scripts\" security=\"restricted\" src=\"https:\/\/proagrolab.com.ar\/en\/politicas-con-fecha-de-vencimiento\/embed\/#?secret=JrLNcoL9ir\" width=\"600\" height=\"338\" title=\"&#8220;Pol\u00edticas con fecha de vencimiento.&#8221; &#8212; Proagro\" data-secret=\"JrLNcoL9ir\" frameborder=\"0\" marginwidth=\"0\" marginheight=\"0\" scrolling=\"no\" class=\"wp-embedded-content\"><\/iframe><script type=\"text\/javascript\">\n\/* <![CDATA[ *\/\n\/*! This file is auto-generated *\/\n!function(d,l){\"use strict\";l.querySelector&&d.addEventListener&&\"undefined\"!=typeof URL&&(d.wp=d.wp||{},d.wp.receiveEmbedMessage||(d.wp.receiveEmbedMessage=function(e){var t=e.data;if((t||t.secret||t.message||t.value)&&!\/[^a-zA-Z0-9]\/.test(t.secret)){for(var s,r,n,a=l.querySelectorAll('iframe[data-secret=\"'+t.secret+'\"]'),o=l.querySelectorAll('blockquote[data-secret=\"'+t.secret+'\"]'),c=new RegExp(\"^https?:$\",\"i\"),i=0;i<o.length;i++)o[i].style.display=\"none\";for(i=0;i<a.length;i++)s=a[i],e.source===s.contentWindow&&(s.removeAttribute(\"style\"),\"height\"===t.message?(1e3<(r=parseInt(t.value,10))?r=1e3:~~r<200&&(r=200),s.height=r):\"link\"===t.message&&(r=new URL(s.getAttribute(\"src\")),n=new URL(t.value),c.test(n.protocol))&&n.host===r.host&&l.activeElement===s&&(d.top.location.href=t.value))}},d.addEventListener(\"message\",d.wp.receiveEmbedMessage,!1),l.addEventListener(\"DOMContentLoaded\",function(){for(var e,t,s=l.querySelectorAll(\"iframe.wp-embedded-content\"),r=0;r<s.length;r++)(t=(e=s[r]).getAttribute(\"data-secret\"))||(t=Math.random().toString(36).substring(2,12),e.src+=\"#?secret=\"+t,e.setAttribute(\"data-secret\",t)),e.contentWindow.postMessage({message:\"ready\",secret:t},\"*\")},!1)))}(window,document);\n\/\/# sourceURL=https:\/\/proagrolab.com.ar\/wp-includes\/js\/wp-embed.min.js\n\/* ]]> *\/\n<\/script>\n","thumbnail_url":"https:\/\/proagrolab.com.ar\/wp-content\/uploads\/2015\/01\/g_9btul67n4__Tonelli-2.jpg","thumbnail_width":450,"thumbnail_height":208,"description":"Por Lic. V\u00edctor Tonelli, Consultor en Ganader\u00eda Qu\u00e9 pasar\u00e1 con los precios de la hacienda a corto plazo y cu\u00e1les son las oportunidades que se vislumbran para la ternerada que hoy se est\u00e1 gestando y que llegar\u00e1 a faena con el pr\u00f3ximo Gobierno. Lea aqu\u00ed los puntos centrales de la charla que V\u00edctor Tonelli dio en Expoagro, invitado por el Rosgan. El incremento de precios del 35% en la invernada y del 45% en el gordo, registrado en los \u00faltimos 5 meses, frente a costos que no han ajustado m\u00e1s del 20%, durante ese lapso, le permiten a la ganader\u00eda arrancar este a\u00f1o bastante mejor que los dos anteriores. Pese a ello, se observa un fuerte desest\u00edmulo entre los productores como resultado de las p\u00e9simas se\u00f1ales que se vuelven a dar desde el Gobierno con las limitaciones a las exportaciones, la presiones a los supermercados en el Mercado de Liniers, la vuelta de tuerca al r\u00e9gimen de las \u0093baratas\u0094 y toda la parafernalia desplegada en los \u00faltimos a\u00f1os y que termin\u00f3 diezmando el stock vacuno. La incertidumbre se vio agravada porque hace menos de dos meses el Ministro de Agricultura, Carlos Casamiquela, manifest\u00f3 p\u00fablicamente la intenci\u00f3n de incrementar la participaci\u00f3n [&hellip;]"}

Políticas con fecha de vencimiento. | Proagro

<blockquote class="wp-embedded-content" data-secret="JrLNcoL9ir"><a href="https://proagrolab.com.ar/en/politicas-con-fecha-de-vencimiento/">Políticas con fecha de vencimiento.</a></blockquote><iframe sandbox="allow-scripts" security="restricted" src="https://proagrolab.com.ar/en/politicas-con-fecha-de-vencimiento/embed/#?secret=JrLNcoL9ir" width="600" height="338" title="&#8220;Políticas con fecha de vencimiento.&#8221; &#8212; Proagro" data-secret="JrLNcoL9ir" frameborder="0" marginwidth="0" marginheight="0" scrolling="no" class="wp-embedded-content"></iframe><script type="text/javascript">
/* <![CDATA[ */
/*! This file is auto-generated */
!function(d,l){"use strict";l.querySelector&&d.addEventListener&&"undefined"!=typeof URL&&(d.wp=d.wp||{},d.wp.receiveEmbedMessage||(d.wp.receiveEmbedMessage=function(e){var t=e.data;if((t||t.secret||t.message||t.value)&&!/[^a-zA-Z0-9]/.test(t.secret)){for(var s,r,n,a=l.querySelectorAll('iframe[data-secret="'+t.secret+'"]'),o=l.querySelectorAll('blockquote[data-secret="'+t.secret+'"]'),c=new RegExp("^https?:$","i"),i=0;i<o.length;i++)o[i].style.display="none";for(i=0;i<a.length;i++)s=a[i],e.source===s.contentWindow&&(s.removeAttribute("style"),"height"===t.message?(1e3<(r=parseInt(t.value,10))?r=1e3:~~r<200&&(r=200),s.height=r):"link"===t.message&&(r=new URL(s.getAttribute("src")),n=new URL(t.value),c.test(n.protocol))&&n.host===r.host&&l.activeElement===s&&(d.top.location.href=t.value))}},d.addEventListener("message",d.wp.receiveEmbedMessage,!1),l.addEventListener("DOMContentLoaded",function(){for(var e,t,s=l.querySelectorAll("iframe.wp-embedded-content"),r=0;r<s.length;r++)(t=(e=s[r]).getAttribute("data-secret"))||(t=Math.random().toString(36).substring(2,12),e.src+="#?secret="+t,e.setAttribute("data-secret",t)),e.contentWindow.postMessage({message:"ready",secret:t},"*")},!1)))}(window,document);
//# sourceURL=https://proagrolab.com.ar/wp-includes/js/wp-embed.min.js
/* ]]> */
</script>

Por Lic. Víctor Tonelli, Consultor en Ganadería Qué pasará con los precios de la hacienda a corto plazo y cuáles son las oportunidades que se vislumbran para la ternerada que hoy se está gestando y que llegará a faena con el próximo Gobierno. Lea aquí los puntos centrales de la charla que Víctor Tonelli dio en Expoagro, invitado por el Rosgan. El incremento de precios del 35% en la invernada y del 45% en el gordo, registrado en los últimos 5 meses, frente a costos que no han ajustado más del 20%, durante ese lapso, le permiten a la ganadería arrancar este año bastante mejor que los dos anteriores. Pese a ello, se observa un fuerte desestímulo entre los productores como resultado de las pésimas señales que se vuelven a dar desde el Gobierno con las limitaciones a las exportaciones, la presiones a los supermercados en el Mercado de Liniers, la vuelta de tuerca al régimen de las baratas y toda la parafernalia desplegada en los últimos años y que terminó diezmando el stock vacuno. La incertidumbre se vio agravada porque hace menos de dos meses el Ministro de Agricultura, Carlos Casamiquela, manifestó públicamente la intención de incrementar la participación [&hellip;]
