{"version":"1.0","provider_name":"Proagro","provider_url":"https:\/\/proagrolab.com.ar\/en","title":"Piden tamberos que se quede un funcionario. | Proagro","type":"rich","width":600,"height":338,"html":"<blockquote class=\"wp-embedded-content\" data-secret=\"o4maGpTZUE\"><a href=\"https:\/\/proagrolab.com.ar\/en\/piden-tamberos-que-se-quede-un-funcionario\/\">Piden tamberos que se quede un funcionario.<\/a><\/blockquote><iframe sandbox=\"allow-scripts\" security=\"restricted\" src=\"https:\/\/proagrolab.com.ar\/en\/piden-tamberos-que-se-quede-un-funcionario\/embed\/#?secret=o4maGpTZUE\" width=\"600\" height=\"338\" title=\"&#8220;Piden tamberos que se quede un funcionario.&#8221; &#8212; Proagro\" data-secret=\"o4maGpTZUE\" frameborder=\"0\" marginwidth=\"0\" marginheight=\"0\" scrolling=\"no\" class=\"wp-embedded-content\"><\/iframe><script type=\"text\/javascript\">\n\/* <![CDATA[ *\/\n\/*! This file is auto-generated *\/\n!function(d,l){\"use strict\";l.querySelector&&d.addEventListener&&\"undefined\"!=typeof URL&&(d.wp=d.wp||{},d.wp.receiveEmbedMessage||(d.wp.receiveEmbedMessage=function(e){var t=e.data;if((t||t.secret||t.message||t.value)&&!\/[^a-zA-Z0-9]\/.test(t.secret)){for(var s,r,n,a=l.querySelectorAll('iframe[data-secret=\"'+t.secret+'\"]'),o=l.querySelectorAll('blockquote[data-secret=\"'+t.secret+'\"]'),c=new RegExp(\"^https?:$\",\"i\"),i=0;i<o.length;i++)o[i].style.display=\"none\";for(i=0;i<a.length;i++)s=a[i],e.source===s.contentWindow&&(s.removeAttribute(\"style\"),\"height\"===t.message?(1e3<(r=parseInt(t.value,10))?r=1e3:~~r<200&&(r=200),s.height=r):\"link\"===t.message&&(r=new URL(s.getAttribute(\"src\")),n=new URL(t.value),c.test(n.protocol))&&n.host===r.host&&l.activeElement===s&&(d.top.location.href=t.value))}},d.addEventListener(\"message\",d.wp.receiveEmbedMessage,!1),l.addEventListener(\"DOMContentLoaded\",function(){for(var e,t,s=l.querySelectorAll(\"iframe.wp-embedded-content\"),r=0;r<s.length;r++)(t=(e=s[r]).getAttribute(\"data-secret\"))||(t=Math.random().toString(36).substring(2,12),e.src+=\"#?secret=\"+t,e.setAttribute(\"data-secret\",t)),e.contentWindow.postMessage({message:\"ready\",secret:t},\"*\")},!1)))}(window,document);\n\/\/# sourceURL=https:\/\/proagrolab.com.ar\/wp-includes\/js\/wp-embed.min.js\n\/* ]]> *\/\n<\/script>\n","thumbnail_url":"https:\/\/proagrolab.com.ar\/wp-content\/uploads\/2015\/01\/g_rmv6dc8lf__Videla.jpg","thumbnail_width":450,"thumbnail_height":208,"description":"Por el reclamo de un grupo de productores K, Videla seguir\u00e1 en Lecher\u00eda. Por Fernando Bertello. Arturo Jorge Videla, ex productor lechero de Villa Mar\u00eda y subsecretario de Lecher\u00eda desde que, en 2009, se cre\u00f3 el Ministerio de Agricultura, logr\u00f3 el milagro: el viernes pasado, tras la llegada del nuevo ministro Carlos Casamiquela, estaba fuera de esa cartera, pero, repentinamente, despu\u00e9s se confirm\u00f3 su continuidad. Despedido en 2005 de la Subsecretar\u00eda de Ganader\u00eda de C\u00f3rdoba, con Jos\u00e9 Manuel de la Sota en la gobernaci\u00f3n, cuando estall\u00f3 un esc\u00e1ndalo por un cr\u00e9dito del Banco de C\u00f3rdoba que en ese momento supuestamente no ten\u00eda saldado, Videla lleg\u00f3 al Ministerio de Agricultura en 2009 con el ministro Juli\u00e1n Dom\u00ednguez. Ya en el cargo, trab\u00f3 un estrecho v\u00ednculo con un grupo de dirigentes tamberos de las provincias de C\u00f3rdoba, Santa Fe, La Pampa y Santiago del Estero cercanos al Gobierno y conocidos en el sector como los tamberos K. Precisamente de ese grupo surgi\u00f3 una especie de &#8220;operativo clamor&#8221; para que Videla no se fuera de Agricultura. Los dirigentes enviaron cartas a la presidenta Cristina Kirchner, al ministro Casamiquela y al jefe de Gabinete, Jorge Capitanich, para elogiar a Videla. El funcionario se recost\u00f3 [&hellip;]"}

Por el reclamo de un grupo de productores K, Videla seguirá en Lechería. Por Fernando Bertello. Arturo Jorge Videla, ex productor lechero de Villa María y subsecretario de Lechería desde que, en 2009, se creó el Ministerio de Agricultura, logró el milagro: el viernes pasado, tras la llegada del nuevo ministro Carlos Casamiquela, estaba fuera de esa cartera, pero, repentinamente, después se confirmó su continuidad. Despedido en 2005 de la Subsecretaría de Ganadería de Córdoba, con José Manuel de la Sota en la gobernación, cuando estalló un escándalo por un crédito del Banco de Córdoba que en ese momento supuestamente no tenía saldado, Videla llegó al Ministerio de Agricultura en 2009 con el ministro Julián Domínguez. Ya en el cargo, trabó un estrecho vínculo con un grupo de dirigentes tamberos de las provincias de Córdoba, Santa Fe, La Pampa y Santiago del Estero cercanos al Gobierno y conocidos en el sector como los tamberos K. Precisamente de ese grupo surgió una especie de &#8220;operativo clamor&#8221; para que Videla no se fuera de Agricultura. Los dirigentes enviaron cartas a la presidenta Cristina Kirchner, al ministro Casamiquela y al jefe de Gabinete, Jorge Capitanich, para elogiar a Videla. El funcionario se recostó [&hellip;]
