{"version":"1.0","provider_name":"Proagro","provider_url":"https:\/\/proagrolab.com.ar\/en","title":"Pensar en el invierno. | Proagro","type":"rich","width":600,"height":338,"html":"<blockquote class=\"wp-embedded-content\" data-secret=\"1pDrkGrTxA\"><a href=\"https:\/\/proagrolab.com.ar\/en\/pensar-en-el-invierno\/\">Pensar en el invierno.<\/a><\/blockquote><iframe sandbox=\"allow-scripts\" security=\"restricted\" src=\"https:\/\/proagrolab.com.ar\/en\/pensar-en-el-invierno\/embed\/#?secret=1pDrkGrTxA\" width=\"600\" height=\"338\" title=\"&#8220;Pensar en el invierno.&#8221; &#8212; Proagro\" data-secret=\"1pDrkGrTxA\" frameborder=\"0\" marginwidth=\"0\" marginheight=\"0\" scrolling=\"no\" class=\"wp-embedded-content\"><\/iframe><script type=\"text\/javascript\">\n\/* <![CDATA[ *\/\n\/*! This file is auto-generated *\/\n!function(d,l){\"use strict\";l.querySelector&&d.addEventListener&&\"undefined\"!=typeof URL&&(d.wp=d.wp||{},d.wp.receiveEmbedMessage||(d.wp.receiveEmbedMessage=function(e){var t=e.data;if((t||t.secret||t.message||t.value)&&!\/[^a-zA-Z0-9]\/.test(t.secret)){for(var s,r,n,a=l.querySelectorAll('iframe[data-secret=\"'+t.secret+'\"]'),o=l.querySelectorAll('blockquote[data-secret=\"'+t.secret+'\"]'),c=new RegExp(\"^https?:$\",\"i\"),i=0;i<o.length;i++)o[i].style.display=\"none\";for(i=0;i<a.length;i++)s=a[i],e.source===s.contentWindow&&(s.removeAttribute(\"style\"),\"height\"===t.message?(1e3<(r=parseInt(t.value,10))?r=1e3:~~r<200&&(r=200),s.height=r):\"link\"===t.message&&(r=new URL(s.getAttribute(\"src\")),n=new URL(t.value),c.test(n.protocol))&&n.host===r.host&&l.activeElement===s&&(d.top.location.href=t.value))}},d.addEventListener(\"message\",d.wp.receiveEmbedMessage,!1),l.addEventListener(\"DOMContentLoaded\",function(){for(var e,t,s=l.querySelectorAll(\"iframe.wp-embedded-content\"),r=0;r<s.length;r++)(t=(e=s[r]).getAttribute(\"data-secret\"))||(t=Math.random().toString(36).substring(2,12),e.src+=\"#?secret=\"+t,e.setAttribute(\"data-secret\",t)),e.contentWindow.postMessage({message:\"ready\",secret:t},\"*\")},!1)))}(window,document);\n\/\/# sourceURL=https:\/\/proagrolab.com.ar\/wp-includes\/js\/wp-embed.min.js\n\/* ]]> *\/\n<\/script>\n","thumbnail_url":"https:\/\/proagrolab.com.ar\/wp-content\/uploads\/2015\/01\/g_85y2m5wgd__Rayen-INtA.jpg","thumbnail_width":450,"thumbnail_height":208,"description":"Por INTA. Se present\u00f3 un verdeo multiprop\u00f3sito que se destaca por su alta producci\u00f3n de forraje, gran rusticidad y excelente valor nutritivo. Es ideal para tambos, invernadas y sistemas de cr\u00eda. Se present\u00f3 una nueva variedad de cebada forrajera. Se trata de Rayen INTA, un verdeo multiprop\u00f3sito que se destaca por la producci\u00f3n de forraje de calidad durante el invierno, sanidad y tolerancia a sequ\u00eda y bajas temperaturas. El cultivar fue seleccionado por su producci\u00f3n total de forraje, capacidad de rebrote, velocidad de crecimiento y resistencia a las principales enfermedades. Fernando Gimenez, especialista del INTA Bordenave, se\u00f1al\u00f3 que todas estas condiciones la ubican como \u0093una cebada pastoril ideal para aumentar y estabilizar la producci\u00f3n en las cadenas de forraje en distintos ambientes y sistemas de producci\u00f3n\u0094. Rayen INTA se destaca por el aporte de forraje de calidad en oto\u00f1o y durante el invierno. \u0093Gracias al desarrollo inicial acelerado del sistema radicular y su versatilidad, supera ampliamente a los cultivares de cebada forrajera y a otros verdeos\u0094, expres\u00f3 Gimenez. La nueva variedad se caracteriza por su porte vegetativo semi erecto, altura mediana, con espigas de seis hileras, alta capacidad de producci\u00f3n de macollos y hojas m\u00e1s largas y anchas con vainas [&hellip;]"}

Por INTA. Se presentó un verdeo multipropósito que se destaca por su alta producción de forraje, gran rusticidad y excelente valor nutritivo. Es ideal para tambos, invernadas y sistemas de cría. Se presentó una nueva variedad de cebada forrajera. Se trata de Rayen INTA, un verdeo multipropósito que se destaca por la producción de forraje de calidad durante el invierno, sanidad y tolerancia a sequía y bajas temperaturas. El cultivar fue seleccionado por su producción total de forraje, capacidad de rebrote, velocidad de crecimiento y resistencia a las principales enfermedades. Fernando Gimenez, especialista del INTA Bordenave, señaló que todas estas condiciones la ubican como una cebada pastoril ideal para aumentar y estabilizar la producción en las cadenas de forraje en distintos ambientes y sistemas de producción. Rayen INTA se destaca por el aporte de forraje de calidad en otoño y durante el invierno. Gracias al desarrollo inicial acelerado del sistema radicular y su versatilidad, supera ampliamente a los cultivares de cebada forrajera y a otros verdeos, expresó Gimenez. La nueva variedad se caracteriza por su porte vegetativo semi erecto, altura mediana, con espigas de seis hileras, alta capacidad de producción de macollos y hojas más largas y anchas con vainas [&hellip;]
