{"version":"1.0","provider_name":"Proagro","provider_url":"https:\/\/proagrolab.com.ar\/en","title":"Ofensiva uruguaya por la cuota 481 en Europa. | Proagro","type":"rich","width":600,"height":338,"html":"<blockquote class=\"wp-embedded-content\" data-secret=\"OrswRyiCIZ\"><a href=\"https:\/\/proagrolab.com.ar\/en\/ofensiva-uruguaya-por-la-cuota-481-en-europa\/\">Ofensiva uruguaya por la cuota 481 en Europa.<\/a><\/blockquote><iframe sandbox=\"allow-scripts\" security=\"restricted\" src=\"https:\/\/proagrolab.com.ar\/en\/ofensiva-uruguaya-por-la-cuota-481-en-europa\/embed\/#?secret=OrswRyiCIZ\" width=\"600\" height=\"338\" title=\"&#8220;Ofensiva uruguaya por la cuota 481 en Europa.&#8221; &#8212; Proagro\" data-secret=\"OrswRyiCIZ\" frameborder=\"0\" marginwidth=\"0\" marginheight=\"0\" scrolling=\"no\" class=\"wp-embedded-content\"><\/iframe><script type=\"text\/javascript\">\n\/* <![CDATA[ *\/\n\/*! This file is auto-generated *\/\n!function(d,l){\"use strict\";l.querySelector&&d.addEventListener&&\"undefined\"!=typeof URL&&(d.wp=d.wp||{},d.wp.receiveEmbedMessage||(d.wp.receiveEmbedMessage=function(e){var t=e.data;if((t||t.secret||t.message||t.value)&&!\/[^a-zA-Z0-9]\/.test(t.secret)){for(var s,r,n,a=l.querySelectorAll('iframe[data-secret=\"'+t.secret+'\"]'),o=l.querySelectorAll('blockquote[data-secret=\"'+t.secret+'\"]'),c=new RegExp(\"^https?:$\",\"i\"),i=0;i<o.length;i++)o[i].style.display=\"none\";for(i=0;i<a.length;i++)s=a[i],e.source===s.contentWindow&&(s.removeAttribute(\"style\"),\"height\"===t.message?(1e3<(r=parseInt(t.value,10))?r=1e3:~~r<200&&(r=200),s.height=r):\"link\"===t.message&&(r=new URL(s.getAttribute(\"src\")),n=new URL(t.value),c.test(n.protocol))&&n.host===r.host&&l.activeElement===s&&(d.top.location.href=t.value))}},d.addEventListener(\"message\",d.wp.receiveEmbedMessage,!1),l.addEventListener(\"DOMContentLoaded\",function(){for(var e,t,s=l.querySelectorAll(\"iframe.wp-embedded-content\"),r=0;r<s.length;r++)(t=(e=s[r]).getAttribute(\"data-secret\"))||(t=Math.random().toString(36).substring(2,12),e.src+=\"#?secret=\"+t,e.setAttribute(\"data-secret\",t)),e.contentWindow.postMessage({message:\"ready\",secret:t},\"*\")},!1)))}(window,document);\n\/\/# sourceURL=https:\/\/proagrolab.com.ar\/wp-includes\/js\/wp-embed.min.js\n\/* ]]> *\/\n<\/script>\n","thumbnail_url":"https:\/\/proagrolab.com.ar\/wp-content\/uploads\/2015\/01\/g_f983cla1u__Feed-lot-2.jpg","thumbnail_width":450,"thumbnail_height":208,"description":"El ministro de Ganader\u00eda, Tabar\u00e9 Aguerre, encabeza delegaci\u00f3n que parte ma\u00f1ana.Ma\u00f1ana viaja a Bruselas una delegaci\u00f3n encabezada por el ministro de Ganader\u00eda, Agricultura y Pesca (MGAP), Tabar\u00e9 Aguerre, e integrada adem\u00e1s por representantes del Instituto Nacional de Carnes (INAC) y de la industria frigor\u00edfica. El objetivo es procurar ante las autoridades europeas mejorar las condiciones de acceso a la Cuota 481, revelaron fuentes oficiales a El Observador Agropecuario. Actualmente el sistema de este tipo de negocios que est\u00e1 exonerado del pagado de aranceles prev\u00e9 que el primero que llega con sus contenedores es el que ingresa, seg\u00fanlas asignaciones trimestrales que se realizan. Los contenedores que no lo pueden hacer, deben ingresar pagando aranceles. Por otra parte, Estados Unidos est\u00e1 preocupado porque no es competitivo para vender en la cuota 481 \u0096como resultado de que&nbsp; opera en el mercado con precios superiores\u0096 y por ello acelera gestiones para concretar un TLC (Tratado de Libre Comercio) con la Uni\u00f3n Europea (UE). El acuerdo podr\u00eda generar dificultades para el resto de los pa\u00edses proveedores \u0096que son Canad\u00e1, Nueva Zelanda, Australia, Uruguay, y en forma reciente Argentina\u0096 ya que puede hacer caer ese nicho de mercado. En forma paralela, en Uruguay comienza a tomar [&hellip;]"}

El ministro de Ganadería, Tabaré Aguerre, encabeza delegación que parte mañana.Mañana viaja a Bruselas una delegación encabezada por el ministro de Ganadería, Agricultura y Pesca (MGAP), Tabaré Aguerre, e integrada además por representantes del Instituto Nacional de Carnes (INAC) y de la industria frigorífica. El objetivo es procurar ante las autoridades europeas mejorar las condiciones de acceso a la Cuota 481, revelaron fuentes oficiales a El Observador Agropecuario. Actualmente el sistema de este tipo de negocios que está exonerado del pagado de aranceles prevé que el primero que llega con sus contenedores es el que ingresa, segúnlas asignaciones trimestrales que se realizan. Los contenedores que no lo pueden hacer, deben ingresar pagando aranceles. Por otra parte, Estados Unidos está preocupado porque no es competitivo para vender en la cuota 481 como resultado de que&nbsp; opera en el mercado con precios superiores y por ello acelera gestiones para concretar un TLC (Tratado de Libre Comercio) con la Unión Europea (UE). El acuerdo podría generar dificultades para el resto de los países proveedores que son Canadá, Nueva Zelanda, Australia, Uruguay, y en forma reciente Argentina ya que puede hacer caer ese nicho de mercado. En forma paralela, en Uruguay comienza a tomar [&hellip;]
