{"version":"1.0","provider_name":"Proagro","provider_url":"https:\/\/proagrolab.com.ar\/en","title":"Niegan que la Argentina haya exportado m\u00e1s l\u00e1cteos. | Proagro","type":"rich","width":600,"height":338,"html":"<blockquote class=\"wp-embedded-content\" data-secret=\"WSz3PfrB0i\"><a href=\"https:\/\/proagrolab.com.ar\/en\/niegan-que-la-argentina-haya-exportado-mas-lacteos\/\">Niegan que la Argentina haya exportado m\u00e1s l\u00e1cteos.<\/a><\/blockquote><iframe sandbox=\"allow-scripts\" security=\"restricted\" src=\"https:\/\/proagrolab.com.ar\/en\/niegan-que-la-argentina-haya-exportado-mas-lacteos\/embed\/#?secret=WSz3PfrB0i\" width=\"600\" height=\"338\" title=\"&#8220;Niegan que la Argentina haya exportado m\u00e1s l\u00e1cteos.&#8221; &#8212; Proagro\" data-secret=\"WSz3PfrB0i\" frameborder=\"0\" marginwidth=\"0\" marginheight=\"0\" scrolling=\"no\" class=\"wp-embedded-content\"><\/iframe><script type=\"text\/javascript\">\n\/* <![CDATA[ *\/\n\/*! This file is auto-generated *\/\n!function(d,l){\"use strict\";l.querySelector&&d.addEventListener&&\"undefined\"!=typeof URL&&(d.wp=d.wp||{},d.wp.receiveEmbedMessage||(d.wp.receiveEmbedMessage=function(e){var t=e.data;if((t||t.secret||t.message||t.value)&&!\/[^a-zA-Z0-9]\/.test(t.secret)){for(var s,r,n,a=l.querySelectorAll('iframe[data-secret=\"'+t.secret+'\"]'),o=l.querySelectorAll('blockquote[data-secret=\"'+t.secret+'\"]'),c=new RegExp(\"^https?:$\",\"i\"),i=0;i<o.length;i++)o[i].style.display=\"none\";for(i=0;i<a.length;i++)s=a[i],e.source===s.contentWindow&&(s.removeAttribute(\"style\"),\"height\"===t.message?(1e3<(r=parseInt(t.value,10))?r=1e3:~~r<200&&(r=200),s.height=r):\"link\"===t.message&&(r=new URL(s.getAttribute(\"src\")),n=new URL(t.value),c.test(n.protocol))&&n.host===r.host&&l.activeElement===s&&(d.top.location.href=t.value))}},d.addEventListener(\"message\",d.wp.receiveEmbedMessage,!1),l.addEventListener(\"DOMContentLoaded\",function(){for(var e,t,s=l.querySelectorAll(\"iframe.wp-embedded-content\"),r=0;r<s.length;r++)(t=(e=s[r]).getAttribute(\"data-secret\"))||(t=Math.random().toString(36).substring(2,12),e.src+=\"#?secret=\"+t,e.setAttribute(\"data-secret\",t)),e.contentWindow.postMessage({message:\"ready\",secret:t},\"*\")},!1)))}(window,document);\n\/\/# sourceURL=https:\/\/proagrolab.com.ar\/wp-includes\/js\/wp-embed.min.js\n\/* ]]> *\/\n<\/script>\n","thumbnail_url":"https:\/\/proagrolab.com.ar\/wp-content\/uploads\/2015\/01\/g_7miwusa78__Lecheras-29.jpg","thumbnail_width":450,"thumbnail_height":208,"description":"Para el Gobierno, en el primer trimestre de 2014 subi\u00f3 en volumen casi 20%; seg\u00fan un informe, cay\u00f3 8%. Por Fernando Bertello. El relato lleg\u00f3 a las exportaciones de l\u00e1cteos e inform\u00f3 sobre un crecimiento de casi el 20% en el primer trimestre de 2014 de los vol\u00famenes al exterior . Pero fue s\u00f3lo relato, ya que la realidad es otra: en toneladas, seg\u00fan consigna un informe privado, hubo una ca\u00edda del 8% respecto de igual per\u00edodo de 2013. Recientemente, tras los trascendidos que dejaron circular empresarios sobre un freno en los permisos para exportaci\u00f3n , la Subsecretar\u00eda de Lecher\u00eda, a cargo de Arturo Videla, y dependiente del Ministerio de Agricultura de la Naci\u00f3n, dio a conocer que en el primer trimestre de 2014 se colocaron en el exterior 89.876 toneladas versus 75.480 toneladas del mismo lapso de 2013. Seg\u00fan esa matem\u00e1tica, se registr\u00f3 un crecimiento del 19,07 por ciento. Pero un an\u00e1lisis que hizo N\u00e9stor Roulet, ex vicepresidente de Confederaciones Rurales Argentinas (CRA), relevando la informaci\u00f3n mensual del Servicio Nacional de Sanidad y Calidad Agroalimentaria (Senasa), registra que, en lugar de crecer ese 19,07%, las exportaciones cayeron en volumen un 8%. En rigor, considerando los datos del Senasa, que [&hellip;]"}

Niegan que la Argentina haya exportado más lácteos. | Proagro

<blockquote class="wp-embedded-content" data-secret="WSz3PfrB0i"><a href="https://proagrolab.com.ar/en/niegan-que-la-argentina-haya-exportado-mas-lacteos/">Niegan que la Argentina haya exportado más lácteos.</a></blockquote><iframe sandbox="allow-scripts" security="restricted" src="https://proagrolab.com.ar/en/niegan-que-la-argentina-haya-exportado-mas-lacteos/embed/#?secret=WSz3PfrB0i" width="600" height="338" title="&#8220;Niegan que la Argentina haya exportado más lácteos.&#8221; &#8212; Proagro" data-secret="WSz3PfrB0i" frameborder="0" marginwidth="0" marginheight="0" scrolling="no" class="wp-embedded-content"></iframe><script type="text/javascript">
/* <![CDATA[ */
/*! This file is auto-generated */
!function(d,l){"use strict";l.querySelector&&d.addEventListener&&"undefined"!=typeof URL&&(d.wp=d.wp||{},d.wp.receiveEmbedMessage||(d.wp.receiveEmbedMessage=function(e){var t=e.data;if((t||t.secret||t.message||t.value)&&!/[^a-zA-Z0-9]/.test(t.secret)){for(var s,r,n,a=l.querySelectorAll('iframe[data-secret="'+t.secret+'"]'),o=l.querySelectorAll('blockquote[data-secret="'+t.secret+'"]'),c=new RegExp("^https?:$","i"),i=0;i<o.length;i++)o[i].style.display="none";for(i=0;i<a.length;i++)s=a[i],e.source===s.contentWindow&&(s.removeAttribute("style"),"height"===t.message?(1e3<(r=parseInt(t.value,10))?r=1e3:~~r<200&&(r=200),s.height=r):"link"===t.message&&(r=new URL(s.getAttribute("src")),n=new URL(t.value),c.test(n.protocol))&&n.host===r.host&&l.activeElement===s&&(d.top.location.href=t.value))}},d.addEventListener("message",d.wp.receiveEmbedMessage,!1),l.addEventListener("DOMContentLoaded",function(){for(var e,t,s=l.querySelectorAll("iframe.wp-embedded-content"),r=0;r<s.length;r++)(t=(e=s[r]).getAttribute("data-secret"))||(t=Math.random().toString(36).substring(2,12),e.src+="#?secret="+t,e.setAttribute("data-secret",t)),e.contentWindow.postMessage({message:"ready",secret:t},"*")},!1)))}(window,document);
//# sourceURL=https://proagrolab.com.ar/wp-includes/js/wp-embed.min.js
/* ]]> */
</script>

Para el Gobierno, en el primer trimestre de 2014 subió en volumen casi 20%; según un informe, cayó 8%. Por Fernando Bertello. El relato llegó a las exportaciones de lácteos e informó sobre un crecimiento de casi el 20% en el primer trimestre de 2014 de los volúmenes al exterior . Pero fue sólo relato, ya que la realidad es otra: en toneladas, según consigna un informe privado, hubo una caída del 8% respecto de igual período de 2013. Recientemente, tras los trascendidos que dejaron circular empresarios sobre un freno en los permisos para exportación , la Subsecretaría de Lechería, a cargo de Arturo Videla, y dependiente del Ministerio de Agricultura de la Nación, dio a conocer que en el primer trimestre de 2014 se colocaron en el exterior 89.876 toneladas versus 75.480 toneladas del mismo lapso de 2013. Según esa matemática, se registró un crecimiento del 19,07 por ciento. Pero un análisis que hizo Néstor Roulet, ex vicepresidente de Confederaciones Rurales Argentinas (CRA), relevando la información mensual del Servicio Nacional de Sanidad y Calidad Agroalimentaria (Senasa), registra que, en lugar de crecer ese 19,07%, las exportaciones cayeron en volumen un 8%. En rigor, considerando los datos del Senasa, que [&hellip;]
