{"version":"1.0","provider_name":"Proagro","provider_url":"https:\/\/proagrolab.com.ar\/en","title":"Moreno, al borde de la \u0093lesa ganader\u00eda\u0094 serial. | Proagro","type":"rich","width":600,"height":338,"html":"<blockquote class=\"wp-embedded-content\" data-secret=\"fLNOl5R4CV\"><a href=\"https:\/\/proagrolab.com.ar\/en\/moreno-al-borde-de-la-%c2%93lesa-ganaderia%c2%94-serial\/\">Moreno, al borde de la \u0093lesa ganader\u00eda\u0094 serial.<\/a><\/blockquote><iframe sandbox=\"allow-scripts\" security=\"restricted\" src=\"https:\/\/proagrolab.com.ar\/en\/moreno-al-borde-de-la-%c2%93lesa-ganaderia%c2%94-serial\/embed\/#?secret=fLNOl5R4CV\" width=\"600\" height=\"338\" title=\"&#8220;Moreno, al borde de la \u0093lesa ganader\u00eda\u0094 serial.&#8221; &#8212; Proagro\" data-secret=\"fLNOl5R4CV\" frameborder=\"0\" marginwidth=\"0\" marginheight=\"0\" scrolling=\"no\" class=\"wp-embedded-content\"><\/iframe><script type=\"text\/javascript\">\n\/* <![CDATA[ *\/\n\/*! This file is auto-generated *\/\n!function(d,l){\"use strict\";l.querySelector&&d.addEventListener&&\"undefined\"!=typeof URL&&(d.wp=d.wp||{},d.wp.receiveEmbedMessage||(d.wp.receiveEmbedMessage=function(e){var t=e.data;if((t||t.secret||t.message||t.value)&&!\/[^a-zA-Z0-9]\/.test(t.secret)){for(var s,r,n,a=l.querySelectorAll('iframe[data-secret=\"'+t.secret+'\"]'),o=l.querySelectorAll('blockquote[data-secret=\"'+t.secret+'\"]'),c=new RegExp(\"^https?:$\",\"i\"),i=0;i<o.length;i++)o[i].style.display=\"none\";for(i=0;i<a.length;i++)s=a[i],e.source===s.contentWindow&&(s.removeAttribute(\"style\"),\"height\"===t.message?(1e3<(r=parseInt(t.value,10))?r=1e3:~~r<200&&(r=200),s.height=r):\"link\"===t.message&&(r=new URL(s.getAttribute(\"src\")),n=new URL(t.value),c.test(n.protocol))&&n.host===r.host&&l.activeElement===s&&(d.top.location.href=t.value))}},d.addEventListener(\"message\",d.wp.receiveEmbedMessage,!1),l.addEventListener(\"DOMContentLoaded\",function(){for(var e,t,s=l.querySelectorAll(\"iframe.wp-embedded-content\"),r=0;r<s.length;r++)(t=(e=s[r]).getAttribute(\"data-secret\"))||(t=Math.random().toString(36).substring(2,12),e.src+=\"#?secret=\"+t,e.setAttribute(\"data-secret\",t)),e.contentWindow.postMessage({message:\"ready\",secret:t},\"*\")},!1)))}(window,document);\n\/\/# sourceURL=https:\/\/proagrolab.com.ar\/wp-includes\/js\/wp-embed.min.js\n\/* ]]> *\/\n<\/script>\n","thumbnail_url":"https:\/\/proagrolab.com.ar\/wp-content\/uploads\/2015\/01\/g_g3vki7t4o__Vacas-12.jpg","thumbnail_width":450,"thumbnail_height":208,"description":"Por Adri\u00e1n Simioni. Todav\u00eda est\u00e1bamos en la campa\u00f1a electoral. El kirchnerismo trataba de mostrar su mejor cara. El 3 de septiembre, el candidato perdedor de Cristina Fern\u00e1ndez en Buenos Aires, Mart\u00edn Insaurralde, nos emocion\u00f3 a todos: \u0093Para m\u00ed, la inflaci\u00f3n es mayor a la del Indec\u0094, reconoci\u00f3. Pero pasadas las elecciones, todo volvi\u00f3 a su lugar. La segunda de Guillermo Moreno, Mar\u00eda \u0093Pimpi\u0094 Colombo, dijo el viernes posterior a los comicios que \u0093la inflaci\u00f3n no es un problema\u0094. Y el domingo, entrevistado por un diario cercano al Gobierno, Moreno pregunt\u00f3: \u0093Si la carne no sube hace tres a\u00f1os, \u00bfde qu\u00e9 inflaci\u00f3n estamos hablando?\u0094. Tanta obcecaci\u00f3n en negar lo evidente est\u00e1 a punto de llevar a Moreno a generar la misma cat\u00e1strofe de \u0093lesa ganader\u00eda\u0094 que inici\u00f3 en 2006. Ese a\u00f1o empezaron sus intervenciones (prohibici\u00f3n de exportar, controles de precios, etc\u00e9tera), que derivaron en 2009 en uno de los rodeos m\u00e1s reducidos de la historia y una brutal estampida de precios, luego de que nos comi\u00e9ramos hasta las vacas madre por el precio artificialmente barato que \u00e9l hab\u00eda impuesto. Las operetas morenistas, de tranco cada vez m\u00e1s corto, no pudieron contener la remarcaci\u00f3n. Muchos ganaderos liquidaron su capital de cuatro patas. [&hellip;]"}

Moreno, al borde de la lesa ganadería serial. | Proagro

<blockquote class="wp-embedded-content" data-secret="fLNOl5R4CV"><a href="https://proagrolab.com.ar/en/moreno-al-borde-de-la-%c2%93lesa-ganaderia%c2%94-serial/">Moreno, al borde de la lesa ganadería serial.</a></blockquote><iframe sandbox="allow-scripts" security="restricted" src="https://proagrolab.com.ar/en/moreno-al-borde-de-la-%c2%93lesa-ganaderia%c2%94-serial/embed/#?secret=fLNOl5R4CV" width="600" height="338" title="&#8220;Moreno, al borde de la lesa ganadería serial.&#8221; &#8212; Proagro" data-secret="fLNOl5R4CV" frameborder="0" marginwidth="0" marginheight="0" scrolling="no" class="wp-embedded-content"></iframe><script type="text/javascript">
/* <![CDATA[ */
/*! This file is auto-generated */
!function(d,l){"use strict";l.querySelector&&d.addEventListener&&"undefined"!=typeof URL&&(d.wp=d.wp||{},d.wp.receiveEmbedMessage||(d.wp.receiveEmbedMessage=function(e){var t=e.data;if((t||t.secret||t.message||t.value)&&!/[^a-zA-Z0-9]/.test(t.secret)){for(var s,r,n,a=l.querySelectorAll('iframe[data-secret="'+t.secret+'"]'),o=l.querySelectorAll('blockquote[data-secret="'+t.secret+'"]'),c=new RegExp("^https?:$","i"),i=0;i<o.length;i++)o[i].style.display="none";for(i=0;i<a.length;i++)s=a[i],e.source===s.contentWindow&&(s.removeAttribute("style"),"height"===t.message?(1e3<(r=parseInt(t.value,10))?r=1e3:~~r<200&&(r=200),s.height=r):"link"===t.message&&(r=new URL(s.getAttribute("src")),n=new URL(t.value),c.test(n.protocol))&&n.host===r.host&&l.activeElement===s&&(d.top.location.href=t.value))}},d.addEventListener("message",d.wp.receiveEmbedMessage,!1),l.addEventListener("DOMContentLoaded",function(){for(var e,t,s=l.querySelectorAll("iframe.wp-embedded-content"),r=0;r<s.length;r++)(t=(e=s[r]).getAttribute("data-secret"))||(t=Math.random().toString(36).substring(2,12),e.src+="#?secret="+t,e.setAttribute("data-secret",t)),e.contentWindow.postMessage({message:"ready",secret:t},"*")},!1)))}(window,document);
//# sourceURL=https://proagrolab.com.ar/wp-includes/js/wp-embed.min.js
/* ]]> */
</script>

Por Adrián Simioni. Todavía estábamos en la campaña electoral. El kirchnerismo trataba de mostrar su mejor cara. El 3 de septiembre, el candidato perdedor de Cristina Fernández en Buenos Aires, Martín Insaurralde, nos emocionó a todos: Para mí, la inflación es mayor a la del Indec, reconoció. Pero pasadas las elecciones, todo volvió a su lugar. La segunda de Guillermo Moreno, María Pimpi Colombo, dijo el viernes posterior a los comicios que la inflación no es un problema. Y el domingo, entrevistado por un diario cercano al Gobierno, Moreno preguntó: Si la carne no sube hace tres años, ¿de qué inflación estamos hablando?. Tanta obcecación en negar lo evidente está a punto de llevar a Moreno a generar la misma catástrofe de lesa ganadería que inició en 2006. Ese año empezaron sus intervenciones (prohibición de exportar, controles de precios, etcétera), que derivaron en 2009 en uno de los rodeos más reducidos de la historia y una brutal estampida de precios, luego de que nos comiéramos hasta las vacas madre por el precio artificialmente barato que él había impuesto. Las operetas morenistas, de tranco cada vez más corto, no pudieron contener la remarcación. Muchos ganaderos liquidaron su capital de cuatro patas. [&hellip;]
