{"version":"1.0","provider_name":"Proagro","provider_url":"https:\/\/proagrolab.com.ar\/en","title":"La Mesa Nacional propone medidas para la crisis tambera | Proagro","type":"rich","width":600,"height":338,"html":"<blockquote class=\"wp-embedded-content\" data-secret=\"3gcaIOLNZS\"><a href=\"https:\/\/proagrolab.com.ar\/en\/mesa-nacional-propone-medidas-crisis-tambera\/\">La Mesa Nacional propone medidas para la crisis tambera<\/a><\/blockquote><iframe sandbox=\"allow-scripts\" security=\"restricted\" src=\"https:\/\/proagrolab.com.ar\/en\/mesa-nacional-propone-medidas-crisis-tambera\/embed\/#?secret=3gcaIOLNZS\" width=\"600\" height=\"338\" title=\"&#8220;La Mesa Nacional propone medidas para la crisis tambera&#8221; &#8212; Proagro\" data-secret=\"3gcaIOLNZS\" frameborder=\"0\" marginwidth=\"0\" marginheight=\"0\" scrolling=\"no\" class=\"wp-embedded-content\"><\/iframe><script type=\"text\/javascript\">\n\/* <![CDATA[ *\/\n\/*! This file is auto-generated *\/\n!function(d,l){\"use strict\";l.querySelector&&d.addEventListener&&\"undefined\"!=typeof URL&&(d.wp=d.wp||{},d.wp.receiveEmbedMessage||(d.wp.receiveEmbedMessage=function(e){var t=e.data;if((t||t.secret||t.message||t.value)&&!\/[^a-zA-Z0-9]\/.test(t.secret)){for(var s,r,n,a=l.querySelectorAll('iframe[data-secret=\"'+t.secret+'\"]'),o=l.querySelectorAll('blockquote[data-secret=\"'+t.secret+'\"]'),c=new RegExp(\"^https?:$\",\"i\"),i=0;i<o.length;i++)o[i].style.display=\"none\";for(i=0;i<a.length;i++)s=a[i],e.source===s.contentWindow&&(s.removeAttribute(\"style\"),\"height\"===t.message?(1e3<(r=parseInt(t.value,10))?r=1e3:~~r<200&&(r=200),s.height=r):\"link\"===t.message&&(r=new URL(s.getAttribute(\"src\")),n=new URL(t.value),c.test(n.protocol))&&n.host===r.host&&l.activeElement===s&&(d.top.location.href=t.value))}},d.addEventListener(\"message\",d.wp.receiveEmbedMessage,!1),l.addEventListener(\"DOMContentLoaded\",function(){for(var e,t,s=l.querySelectorAll(\"iframe.wp-embedded-content\"),r=0;r<s.length;r++)(t=(e=s[r]).getAttribute(\"data-secret\"))||(t=Math.random().toString(36).substring(2,12),e.src+=\"#?secret=\"+t,e.setAttribute(\"data-secret\",t)),e.contentWindow.postMessage({message:\"ready\",secret:t},\"*\")},!1)))}(window,document);\n\/\/# sourceURL=https:\/\/proagrolab.com.ar\/wp-includes\/js\/wp-embed.min.js\n\/* ]]> *\/\n<\/script>\n","thumbnail_url":"https:\/\/proagrolab.com.ar\/wp-content\/uploads\/2015\/07\/Portada-P\u00e1gina-Nueva1.jpg","thumbnail_width":1146,"thumbnail_height":395,"description":"Frente a la coyuntura que atraviesan los tamberos propone, entre otras cosas, la creaci\u00f3n de un fondo a cargo de los productores para estimular la exportaci\u00f3n.\u00a0La baja del precio de la leche en tranquera de tambo amenaza con profundizarse. Por Prensa fyo. La baja del precio de la leche en tranquera de tambo implementada por el sector industrial a partir del mes de mayo, que amenaza con profundizarse en los meses siguientes, &#8220;somete a los productores a una grave situaci\u00f3n de quebranto cuyas principales consecuencias se traducir\u00e1n en el cierre de tambos, el achicamiento de los rodeos, la p\u00e9rdida de puestos de trabajo\u00a0 y el deterioro de la cadena de pago&#8221;, advirtieron desde la Mesa Nacional de Productores de Leche. La dirigencia del sector entiende que &#8220;la excepcional circunstancia que se le da a la lecher\u00eda en el contexto de una profunda crisis de precios en el mercado global, agravado en nuestro caso por las malas pol\u00edticas instrumentadas desde el gobierno, la elevada inflaci\u00f3n y el alto costo\u00a0del financiamiento, torna necesaria la implementaci\u00f3n por parte del Estado de medidas que amortig\u00fcen el peso de la crisis, contribuyendo as\u00ed a preservar la continuidad de una actividad de vital importancia para las [&hellip;]"}

https://proagrolab.com.ar/wp-content/uploads/2015/07/Portada-Página-Nueva1.jpg

Frente a la coyuntura que atraviesan los tamberos propone, entre otras cosas, la creación de un fondo a cargo de los productores para estimular la exportación. La baja del precio de la leche en tranquera de tambo amenaza con profundizarse. Por Prensa fyo. La baja del precio de la leche en tranquera de tambo implementada por el sector industrial a partir del mes de mayo, que amenaza con profundizarse en los meses siguientes, &#8220;somete a los productores a una grave situación de quebranto cuyas principales consecuencias se traducirán en el cierre de tambos, el achicamiento de los rodeos, la pérdida de puestos de trabajo  y el deterioro de la cadena de pago&#8221;, advirtieron desde la Mesa Nacional de Productores de Leche. La dirigencia del sector entiende que &#8220;la excepcional circunstancia que se le da a la lechería en el contexto de una profunda crisis de precios en el mercado global, agravado en nuestro caso por las malas políticas instrumentadas desde el gobierno, la elevada inflación y el alto costo del financiamiento, torna necesaria la implementación por parte del Estado de medidas que amortigüen el peso de la crisis, contribuyendo así a preservar la continuidad de una actividad de vital importancia para las [&hellip;]
