{"version":"1.0","provider_name":"Proagro","provider_url":"https:\/\/proagrolab.com.ar\/en","title":"Los tamberos se reunir\u00e1n con De la Sota. | Proagro","type":"rich","width":600,"height":338,"html":"<blockquote class=\"wp-embedded-content\" data-secret=\"CbJ9ZjXbwv\"><a href=\"https:\/\/proagrolab.com.ar\/en\/los-tamberos-se-reuniran-con-de-la-sota\/\">Los tamberos se reunir\u00e1n con De la Sota.<\/a><\/blockquote><iframe sandbox=\"allow-scripts\" security=\"restricted\" src=\"https:\/\/proagrolab.com.ar\/en\/los-tamberos-se-reuniran-con-de-la-sota\/embed\/#?secret=CbJ9ZjXbwv\" width=\"600\" height=\"338\" title=\"&#8220;Los tamberos se reunir\u00e1n con De la Sota.&#8221; &#8212; Proagro\" data-secret=\"CbJ9ZjXbwv\" frameborder=\"0\" marginwidth=\"0\" marginheight=\"0\" scrolling=\"no\" class=\"wp-embedded-content\"><\/iframe><script type=\"text\/javascript\">\n\/* <![CDATA[ *\/\n\/*! This file is auto-generated *\/\n!function(d,l){\"use strict\";l.querySelector&&d.addEventListener&&\"undefined\"!=typeof URL&&(d.wp=d.wp||{},d.wp.receiveEmbedMessage||(d.wp.receiveEmbedMessage=function(e){var t=e.data;if((t||t.secret||t.message||t.value)&&!\/[^a-zA-Z0-9]\/.test(t.secret)){for(var s,r,n,a=l.querySelectorAll('iframe[data-secret=\"'+t.secret+'\"]'),o=l.querySelectorAll('blockquote[data-secret=\"'+t.secret+'\"]'),c=new RegExp(\"^https?:$\",\"i\"),i=0;i<o.length;i++)o[i].style.display=\"none\";for(i=0;i<a.length;i++)s=a[i],e.source===s.contentWindow&&(s.removeAttribute(\"style\"),\"height\"===t.message?(1e3<(r=parseInt(t.value,10))?r=1e3:~~r<200&&(r=200),s.height=r):\"link\"===t.message&&(r=new URL(s.getAttribute(\"src\")),n=new URL(t.value),c.test(n.protocol))&&n.host===r.host&&l.activeElement===s&&(d.top.location.href=t.value))}},d.addEventListener(\"message\",d.wp.receiveEmbedMessage,!1),l.addEventListener(\"DOMContentLoaded\",function(){for(var e,t,s=l.querySelectorAll(\"iframe.wp-embedded-content\"),r=0;r<s.length;r++)(t=(e=s[r]).getAttribute(\"data-secret\"))||(t=Math.random().toString(36).substring(2,12),e.src+=\"#?secret=\"+t,e.setAttribute(\"data-secret\",t)),e.contentWindow.postMessage({message:\"ready\",secret:t},\"*\")},!1)))}(window,document);\n\/\/# sourceURL=https:\/\/proagrolab.com.ar\/wp-includes\/js\/wp-embed.min.js\n\/* ]]> *\/\n<\/script>\n","thumbnail_url":"https:\/\/proagrolab.com.ar\/wp-content\/uploads\/2015\/01\/g_vwtzu33hb__Lecheras-8.jpg","thumbnail_width":450,"thumbnail_height":208,"description":"Encuentro. Los tamberos agrupados en la Mesa Nacional de Productores de Leche ser\u00e1n recibidos hoy por el gobernador de C\u00f3rdoba, Jos\u00e9 Manuel de la Sota . Hace unas semanas, los productores, que reclaman una recomposici\u00f3n de precios para su materia prima porque denuncian que no cubren los costos que implica la producci\u00f3n de un litro de leche, definieron en un encuentro pedirles audiencia a los gobernadores de las principales provincias lecheras. Entre ellas se encuentran C\u00f3rdoba, Santa Fe, Buenos Aires y Entre R\u00edos. &#8220;Le vamos a presentar nuestra situaci\u00f3n. De la Sota es el primero en responder a nuestro pedido&#8221;, se\u00f1al\u00f3 Carlos Brave, coordinador de la Mesa Nacional de Productores de Leche. Por otra parte, a las 20, en la localidad cordobesa de Villa Mar\u00eda, habr\u00e1 una asamblea de productores para abordar los problemas que enfrenta por estos d\u00edas el sector. Fuente: La Naci\u00f3n, 3 de abril."}

Los tamberos se reunirán con De la Sota. | Proagro

<blockquote class="wp-embedded-content" data-secret="CbJ9ZjXbwv"><a href="https://proagrolab.com.ar/en/los-tamberos-se-reuniran-con-de-la-sota/">Los tamberos se reunirán con De la Sota.</a></blockquote><iframe sandbox="allow-scripts" security="restricted" src="https://proagrolab.com.ar/en/los-tamberos-se-reuniran-con-de-la-sota/embed/#?secret=CbJ9ZjXbwv" width="600" height="338" title="&#8220;Los tamberos se reunirán con De la Sota.&#8221; &#8212; Proagro" data-secret="CbJ9ZjXbwv" frameborder="0" marginwidth="0" marginheight="0" scrolling="no" class="wp-embedded-content"></iframe><script type="text/javascript">
/* <![CDATA[ */
/*! This file is auto-generated */
!function(d,l){"use strict";l.querySelector&&d.addEventListener&&"undefined"!=typeof URL&&(d.wp=d.wp||{},d.wp.receiveEmbedMessage||(d.wp.receiveEmbedMessage=function(e){var t=e.data;if((t||t.secret||t.message||t.value)&&!/[^a-zA-Z0-9]/.test(t.secret)){for(var s,r,n,a=l.querySelectorAll('iframe[data-secret="'+t.secret+'"]'),o=l.querySelectorAll('blockquote[data-secret="'+t.secret+'"]'),c=new RegExp("^https?:$","i"),i=0;i<o.length;i++)o[i].style.display="none";for(i=0;i<a.length;i++)s=a[i],e.source===s.contentWindow&&(s.removeAttribute("style"),"height"===t.message?(1e3<(r=parseInt(t.value,10))?r=1e3:~~r<200&&(r=200),s.height=r):"link"===t.message&&(r=new URL(s.getAttribute("src")),n=new URL(t.value),c.test(n.protocol))&&n.host===r.host&&l.activeElement===s&&(d.top.location.href=t.value))}},d.addEventListener("message",d.wp.receiveEmbedMessage,!1),l.addEventListener("DOMContentLoaded",function(){for(var e,t,s=l.querySelectorAll("iframe.wp-embedded-content"),r=0;r<s.length;r++)(t=(e=s[r]).getAttribute("data-secret"))||(t=Math.random().toString(36).substring(2,12),e.src+="#?secret="+t,e.setAttribute("data-secret",t)),e.contentWindow.postMessage({message:"ready",secret:t},"*")},!1)))}(window,document);
//# sourceURL=https://proagrolab.com.ar/wp-includes/js/wp-embed.min.js
/* ]]> */
</script>

Encuentro. Los tamberos agrupados en la Mesa Nacional de Productores de Leche serán recibidos hoy por el gobernador de Córdoba, José Manuel de la Sota . Hace unas semanas, los productores, que reclaman una recomposición de precios para su materia prima porque denuncian que no cubren los costos que implica la producción de un litro de leche, definieron en un encuentro pedirles audiencia a los gobernadores de las principales provincias lecheras. Entre ellas se encuentran Córdoba, Santa Fe, Buenos Aires y Entre Ríos. &#8220;Le vamos a presentar nuestra situación. De la Sota es el primero en responder a nuestro pedido&#8221;, señaló Carlos Brave, coordinador de la Mesa Nacional de Productores de Leche. Por otra parte, a las 20, en la localidad cordobesa de Villa María, habrá una asamblea de productores para abordar los problemas que enfrenta por estos días el sector. Fuente: La Nación, 3 de abril.
