{"version":"1.0","provider_name":"Proagro","provider_url":"https:\/\/proagrolab.com.ar\/en","title":"Las razas fuertes encendieron las tribunas en Palermo. | Proagro","type":"rich","width":600,"height":338,"html":"<blockquote class=\"wp-embedded-content\" data-secret=\"L1tcxQ9TOK\"><a href=\"https:\/\/proagrolab.com.ar\/en\/las-razas-fuertes-encendieron-las-tribunas-en-palermo\/\">Las razas fuertes encendieron las tribunas en Palermo.<\/a><\/blockquote><iframe sandbox=\"allow-scripts\" security=\"restricted\" src=\"https:\/\/proagrolab.com.ar\/en\/las-razas-fuertes-encendieron-las-tribunas-en-palermo\/embed\/#?secret=L1tcxQ9TOK\" width=\"600\" height=\"338\" title=\"&#8220;Las razas fuertes encendieron las tribunas en Palermo.&#8221; &#8212; Proagro\" data-secret=\"L1tcxQ9TOK\" frameborder=\"0\" marginwidth=\"0\" marginheight=\"0\" scrolling=\"no\" class=\"wp-embedded-content\"><\/iframe><script type=\"text\/javascript\">\n\/* <![CDATA[ *\/\n\/*! This file is auto-generated *\/\n!function(d,l){\"use strict\";l.querySelector&&d.addEventListener&&\"undefined\"!=typeof URL&&(d.wp=d.wp||{},d.wp.receiveEmbedMessage||(d.wp.receiveEmbedMessage=function(e){var t=e.data;if((t||t.secret||t.message||t.value)&&!\/[^a-zA-Z0-9]\/.test(t.secret)){for(var s,r,n,a=l.querySelectorAll('iframe[data-secret=\"'+t.secret+'\"]'),o=l.querySelectorAll('blockquote[data-secret=\"'+t.secret+'\"]'),c=new RegExp(\"^https?:$\",\"i\"),i=0;i<o.length;i++)o[i].style.display=\"none\";for(i=0;i<a.length;i++)s=a[i],e.source===s.contentWindow&&(s.removeAttribute(\"style\"),\"height\"===t.message?(1e3<(r=parseInt(t.value,10))?r=1e3:~~r<200&&(r=200),s.height=r):\"link\"===t.message&&(r=new URL(s.getAttribute(\"src\")),n=new URL(t.value),c.test(n.protocol))&&n.host===r.host&&l.activeElement===s&&(d.top.location.href=t.value))}},d.addEventListener(\"message\",d.wp.receiveEmbedMessage,!1),l.addEventListener(\"DOMContentLoaded\",function(){for(var e,t,s=l.querySelectorAll(\"iframe.wp-embedded-content\"),r=0;r<s.length;r++)(t=(e=s[r]).getAttribute(\"data-secret\"))||(t=Math.random().toString(36).substring(2,12),e.src+=\"#?secret=\"+t,e.setAttribute(\"data-secret\",t)),e.contentWindow.postMessage({message:\"ready\",secret:t},\"*\")},!1)))}(window,document);\n\/\/# sourceURL=https:\/\/proagrolab.com.ar\/wp-includes\/js\/wp-embed.min.js\n\/* ]]> *\/\n<\/script>\n","thumbnail_url":"https:\/\/proagrolab.com.ar\/wp-content\/uploads\/2015\/01\/g_cdgjl3yxf__Angus-en-la-Rural-2.jpg","thumbnail_width":450,"thumbnail_height":208,"description":"Ayer se eligieron los grandes campeones hembra Angus y macho Polled Hereford; De la Sota recorri\u00f3 la muestra. Por Roberto Seifert. Fue el primer gran premio que sacaba la caba\u00f1a en Palermo, por eso la alegr\u00eda y emoci\u00f3n de Graciela Quintans de Blanco Villegas, propietaria del Gran Campe\u00f3n Hembra Aberdeen Angus. Minutos antes, en otro de los sectores de la Pista Central de Palermo se coronaba el Gran Campe\u00f3n Macho Polled Hereford. As\u00ed, la 128a Exposici\u00f3n de Ganader\u00eda, Agricultura e Industria Internacional va tomando su color caracter\u00edstico y el marco no pudo ser mejor: un d\u00eda a pleno sol y gente por todos lados. La cl\u00e1sica tribuna pol\u00edtica tuvo ayer como visitantes al gobernador de la provincia de C\u00f3rdoba, Jos\u00e9 Manuel de la Sota; a una de las m\u00e1ximas referentes de UNEN, Elisa &#8220;Lilita&#8221; Carri\u00f3, quien dijo que fue a visitar a un familiar expositor de la raza Brangus, y al peronista disidente Francisco de Narv\u00e1ez. &#8220;Cuando uno ve todo lo que se produce en la Argentina, no es f\u00e1cil explicar lo inexplicable. Y lo inexplicable es que estemos como estamos, teniendo todas las oportunidades que tenemos, que Dios nos ha dado&#8221;, se\u00f1al\u00f3 el gobernador cordob\u00e9s momentos previos a entregar [&hellip;]"}

Ayer se eligieron los grandes campeones hembra Angus y macho Polled Hereford; De la Sota recorrió la muestra. Por Roberto Seifert. Fue el primer gran premio que sacaba la cabaña en Palermo, por eso la alegría y emoción de Graciela Quintans de Blanco Villegas, propietaria del Gran Campeón Hembra Aberdeen Angus. Minutos antes, en otro de los sectores de la Pista Central de Palermo se coronaba el Gran Campeón Macho Polled Hereford. Así, la 128a Exposición de Ganadería, Agricultura e Industria Internacional va tomando su color característico y el marco no pudo ser mejor: un día a pleno sol y gente por todos lados. La clásica tribuna política tuvo ayer como visitantes al gobernador de la provincia de Córdoba, José Manuel de la Sota; a una de las máximas referentes de UNEN, Elisa &#8220;Lilita&#8221; Carrió, quien dijo que fue a visitar a un familiar expositor de la raza Brangus, y al peronista disidente Francisco de Narváez. &#8220;Cuando uno ve todo lo que se produce en la Argentina, no es fácil explicar lo inexplicable. Y lo inexplicable es que estemos como estamos, teniendo todas las oportunidades que tenemos, que Dios nos ha dado&#8221;, señaló el gobernador cordobés momentos previos a entregar [&hellip;]
