{"version":"1.0","provider_name":"Proagro","provider_url":"https:\/\/proagrolab.com.ar\/en","title":"L\u00e1cteos: consideran insuficientes las subas. | Proagro","type":"rich","width":600,"height":338,"html":"<blockquote class=\"wp-embedded-content\" data-secret=\"onUJ3VwTvU\"><a href=\"https:\/\/proagrolab.com.ar\/en\/lacteos-consideran-insuficientes-las-subas\/\">L\u00e1cteos: consideran insuficientes las subas.<\/a><\/blockquote><iframe sandbox=\"allow-scripts\" security=\"restricted\" src=\"https:\/\/proagrolab.com.ar\/en\/lacteos-consideran-insuficientes-las-subas\/embed\/#?secret=onUJ3VwTvU\" width=\"600\" height=\"338\" title=\"&#8220;L\u00e1cteos: consideran insuficientes las subas.&#8221; &#8212; Proagro\" data-secret=\"onUJ3VwTvU\" frameborder=\"0\" marginwidth=\"0\" marginheight=\"0\" scrolling=\"no\" class=\"wp-embedded-content\"><\/iframe><script type=\"text\/javascript\">\n\/* <![CDATA[ *\/\n\/*! This file is auto-generated *\/\n!function(d,l){\"use strict\";l.querySelector&&d.addEventListener&&\"undefined\"!=typeof URL&&(d.wp=d.wp||{},d.wp.receiveEmbedMessage||(d.wp.receiveEmbedMessage=function(e){var t=e.data;if((t||t.secret||t.message||t.value)&&!\/[^a-zA-Z0-9]\/.test(t.secret)){for(var s,r,n,a=l.querySelectorAll('iframe[data-secret=\"'+t.secret+'\"]'),o=l.querySelectorAll('blockquote[data-secret=\"'+t.secret+'\"]'),c=new RegExp(\"^https?:$\",\"i\"),i=0;i<o.length;i++)o[i].style.display=\"none\";for(i=0;i<a.length;i++)s=a[i],e.source===s.contentWindow&&(s.removeAttribute(\"style\"),\"height\"===t.message?(1e3<(r=parseInt(t.value,10))?r=1e3:~~r<200&&(r=200),s.height=r):\"link\"===t.message&&(r=new URL(s.getAttribute(\"src\")),n=new URL(t.value),c.test(n.protocol))&&n.host===r.host&&l.activeElement===s&&(d.top.location.href=t.value))}},d.addEventListener(\"message\",d.wp.receiveEmbedMessage,!1),l.addEventListener(\"DOMContentLoaded\",function(){for(var e,t,s=l.querySelectorAll(\"iframe.wp-embedded-content\"),r=0;r<s.length;r++)(t=(e=s[r]).getAttribute(\"data-secret\"))||(t=Math.random().toString(36).substring(2,12),e.src+=\"#?secret=\"+t,e.setAttribute(\"data-secret\",t)),e.contentWindow.postMessage({message:\"ready\",secret:t},\"*\")},!1)))}(window,document);\n\/\/# sourceURL=https:\/\/proagrolab.com.ar\/wp-includes\/js\/wp-embed.min.js\n\/* ]]> *\/\n<\/script>\n","thumbnail_url":"https:\/\/proagrolab.com.ar\/wp-content\/uploads\/2015\/01\/g_4bvc5su81__Lecheras-14.jpg","thumbnail_width":450,"thumbnail_height":208,"description":"Por los costos, en las empresas creen que el Gobierno debe ser m\u00e1s flexible. Por Fernando Bertello. En la industria lechera tienen una certeza: los aumentos de precios que autoriz\u00f3 el Gobierno hasta el momento no cubren sus costos. Por eso, en el sector comenzaron a advertir que debe haber una actualizaci\u00f3n mayor en sus valores. Desde diciembre, el costo industrial en este rubro aument\u00f3 un 22% en promedio. Es un dato que aport\u00f3 Miguel Paul\u00f3n, presidente del Centro de la Industria Lechera (CIL). En ese indicador entra la leche pagada al productor -que subi\u00f3 27,8% entre diciembre de 2013 y abril pasado, para tocar los $ 2,94 el litro-, la mano de obra, los fletes y la distribuci\u00f3n de productos. Contra ese 22% de suba, &#8220;un par de empresas&#8221; recibieron la aprobaci\u00f3n para aplicar dos aumentos de 4% en promedio para sus productos a salida de f\u00e1brica, mientras que una gran parte la tuvo s\u00f3lo para un incremento (de la misma magnitud). Cada empresa negocia por su cuenta con la Secretar\u00eda de Comercio. &#8220;Estos aumentos est\u00e1n lejos de cubrir los costos&#8221;, apunt\u00f3 un vocero de la industria que pidi\u00f3 reserva de su nombre. Otro vocero indic\u00f3 que, con gestos [&hellip;]"}

Lácteos: consideran insuficientes las subas. | Proagro

<blockquote class="wp-embedded-content" data-secret="onUJ3VwTvU"><a href="https://proagrolab.com.ar/en/lacteos-consideran-insuficientes-las-subas/">Lácteos: consideran insuficientes las subas.</a></blockquote><iframe sandbox="allow-scripts" security="restricted" src="https://proagrolab.com.ar/en/lacteos-consideran-insuficientes-las-subas/embed/#?secret=onUJ3VwTvU" width="600" height="338" title="&#8220;Lácteos: consideran insuficientes las subas.&#8221; &#8212; Proagro" data-secret="onUJ3VwTvU" frameborder="0" marginwidth="0" marginheight="0" scrolling="no" class="wp-embedded-content"></iframe><script type="text/javascript">
/* <![CDATA[ */
/*! This file is auto-generated */
!function(d,l){"use strict";l.querySelector&&d.addEventListener&&"undefined"!=typeof URL&&(d.wp=d.wp||{},d.wp.receiveEmbedMessage||(d.wp.receiveEmbedMessage=function(e){var t=e.data;if((t||t.secret||t.message||t.value)&&!/[^a-zA-Z0-9]/.test(t.secret)){for(var s,r,n,a=l.querySelectorAll('iframe[data-secret="'+t.secret+'"]'),o=l.querySelectorAll('blockquote[data-secret="'+t.secret+'"]'),c=new RegExp("^https?:$","i"),i=0;i<o.length;i++)o[i].style.display="none";for(i=0;i<a.length;i++)s=a[i],e.source===s.contentWindow&&(s.removeAttribute("style"),"height"===t.message?(1e3<(r=parseInt(t.value,10))?r=1e3:~~r<200&&(r=200),s.height=r):"link"===t.message&&(r=new URL(s.getAttribute("src")),n=new URL(t.value),c.test(n.protocol))&&n.host===r.host&&l.activeElement===s&&(d.top.location.href=t.value))}},d.addEventListener("message",d.wp.receiveEmbedMessage,!1),l.addEventListener("DOMContentLoaded",function(){for(var e,t,s=l.querySelectorAll("iframe.wp-embedded-content"),r=0;r<s.length;r++)(t=(e=s[r]).getAttribute("data-secret"))||(t=Math.random().toString(36).substring(2,12),e.src+="#?secret="+t,e.setAttribute("data-secret",t)),e.contentWindow.postMessage({message:"ready",secret:t},"*")},!1)))}(window,document);
//# sourceURL=https://proagrolab.com.ar/wp-includes/js/wp-embed.min.js
/* ]]> */
</script>

Por los costos, en las empresas creen que el Gobierno debe ser más flexible. Por Fernando Bertello. En la industria lechera tienen una certeza: los aumentos de precios que autorizó el Gobierno hasta el momento no cubren sus costos. Por eso, en el sector comenzaron a advertir que debe haber una actualización mayor en sus valores. Desde diciembre, el costo industrial en este rubro aumentó un 22% en promedio. Es un dato que aportó Miguel Paulón, presidente del Centro de la Industria Lechera (CIL). En ese indicador entra la leche pagada al productor -que subió 27,8% entre diciembre de 2013 y abril pasado, para tocar los $ 2,94 el litro-, la mano de obra, los fletes y la distribución de productos. Contra ese 22% de suba, &#8220;un par de empresas&#8221; recibieron la aprobación para aplicar dos aumentos de 4% en promedio para sus productos a salida de fábrica, mientras que una gran parte la tuvo sólo para un incremento (de la misma magnitud). Cada empresa negocia por su cuenta con la Secretaría de Comercio. &#8220;Estos aumentos están lejos de cubrir los costos&#8221;, apuntó un vocero de la industria que pidió reserva de su nombre. Otro vocero indicó que, con gestos [&hellip;]
