{"version":"1.0","provider_name":"Proagro","provider_url":"https:\/\/proagrolab.com.ar\/en","title":"La Regi\u00f3n Centro a media m\u00e1quina. | Proagro","type":"rich","width":600,"height":338,"html":"<blockquote class=\"wp-embedded-content\" data-secret=\"cAr6BAzKU4\"><a href=\"https:\/\/proagrolab.com.ar\/en\/la-region-centro-a-media-maquina\/\">La Regi\u00f3n Centro a media m\u00e1quina.<\/a><\/blockquote><iframe sandbox=\"allow-scripts\" security=\"restricted\" src=\"https:\/\/proagrolab.com.ar\/en\/la-region-centro-a-media-maquina\/embed\/#?secret=cAr6BAzKU4\" width=\"600\" height=\"338\" title=\"&#8220;La Regi\u00f3n Centro a media m\u00e1quina.&#8221; &#8212; Proagro\" data-secret=\"cAr6BAzKU4\" frameborder=\"0\" marginwidth=\"0\" marginheight=\"0\" scrolling=\"no\" class=\"wp-embedded-content\"><\/iframe><script type=\"text\/javascript\">\n\/* <![CDATA[ *\/\n\/*! This file is auto-generated *\/\n!function(d,l){\"use strict\";l.querySelector&&d.addEventListener&&\"undefined\"!=typeof URL&&(d.wp=d.wp||{},d.wp.receiveEmbedMessage||(d.wp.receiveEmbedMessage=function(e){var t=e.data;if((t||t.secret||t.message||t.value)&&!\/[^a-zA-Z0-9]\/.test(t.secret)){for(var s,r,n,a=l.querySelectorAll('iframe[data-secret=\"'+t.secret+'\"]'),o=l.querySelectorAll('blockquote[data-secret=\"'+t.secret+'\"]'),c=new RegExp(\"^https?:$\",\"i\"),i=0;i<o.length;i++)o[i].style.display=\"none\";for(i=0;i<a.length;i++)s=a[i],e.source===s.contentWindow&&(s.removeAttribute(\"style\"),\"height\"===t.message?(1e3<(r=parseInt(t.value,10))?r=1e3:~~r<200&&(r=200),s.height=r):\"link\"===t.message&&(r=new URL(s.getAttribute(\"src\")),n=new URL(t.value),c.test(n.protocol))&&n.host===r.host&&l.activeElement===s&&(d.top.location.href=t.value))}},d.addEventListener(\"message\",d.wp.receiveEmbedMessage,!1),l.addEventListener(\"DOMContentLoaded\",function(){for(var e,t,s=l.querySelectorAll(\"iframe.wp-embedded-content\"),r=0;r<s.length;r++)(t=(e=s[r]).getAttribute(\"data-secret\"))||(t=Math.random().toString(36).substring(2,12),e.src+=\"#?secret=\"+t,e.setAttribute(\"data-secret\",t)),e.contentWindow.postMessage({message:\"ready\",secret:t},\"*\")},!1)))}(window,document);\n\/\/# sourceURL=https:\/\/proagrolab.com.ar\/wp-includes\/js\/wp-embed.min.js\n\/* ]]> *\/\n<\/script>\n","thumbnail_url":"https:\/\/proagrolab.com.ar\/wp-content\/uploads\/2015\/01\/g_rsu8x7yc5__Vacas-12.jpg","thumbnail_width":450,"thumbnail_height":208,"description":"Hay varios sectores estrat\u00e9gicos para la econom\u00eda de la Regi\u00f3n Centro que encaran la recta final del 2013 con se\u00f1ales de alerta.La econom\u00eda de la Regi\u00f3n Centro, con eje en su competitiva agroindustria, encara la recta final del 2013 con un leve crecimiento y con luces de alerta en algunos sectores clave, como el orde\u00f1e en los tambos, la producci\u00f3n de biodi\u00e9sel y el comienzo de una nueva tendencia de liquidaci\u00f3n de vientres en la cadena ganadera. Adem\u00e1s, preocupa la contracci\u00f3n del empleo y el estancamiento en la oferta de nuevos trabajos. \u0093T\u00e9cnicamente, la econom\u00eda est\u00e1 creciendo nuevamente, aunque las tasas por ahora son moderadas\u0094, asegura el \u00faltimo informe de Indicadores Econ\u00f3micos de la Regi\u00f3n Centro, que elabora el equipo de Ana In\u00e9s Navarro en la Universidad Austral. El estudio reconoce que hay algunos signos positivos, pero advierte sobre el deterioro del mercado laboral. Al comparar las cifras del per\u00edodo abril-junio, entre 2012 y 2013, el trabajo confirma que se perdieron 11.000 empleos en la Regi\u00f3n Centro. \u0093La oferta laboral est\u00e1 creciendo muy por debajo de lo que lo hac\u00eda en los trimestres anteriores\u0094, se\u00f1ala la Austral, que insiste en que la tendencia todav\u00eda no se revirti\u00f3 y que la [&hellip;]"}

La Región Centro a media máquina. | Proagro

<blockquote class="wp-embedded-content" data-secret="cAr6BAzKU4"><a href="https://proagrolab.com.ar/en/la-region-centro-a-media-maquina/">La Región Centro a media máquina.</a></blockquote><iframe sandbox="allow-scripts" security="restricted" src="https://proagrolab.com.ar/en/la-region-centro-a-media-maquina/embed/#?secret=cAr6BAzKU4" width="600" height="338" title="&#8220;La Región Centro a media máquina.&#8221; &#8212; Proagro" data-secret="cAr6BAzKU4" frameborder="0" marginwidth="0" marginheight="0" scrolling="no" class="wp-embedded-content"></iframe><script type="text/javascript">
/* <![CDATA[ */
/*! This file is auto-generated */
!function(d,l){"use strict";l.querySelector&&d.addEventListener&&"undefined"!=typeof URL&&(d.wp=d.wp||{},d.wp.receiveEmbedMessage||(d.wp.receiveEmbedMessage=function(e){var t=e.data;if((t||t.secret||t.message||t.value)&&!/[^a-zA-Z0-9]/.test(t.secret)){for(var s,r,n,a=l.querySelectorAll('iframe[data-secret="'+t.secret+'"]'),o=l.querySelectorAll('blockquote[data-secret="'+t.secret+'"]'),c=new RegExp("^https?:$","i"),i=0;i<o.length;i++)o[i].style.display="none";for(i=0;i<a.length;i++)s=a[i],e.source===s.contentWindow&&(s.removeAttribute("style"),"height"===t.message?(1e3<(r=parseInt(t.value,10))?r=1e3:~~r<200&&(r=200),s.height=r):"link"===t.message&&(r=new URL(s.getAttribute("src")),n=new URL(t.value),c.test(n.protocol))&&n.host===r.host&&l.activeElement===s&&(d.top.location.href=t.value))}},d.addEventListener("message",d.wp.receiveEmbedMessage,!1),l.addEventListener("DOMContentLoaded",function(){for(var e,t,s=l.querySelectorAll("iframe.wp-embedded-content"),r=0;r<s.length;r++)(t=(e=s[r]).getAttribute("data-secret"))||(t=Math.random().toString(36).substring(2,12),e.src+="#?secret="+t,e.setAttribute("data-secret",t)),e.contentWindow.postMessage({message:"ready",secret:t},"*")},!1)))}(window,document);
//# sourceURL=https://proagrolab.com.ar/wp-includes/js/wp-embed.min.js
/* ]]> */
</script>

Hay varios sectores estratégicos para la economía de la Región Centro que encaran la recta final del 2013 con señales de alerta.La economía de la Región Centro, con eje en su competitiva agroindustria, encara la recta final del 2013 con un leve crecimiento y con luces de alerta en algunos sectores clave, como el ordeñe en los tambos, la producción de biodiésel y el comienzo de una nueva tendencia de liquidación de vientres en la cadena ganadera. Además, preocupa la contracción del empleo y el estancamiento en la oferta de nuevos trabajos. Técnicamente, la economía está creciendo nuevamente, aunque las tasas por ahora son moderadas, asegura el último informe de Indicadores Económicos de la Región Centro, que elabora el equipo de Ana Inés Navarro en la Universidad Austral. El estudio reconoce que hay algunos signos positivos, pero advierte sobre el deterioro del mercado laboral. Al comparar las cifras del período abril-junio, entre 2012 y 2013, el trabajo confirma que se perdieron 11.000 empleos en la Región Centro. La oferta laboral está creciendo muy por debajo de lo que lo hacía en los trimestres anteriores, señala la Austral, que insiste en que la tendencia todavía no se revirtió y que la [&hellip;]
