{"version":"1.0","provider_name":"Proagro","provider_url":"https:\/\/proagrolab.com.ar\/en","title":"La pre\u00f1ez del ciclo 2013\/14 plantea dudas. | Proagro","type":"rich","width":600,"height":338,"html":"<blockquote class=\"wp-embedded-content\" data-secret=\"IE5WsyQunb\"><a href=\"https:\/\/proagrolab.com.ar\/en\/la-prenez-del-ciclo-201314-plantea-dudas\/\">La pre\u00f1ez del ciclo 2013\/14 plantea dudas.<\/a><\/blockquote><iframe sandbox=\"allow-scripts\" security=\"restricted\" src=\"https:\/\/proagrolab.com.ar\/en\/la-prenez-del-ciclo-201314-plantea-dudas\/embed\/#?secret=IE5WsyQunb\" width=\"600\" height=\"338\" title=\"&#8220;La pre\u00f1ez del ciclo 2013\/14 plantea dudas.&#8221; &#8212; Proagro\" data-secret=\"IE5WsyQunb\" frameborder=\"0\" marginwidth=\"0\" marginheight=\"0\" scrolling=\"no\" class=\"wp-embedded-content\"><\/iframe><script type=\"text\/javascript\">\n\/* <![CDATA[ *\/\n\/*! This file is auto-generated *\/\n!function(d,l){\"use strict\";l.querySelector&&d.addEventListener&&\"undefined\"!=typeof URL&&(d.wp=d.wp||{},d.wp.receiveEmbedMessage||(d.wp.receiveEmbedMessage=function(e){var t=e.data;if((t||t.secret||t.message||t.value)&&!\/[^a-zA-Z0-9]\/.test(t.secret)){for(var s,r,n,a=l.querySelectorAll('iframe[data-secret=\"'+t.secret+'\"]'),o=l.querySelectorAll('blockquote[data-secret=\"'+t.secret+'\"]'),c=new RegExp(\"^https?:$\",\"i\"),i=0;i<o.length;i++)o[i].style.display=\"none\";for(i=0;i<a.length;i++)s=a[i],e.source===s.contentWindow&&(s.removeAttribute(\"style\"),\"height\"===t.message?(1e3<(r=parseInt(t.value,10))?r=1e3:~~r<200&&(r=200),s.height=r):\"link\"===t.message&&(r=new URL(s.getAttribute(\"src\")),n=new URL(t.value),c.test(n.protocol))&&n.host===r.host&&l.activeElement===s&&(d.top.location.href=t.value))}},d.addEventListener(\"message\",d.wp.receiveEmbedMessage,!1),l.addEventListener(\"DOMContentLoaded\",function(){for(var e,t,s=l.querySelectorAll(\"iframe.wp-embedded-content\"),r=0;r<s.length;r++)(t=(e=s[r]).getAttribute(\"data-secret\"))||(t=Math.random().toString(36).substring(2,12),e.src+=\"#?secret=\"+t,e.setAttribute(\"data-secret\",t)),e.contentWindow.postMessage({message:\"ready\",secret:t},\"*\")},!1)))}(window,document);\n\/\/# sourceURL=https:\/\/proagrolab.com.ar\/wp-includes\/js\/wp-embed.min.js\n\/* ]]> *\/\n<\/script>\n","thumbnail_url":"https:\/\/proagrolab.com.ar\/wp-content\/uploads\/2015\/01\/g_7ewf35sx6__Vacas-Hereford-3.jpg","thumbnail_width":450,"thumbnail_height":208,"description":"Ing. Juan C. Elizalde, Ph.D. y Ing. Agr., M.Sci. Sebastian Riffel. Los tactos realizados al momento en empresas de punta de la Cuenca del Salado revelan porcentajes de gestaci\u00f3n inferiores a lo habitual a causa de las altas temperaturas del verano. Los posibles impactos a nivel nacional. Por Juan Elizalde y Sebasti\u00e1n Riffel. Las pre\u00f1eces que se est\u00e1n detectando por medio de tactos rectales en la Cuenca del Salado, Buenos Aires, son inferiores a las del ciclo anterior y a las del promedio de los \u00faltimos a\u00f1os. Una situaci\u00f3n similar se diagnostic\u00f3 en varias regiones de Uruguay. Si bien el panorama var\u00eda seg\u00fan los campos y las categor\u00edas monitoreadas dentro de los mismos, la problem\u00e1tica ocurre especialmente en empresas que cuentan con asesoramiento t\u00e9cnico y cuyos porcentajes de pre\u00f1ez superan habitualmente el 90%. Otro dato elocuente del perfil de las mismas es que la mayor\u00eda son libres de brucelosis y tuberculosis. Esos establecimientos realizan el servicio temprano debido a que las vacas paren sobre recursos mejorados de invierno como promociones de raigr\u00e1s y pasturas. En ese sentido, los primeros tactos corresponden a servicios iniciados a mediados de septiembre o principios de octubre y terminados a fines de diciembre, con una [&hellip;]"}

La preñez del ciclo 2013/14 plantea dudas. | Proagro

<blockquote class="wp-embedded-content" data-secret="IE5WsyQunb"><a href="https://proagrolab.com.ar/en/la-prenez-del-ciclo-201314-plantea-dudas/">La preñez del ciclo 2013/14 plantea dudas.</a></blockquote><iframe sandbox="allow-scripts" security="restricted" src="https://proagrolab.com.ar/en/la-prenez-del-ciclo-201314-plantea-dudas/embed/#?secret=IE5WsyQunb" width="600" height="338" title="&#8220;La preñez del ciclo 2013/14 plantea dudas.&#8221; &#8212; Proagro" data-secret="IE5WsyQunb" frameborder="0" marginwidth="0" marginheight="0" scrolling="no" class="wp-embedded-content"></iframe><script type="text/javascript">
/* <![CDATA[ */
/*! This file is auto-generated */
!function(d,l){"use strict";l.querySelector&&d.addEventListener&&"undefined"!=typeof URL&&(d.wp=d.wp||{},d.wp.receiveEmbedMessage||(d.wp.receiveEmbedMessage=function(e){var t=e.data;if((t||t.secret||t.message||t.value)&&!/[^a-zA-Z0-9]/.test(t.secret)){for(var s,r,n,a=l.querySelectorAll('iframe[data-secret="'+t.secret+'"]'),o=l.querySelectorAll('blockquote[data-secret="'+t.secret+'"]'),c=new RegExp("^https?:$","i"),i=0;i<o.length;i++)o[i].style.display="none";for(i=0;i<a.length;i++)s=a[i],e.source===s.contentWindow&&(s.removeAttribute("style"),"height"===t.message?(1e3<(r=parseInt(t.value,10))?r=1e3:~~r<200&&(r=200),s.height=r):"link"===t.message&&(r=new URL(s.getAttribute("src")),n=new URL(t.value),c.test(n.protocol))&&n.host===r.host&&l.activeElement===s&&(d.top.location.href=t.value))}},d.addEventListener("message",d.wp.receiveEmbedMessage,!1),l.addEventListener("DOMContentLoaded",function(){for(var e,t,s=l.querySelectorAll("iframe.wp-embedded-content"),r=0;r<s.length;r++)(t=(e=s[r]).getAttribute("data-secret"))||(t=Math.random().toString(36).substring(2,12),e.src+="#?secret="+t,e.setAttribute("data-secret",t)),e.contentWindow.postMessage({message:"ready",secret:t},"*")},!1)))}(window,document);
//# sourceURL=https://proagrolab.com.ar/wp-includes/js/wp-embed.min.js
/* ]]> */
</script>

Ing. Juan C. Elizalde, Ph.D. y Ing. Agr., M.Sci. Sebastian Riffel. Los tactos realizados al momento en empresas de punta de la Cuenca del Salado revelan porcentajes de gestación inferiores a lo habitual a causa de las altas temperaturas del verano. Los posibles impactos a nivel nacional. Por Juan Elizalde y Sebastián Riffel. Las preñeces que se están detectando por medio de tactos rectales en la Cuenca del Salado, Buenos Aires, son inferiores a las del ciclo anterior y a las del promedio de los últimos años. Una situación similar se diagnosticó en varias regiones de Uruguay. Si bien el panorama varía según los campos y las categorías monitoreadas dentro de los mismos, la problemática ocurre especialmente en empresas que cuentan con asesoramiento técnico y cuyos porcentajes de preñez superan habitualmente el 90%. Otro dato elocuente del perfil de las mismas es que la mayoría son libres de brucelosis y tuberculosis. Esos establecimientos realizan el servicio temprano debido a que las vacas paren sobre recursos mejorados de invierno como promociones de raigrás y pasturas. En ese sentido, los primeros tactos corresponden a servicios iniciados a mediados de septiembre o principios de octubre y terminados a fines de diciembre, con una [&hellip;]
