{"version":"1.0","provider_name":"Proagro","provider_url":"https:\/\/proagrolab.com.ar\/en","title":"La ganader\u00eda sigue en la senda de recuperaci\u00f3n. | Proagro","type":"rich","width":600,"height":338,"html":"<blockquote class=\"wp-embedded-content\" data-secret=\"ldI8dUz7YC\"><a href=\"https:\/\/proagrolab.com.ar\/en\/la-ganaderia-sigue-en-la-senda-de-recuperacion\/\">La ganader\u00eda sigue en la senda de recuperaci\u00f3n.<\/a><\/blockquote><iframe sandbox=\"allow-scripts\" security=\"restricted\" src=\"https:\/\/proagrolab.com.ar\/en\/la-ganaderia-sigue-en-la-senda-de-recuperacion\/embed\/#?secret=ldI8dUz7YC\" width=\"600\" height=\"338\" title=\"&#8220;La ganader\u00eda sigue en la senda de recuperaci\u00f3n.&#8221; &#8212; Proagro\" data-secret=\"ldI8dUz7YC\" frameborder=\"0\" marginwidth=\"0\" marginheight=\"0\" scrolling=\"no\" class=\"wp-embedded-content\"><\/iframe><script type=\"text\/javascript\">\n\/* <![CDATA[ *\/\n\/*! This file is auto-generated *\/\n!function(d,l){\"use strict\";l.querySelector&&d.addEventListener&&\"undefined\"!=typeof URL&&(d.wp=d.wp||{},d.wp.receiveEmbedMessage||(d.wp.receiveEmbedMessage=function(e){var t=e.data;if((t||t.secret||t.message||t.value)&&!\/[^a-zA-Z0-9]\/.test(t.secret)){for(var s,r,n,a=l.querySelectorAll('iframe[data-secret=\"'+t.secret+'\"]'),o=l.querySelectorAll('blockquote[data-secret=\"'+t.secret+'\"]'),c=new RegExp(\"^https?:$\",\"i\"),i=0;i<o.length;i++)o[i].style.display=\"none\";for(i=0;i<a.length;i++)s=a[i],e.source===s.contentWindow&&(s.removeAttribute(\"style\"),\"height\"===t.message?(1e3<(r=parseInt(t.value,10))?r=1e3:~~r<200&&(r=200),s.height=r):\"link\"===t.message&&(r=new URL(s.getAttribute(\"src\")),n=new URL(t.value),c.test(n.protocol))&&n.host===r.host&&l.activeElement===s&&(d.top.location.href=t.value))}},d.addEventListener(\"message\",d.wp.receiveEmbedMessage,!1),l.addEventListener(\"DOMContentLoaded\",function(){for(var e,t,s=l.querySelectorAll(\"iframe.wp-embedded-content\"),r=0;r<s.length;r++)(t=(e=s[r]).getAttribute(\"data-secret\"))||(t=Math.random().toString(36).substring(2,12),e.src+=\"#?secret=\"+t,e.setAttribute(\"data-secret\",t)),e.contentWindow.postMessage({message:\"ready\",secret:t},\"*\")},!1)))}(window,document);\n\/\/# sourceURL=https:\/\/proagrolab.com.ar\/wp-includes\/js\/wp-embed.min.js\n\/* ]]> *\/\n<\/script>\n","thumbnail_url":"https:\/\/proagrolab.com.ar\/wp-content\/uploads\/2015\/01\/g_9rh3v5m67__Vacas-3.jpg","thumbnail_width":450,"thumbnail_height":208,"description":"De acuerdo a un informe elaborado por el \u00c1rea de Estad\u00edstica y Econom\u00eda del Instituto de Promoci\u00f3n de la Carne Vacuna Argentina, el proceso de recuperaci\u00f3n del rodeo bovino nacional iniciado en el a\u00f1o 2011 sigue su marcha, al menos hasta mediados del segundo trimestre del corriente a\u00f1o, llegando a un valor aproximado de 50,9 millones de bovinos, casi tres millones por encima del piso de marzo de 2011, aunque lejos de los 60 millones contabilizados al final del verano de 2007. Sin embargo, el perfil de la recuperaci\u00f3n del rodeo bovino nacional se encuentra limitado a las categor\u00edas m\u00e1s puras de cr\u00eda: vacas y terneros y terneras, ya que la disponibilidad de las categor\u00edas m\u00e1s requeridas para la producci\u00f3n de carne, como novillos, novillitos y vaquillonas, a\u00fan se encuentran en niveles inferiores a los del punto m\u00ednimo de 2011. La faena bovina durante el segundo trimestre del a\u00f1o 2013 se ubic\u00f3 apenas por debajo de los 3,16 millones de cabezas, una cantidad levemente superior a los valores correspondientes al primer trimestre del a\u00f1o, cuando se hab\u00edan faenado poco menos de 3,07 millones de bovinos. Respecto al primer trimestre del a\u00f1o 2013, la faena tuvo una suba del (+3,0%). Con [&hellip;]"}

La ganadería sigue en la senda de recuperación. | Proagro

<blockquote class="wp-embedded-content" data-secret="ldI8dUz7YC"><a href="https://proagrolab.com.ar/en/la-ganaderia-sigue-en-la-senda-de-recuperacion/">La ganadería sigue en la senda de recuperación.</a></blockquote><iframe sandbox="allow-scripts" security="restricted" src="https://proagrolab.com.ar/en/la-ganaderia-sigue-en-la-senda-de-recuperacion/embed/#?secret=ldI8dUz7YC" width="600" height="338" title="&#8220;La ganadería sigue en la senda de recuperación.&#8221; &#8212; Proagro" data-secret="ldI8dUz7YC" frameborder="0" marginwidth="0" marginheight="0" scrolling="no" class="wp-embedded-content"></iframe><script type="text/javascript">
/* <![CDATA[ */
/*! This file is auto-generated */
!function(d,l){"use strict";l.querySelector&&d.addEventListener&&"undefined"!=typeof URL&&(d.wp=d.wp||{},d.wp.receiveEmbedMessage||(d.wp.receiveEmbedMessage=function(e){var t=e.data;if((t||t.secret||t.message||t.value)&&!/[^a-zA-Z0-9]/.test(t.secret)){for(var s,r,n,a=l.querySelectorAll('iframe[data-secret="'+t.secret+'"]'),o=l.querySelectorAll('blockquote[data-secret="'+t.secret+'"]'),c=new RegExp("^https?:$","i"),i=0;i<o.length;i++)o[i].style.display="none";for(i=0;i<a.length;i++)s=a[i],e.source===s.contentWindow&&(s.removeAttribute("style"),"height"===t.message?(1e3<(r=parseInt(t.value,10))?r=1e3:~~r<200&&(r=200),s.height=r):"link"===t.message&&(r=new URL(s.getAttribute("src")),n=new URL(t.value),c.test(n.protocol))&&n.host===r.host&&l.activeElement===s&&(d.top.location.href=t.value))}},d.addEventListener("message",d.wp.receiveEmbedMessage,!1),l.addEventListener("DOMContentLoaded",function(){for(var e,t,s=l.querySelectorAll("iframe.wp-embedded-content"),r=0;r<s.length;r++)(t=(e=s[r]).getAttribute("data-secret"))||(t=Math.random().toString(36).substring(2,12),e.src+="#?secret="+t,e.setAttribute("data-secret",t)),e.contentWindow.postMessage({message:"ready",secret:t},"*")},!1)))}(window,document);
//# sourceURL=https://proagrolab.com.ar/wp-includes/js/wp-embed.min.js
/* ]]> */
</script>

De acuerdo a un informe elaborado por el Área de Estadística y Economía del Instituto de Promoción de la Carne Vacuna Argentina, el proceso de recuperación del rodeo bovino nacional iniciado en el año 2011 sigue su marcha, al menos hasta mediados del segundo trimestre del corriente año, llegando a un valor aproximado de 50,9 millones de bovinos, casi tres millones por encima del piso de marzo de 2011, aunque lejos de los 60 millones contabilizados al final del verano de 2007. Sin embargo, el perfil de la recuperación del rodeo bovino nacional se encuentra limitado a las categorías más puras de cría: vacas y terneros y terneras, ya que la disponibilidad de las categorías más requeridas para la producción de carne, como novillos, novillitos y vaquillonas, aún se encuentran en niveles inferiores a los del punto mínimo de 2011. La faena bovina durante el segundo trimestre del año 2013 se ubicó apenas por debajo de los 3,16 millones de cabezas, una cantidad levemente superior a los valores correspondientes al primer trimestre del año, cuando se habían faenado poco menos de 3,07 millones de bovinos. Respecto al primer trimestre del año 2013, la faena tuvo una suba del (+3,0%). Con [&hellip;]
