{"version":"1.0","provider_name":"Proagro","provider_url":"https:\/\/proagrolab.com.ar\/en","title":"La ganader\u00eda abri\u00f3 la puerta. | Proagro","type":"rich","width":600,"height":338,"html":"<blockquote class=\"wp-embedded-content\" data-secret=\"5PTBXXmHmy\"><a href=\"https:\/\/proagrolab.com.ar\/en\/la-ganaderia-abrio-la-puerta\/\">La ganader\u00eda abri\u00f3 la puerta.<\/a><\/blockquote><iframe sandbox=\"allow-scripts\" security=\"restricted\" src=\"https:\/\/proagrolab.com.ar\/en\/la-ganaderia-abrio-la-puerta\/embed\/#?secret=5PTBXXmHmy\" width=\"600\" height=\"338\" title=\"&#8220;La ganader\u00eda abri\u00f3 la puerta.&#8221; &#8212; Proagro\" data-secret=\"5PTBXXmHmy\" frameborder=\"0\" marginwidth=\"0\" marginheight=\"0\" scrolling=\"no\" class=\"wp-embedded-content\"><\/iframe><script type=\"text\/javascript\">\n\/* <![CDATA[ *\/\n\/*! This file is auto-generated *\/\n!function(d,l){\"use strict\";l.querySelector&&d.addEventListener&&\"undefined\"!=typeof URL&&(d.wp=d.wp||{},d.wp.receiveEmbedMessage||(d.wp.receiveEmbedMessage=function(e){var t=e.data;if((t||t.secret||t.message||t.value)&&!\/[^a-zA-Z0-9]\/.test(t.secret)){for(var s,r,n,a=l.querySelectorAll('iframe[data-secret=\"'+t.secret+'\"]'),o=l.querySelectorAll('blockquote[data-secret=\"'+t.secret+'\"]'),c=new RegExp(\"^https?:$\",\"i\"),i=0;i<o.length;i++)o[i].style.display=\"none\";for(i=0;i<a.length;i++)s=a[i],e.source===s.contentWindow&&(s.removeAttribute(\"style\"),\"height\"===t.message?(1e3<(r=parseInt(t.value,10))?r=1e3:~~r<200&&(r=200),s.height=r):\"link\"===t.message&&(r=new URL(s.getAttribute(\"src\")),n=new URL(t.value),c.test(n.protocol))&&n.host===r.host&&l.activeElement===s&&(d.top.location.href=t.value))}},d.addEventListener(\"message\",d.wp.receiveEmbedMessage,!1),l.addEventListener(\"DOMContentLoaded\",function(){for(var e,t,s=l.querySelectorAll(\"iframe.wp-embedded-content\"),r=0;r<s.length;r++)(t=(e=s[r]).getAttribute(\"data-secret\"))||(t=Math.random().toString(36).substring(2,12),e.src+=\"#?secret=\"+t,e.setAttribute(\"data-secret\",t)),e.contentWindow.postMessage({message:\"ready\",secret:t},\"*\")},!1)))}(window,document);\n\/\/# sourceURL=https:\/\/proagrolab.com.ar\/wp-includes\/js\/wp-embed.min.js\n\/* ]]> *\/\n<\/script>\n","thumbnail_url":"https:\/\/proagrolab.com.ar\/wp-content\/uploads\/2015\/01\/g_0bxc4jazg__Angus-en-la-Rural.jpg","thumbnail_width":450,"thumbnail_height":208,"description":"Por Lucas Villamil. El sector ganadero argentino arranc\u00f3 su cl\u00e1sico anual en un dif\u00edcil momento productivo, con precios estables pero con una fuerte suba en los costos, que impactan en la rentabilidad. Pero muestra, como siempre, su enorme potencial. La exposici\u00f3n Rural de Palermo funciona cada a\u00f1o como un term\u00f3metro de la ganader\u00eda argentina. Durante dos semanas, justo en la mitad del a\u00f1o, los referentes de la actividad se re\u00fanen alrededor de los mejores animales de cada raza para debatir y evaluar el estado de situaci\u00f3n en t\u00e9rminos econ\u00f3micos y productivos. Los precios, los vol\u00famenes, las tendencias y la evoluci\u00f3n de la gen\u00e9tica bovina son los temas principales en los pabellones y en la pista central de la muestra. Este a\u00f1o los \u00e1nimos est\u00e1n divididos. La gen\u00e9tica que llen\u00f3 los boxes es una muestra de la constante evoluci\u00f3n que buscan los productores, pero los indicadores del mercado generan en los empresarios m\u00e1s incertidumbre que certezas. Clar\u00edn Rural recorri\u00f3 la expo y convers\u00f3 con los directivos de las principales razas para saber c\u00f3mo llegan a esta instancia. Juan Bullo, director ejecutivo de la Asociaci\u00f3n Argentina de Criadores de Hereford, que en esta edici\u00f3n de La Rural participa con 135 animales de [&hellip;]"}

La ganadería abrió la puerta. | Proagro

<blockquote class="wp-embedded-content" data-secret="5PTBXXmHmy"><a href="https://proagrolab.com.ar/en/la-ganaderia-abrio-la-puerta/">La ganadería abrió la puerta.</a></blockquote><iframe sandbox="allow-scripts" security="restricted" src="https://proagrolab.com.ar/en/la-ganaderia-abrio-la-puerta/embed/#?secret=5PTBXXmHmy" width="600" height="338" title="&#8220;La ganadería abrió la puerta.&#8221; &#8212; Proagro" data-secret="5PTBXXmHmy" frameborder="0" marginwidth="0" marginheight="0" scrolling="no" class="wp-embedded-content"></iframe><script type="text/javascript">
/* <![CDATA[ */
/*! This file is auto-generated */
!function(d,l){"use strict";l.querySelector&&d.addEventListener&&"undefined"!=typeof URL&&(d.wp=d.wp||{},d.wp.receiveEmbedMessage||(d.wp.receiveEmbedMessage=function(e){var t=e.data;if((t||t.secret||t.message||t.value)&&!/[^a-zA-Z0-9]/.test(t.secret)){for(var s,r,n,a=l.querySelectorAll('iframe[data-secret="'+t.secret+'"]'),o=l.querySelectorAll('blockquote[data-secret="'+t.secret+'"]'),c=new RegExp("^https?:$","i"),i=0;i<o.length;i++)o[i].style.display="none";for(i=0;i<a.length;i++)s=a[i],e.source===s.contentWindow&&(s.removeAttribute("style"),"height"===t.message?(1e3<(r=parseInt(t.value,10))?r=1e3:~~r<200&&(r=200),s.height=r):"link"===t.message&&(r=new URL(s.getAttribute("src")),n=new URL(t.value),c.test(n.protocol))&&n.host===r.host&&l.activeElement===s&&(d.top.location.href=t.value))}},d.addEventListener("message",d.wp.receiveEmbedMessage,!1),l.addEventListener("DOMContentLoaded",function(){for(var e,t,s=l.querySelectorAll("iframe.wp-embedded-content"),r=0;r<s.length;r++)(t=(e=s[r]).getAttribute("data-secret"))||(t=Math.random().toString(36).substring(2,12),e.src+="#?secret="+t,e.setAttribute("data-secret",t)),e.contentWindow.postMessage({message:"ready",secret:t},"*")},!1)))}(window,document);
//# sourceURL=https://proagrolab.com.ar/wp-includes/js/wp-embed.min.js
/* ]]> */
</script>

Por Lucas Villamil. El sector ganadero argentino arrancó su clásico anual en un difícil momento productivo, con precios estables pero con una fuerte suba en los costos, que impactan en la rentabilidad. Pero muestra, como siempre, su enorme potencial. La exposición Rural de Palermo funciona cada año como un termómetro de la ganadería argentina. Durante dos semanas, justo en la mitad del año, los referentes de la actividad se reúnen alrededor de los mejores animales de cada raza para debatir y evaluar el estado de situación en términos económicos y productivos. Los precios, los volúmenes, las tendencias y la evolución de la genética bovina son los temas principales en los pabellones y en la pista central de la muestra. Este año los ánimos están divididos. La genética que llenó los boxes es una muestra de la constante evolución que buscan los productores, pero los indicadores del mercado generan en los empresarios más incertidumbre que certezas. Clarín Rural recorrió la expo y conversó con los directivos de las principales razas para saber cómo llegan a esta instancia. Juan Bullo, director ejecutivo de la Asociación Argentina de Criadores de Hereford, que en esta edición de La Rural participa con 135 animales de [&hellip;]
