{"version":"1.0","provider_name":"Proagro","provider_url":"https:\/\/proagrolab.com.ar\/en","title":"La faena se recupera, pero no lo suficiente. | Proagro","type":"rich","width":600,"height":338,"html":"<blockquote class=\"wp-embedded-content\" data-secret=\"hrgtrAvL7y\"><a href=\"https:\/\/proagrolab.com.ar\/en\/la-faena-se-recupera-pero-no-lo-suficiente\/\">La faena se recupera, pero no lo suficiente.<\/a><\/blockquote><iframe sandbox=\"allow-scripts\" security=\"restricted\" src=\"https:\/\/proagrolab.com.ar\/en\/la-faena-se-recupera-pero-no-lo-suficiente\/embed\/#?secret=hrgtrAvL7y\" width=\"600\" height=\"338\" title=\"&#8220;La faena se recupera, pero no lo suficiente.&#8221; &#8212; Proagro\" data-secret=\"hrgtrAvL7y\" frameborder=\"0\" marginwidth=\"0\" marginheight=\"0\" scrolling=\"no\" class=\"wp-embedded-content\"><\/iframe><script type=\"text\/javascript\">\n\/* <![CDATA[ *\/\n\/*! This file is auto-generated *\/\n!function(d,l){\"use strict\";l.querySelector&&d.addEventListener&&\"undefined\"!=typeof URL&&(d.wp=d.wp||{},d.wp.receiveEmbedMessage||(d.wp.receiveEmbedMessage=function(e){var t=e.data;if((t||t.secret||t.message||t.value)&&!\/[^a-zA-Z0-9]\/.test(t.secret)){for(var s,r,n,a=l.querySelectorAll('iframe[data-secret=\"'+t.secret+'\"]'),o=l.querySelectorAll('blockquote[data-secret=\"'+t.secret+'\"]'),c=new RegExp(\"^https?:$\",\"i\"),i=0;i<o.length;i++)o[i].style.display=\"none\";for(i=0;i<a.length;i++)s=a[i],e.source===s.contentWindow&&(s.removeAttribute(\"style\"),\"height\"===t.message?(1e3<(r=parseInt(t.value,10))?r=1e3:~~r<200&&(r=200),s.height=r):\"link\"===t.message&&(r=new URL(s.getAttribute(\"src\")),n=new URL(t.value),c.test(n.protocol))&&n.host===r.host&&l.activeElement===s&&(d.top.location.href=t.value))}},d.addEventListener(\"message\",d.wp.receiveEmbedMessage,!1),l.addEventListener(\"DOMContentLoaded\",function(){for(var e,t,s=l.querySelectorAll(\"iframe.wp-embedded-content\"),r=0;r<s.length;r++)(t=(e=s[r]).getAttribute(\"data-secret\"))||(t=Math.random().toString(36).substring(2,12),e.src+=\"#?secret=\"+t,e.setAttribute(\"data-secret\",t)),e.contentWindow.postMessage({message:\"ready\",secret:t},\"*\")},!1)))}(window,document);\n\/\/# sourceURL=https:\/\/proagrolab.com.ar\/wp-includes\/js\/wp-embed.min.js\n\/* ]]> *\/\n<\/script>\n","thumbnail_url":"https:\/\/proagrolab.com.ar\/wp-content\/uploads\/2015\/01\/g_p408s7mb3__Frigorifico-3.jpg","thumbnail_width":450,"thumbnail_height":208,"description":"Por Ignacio Iriarte. En junio, la faena se recupera (+3,8 por ciento), pero no lo suficiente como para evitar que en el primer semestre la oferta ganadera se haya ubicado un 1,1 por ciento por debajo del a\u00f1o anterior. El consumo se mantiene en los 61 kilos, un par de kilos por debajo de un a\u00f1o atr\u00e1s, consecuencia de un peso medio de faena cada vez m\u00e1s bajo, y del crecimiento poblacional. PanoramaLa producci\u00f3n actual de carne vacuna se ubica al mismo nivel que en la d\u00e9cada pasada, y s\u00f3lo 100 mil toneladas por encima de las d\u00e9cadas de 1980 y de 1990. Con respecto a los \u009170, la producci\u00f3n es 250 mil toneladas mayor (+9,6 por ciento), pero la poblaci\u00f3n argentina es de 18 millones de habitantes m\u00e1s (+75 por ciento). La exportaci\u00f3n se sostiene en bajos niveles (17 mil toneladas en mayo), y los precios siguen firmes, consecuencia de una oferta restringida por las lluvias, por los paros y por los feriados. Ya estamos entrando en el segundo semestre, con el antecedente de que el a\u00f1o pasado la oferta de carne en julio-diciembre fue un nueve por ciento m\u00e1s alta que en el semestre previo, y con el [&hellip;]"}

Por Ignacio Iriarte. En junio, la faena se recupera (+3,8 por ciento), pero no lo suficiente como para evitar que en el primer semestre la oferta ganadera se haya ubicado un 1,1 por ciento por debajo del año anterior. El consumo se mantiene en los 61 kilos, un par de kilos por debajo de un año atrás, consecuencia de un peso medio de faena cada vez más bajo, y del crecimiento poblacional. PanoramaLa producción actual de carne vacuna se ubica al mismo nivel que en la década pasada, y sólo 100 mil toneladas por encima de las décadas de 1980 y de 1990. Con respecto a los 70, la producción es 250 mil toneladas mayor (+9,6 por ciento), pero la población argentina es de 18 millones de habitantes más (+75 por ciento). La exportación se sostiene en bajos niveles (17 mil toneladas en mayo), y los precios siguen firmes, consecuencia de una oferta restringida por las lluvias, por los paros y por los feriados. Ya estamos entrando en el segundo semestre, con el antecedente de que el año pasado la oferta de carne en julio-diciembre fue un nueve por ciento más alta que en el semestre previo, y con el [&hellip;]
