{"version":"1.0","provider_name":"Proagro","provider_url":"https:\/\/proagrolab.com.ar\/en","title":"La faena argentina sigue en fase de equilibrio. | Proagro","type":"rich","width":600,"height":338,"html":"<blockquote class=\"wp-embedded-content\" data-secret=\"zlaCqjA8j6\"><a href=\"https:\/\/proagrolab.com.ar\/en\/la-faena-argentina-sigue-en-fase-de-equilibrio\/\">La faena argentina sigue en fase de equilibrio.<\/a><\/blockquote><iframe sandbox=\"allow-scripts\" security=\"restricted\" src=\"https:\/\/proagrolab.com.ar\/en\/la-faena-argentina-sigue-en-fase-de-equilibrio\/embed\/#?secret=zlaCqjA8j6\" width=\"600\" height=\"338\" title=\"&#8220;La faena argentina sigue en fase de equilibrio.&#8221; &#8212; Proagro\" data-secret=\"zlaCqjA8j6\" frameborder=\"0\" marginwidth=\"0\" marginheight=\"0\" scrolling=\"no\" class=\"wp-embedded-content\"><\/iframe><script type=\"text\/javascript\">\n\/* <![CDATA[ *\/\n\/*! This file is auto-generated *\/\n!function(d,l){\"use strict\";l.querySelector&&d.addEventListener&&\"undefined\"!=typeof URL&&(d.wp=d.wp||{},d.wp.receiveEmbedMessage||(d.wp.receiveEmbedMessage=function(e){var t=e.data;if((t||t.secret||t.message||t.value)&&!\/[^a-zA-Z0-9]\/.test(t.secret)){for(var s,r,n,a=l.querySelectorAll('iframe[data-secret=\"'+t.secret+'\"]'),o=l.querySelectorAll('blockquote[data-secret=\"'+t.secret+'\"]'),c=new RegExp(\"^https?:$\",\"i\"),i=0;i<o.length;i++)o[i].style.display=\"none\";for(i=0;i<a.length;i++)s=a[i],e.source===s.contentWindow&&(s.removeAttribute(\"style\"),\"height\"===t.message?(1e3<(r=parseInt(t.value,10))?r=1e3:~~r<200&&(r=200),s.height=r):\"link\"===t.message&&(r=new URL(s.getAttribute(\"src\")),n=new URL(t.value),c.test(n.protocol))&&n.host===r.host&&l.activeElement===s&&(d.top.location.href=t.value))}},d.addEventListener(\"message\",d.wp.receiveEmbedMessage,!1),l.addEventListener(\"DOMContentLoaded\",function(){for(var e,t,s=l.querySelectorAll(\"iframe.wp-embedded-content\"),r=0;r<s.length;r++)(t=(e=s[r]).getAttribute(\"data-secret\"))||(t=Math.random().toString(36).substring(2,12),e.src+=\"#?secret=\"+t,e.setAttribute(\"data-secret\",t)),e.contentWindow.postMessage({message:\"ready\",secret:t},\"*\")},!1)))}(window,document);\n\/\/# sourceURL=https:\/\/proagrolab.com.ar\/wp-includes\/js\/wp-embed.min.js\n\/* ]]> *\/\n<\/script>\n","thumbnail_url":"https:\/\/proagrolab.com.ar\/wp-content\/uploads\/2015\/01\/g_h11o08cig__Frigorifico-2.jpg","thumbnail_width":450,"thumbnail_height":208,"description":"Durante el primer trimestre del a\u00f1o, se mantuvieron los registros de igual per\u00edodo de 2013. En marzo, se proces\u00f3 un 3% m\u00e1s que en febrero aunque los machos crecieron mucho m\u00e1s que las hembras. De sostenerse esta situaci\u00f3n, se alejar\u00eda la posibilidad de entrar en liquidaci\u00f3n. En marzo se faenaron 1.023.000 cabezas de bovinos, 7% m\u00e1s que en febrero pasado y 3% m\u00e1s que en marzo de 2013. En el aumento con respecto al mes anterior, los machos contribuyeron con +9% mientras que las hembras lo hicieron con +4%. Este menor crecimiento de las hembras permiti\u00f3 bajar su participaci\u00f3n en el total, del 46,4% de febrero al 45,3% de marzo. En la comparaci\u00f3n interanual, las hembras aumentaron el 11% mientras que los machos cayeron 2%, por lo que la participaci\u00f3n de aqu\u00e9llas aument\u00f3 en relaci\u00f3n a marzo de 2013 en 3,3 puntos porcentuales. En perspectivaEn el primer trimestre, la faena ascendi\u00f3 a 3,06 millones de cabezas, igualando los registros del mismo per\u00edodo del a\u00f1o pasado. Sin embargo, la participaci\u00f3n de las hembras en la faena trimestral fue del 46%, 4 puntos m\u00e1s que hace un a\u00f1o. La faena de los \u00faltimos 12 meses, de 12,9 millones de cabezas, super\u00f3 en [&hellip;]"}

Durante el primer trimestre del año, se mantuvieron los registros de igual período de 2013. En marzo, se procesó un 3% más que en febrero aunque los machos crecieron mucho más que las hembras. De sostenerse esta situación, se alejaría la posibilidad de entrar en liquidación. En marzo se faenaron 1.023.000 cabezas de bovinos, 7% más que en febrero pasado y 3% más que en marzo de 2013. En el aumento con respecto al mes anterior, los machos contribuyeron con +9% mientras que las hembras lo hicieron con +4%. Este menor crecimiento de las hembras permitió bajar su participación en el total, del 46,4% de febrero al 45,3% de marzo. En la comparación interanual, las hembras aumentaron el 11% mientras que los machos cayeron 2%, por lo que la participación de aquéllas aumentó en relación a marzo de 2013 en 3,3 puntos porcentuales. En perspectivaEn el primer trimestre, la faena ascendió a 3,06 millones de cabezas, igualando los registros del mismo período del año pasado. Sin embargo, la participación de las hembras en la faena trimestral fue del 46%, 4 puntos más que hace un año. La faena de los últimos 12 meses, de 12,9 millones de cabezas, superó en [&hellip;]
