{"version":"1.0","provider_name":"Proagro","provider_url":"https:\/\/proagrolab.com.ar\/en","title":"La cadena del pollo suma conocimiento. | Proagro","type":"rich","width":600,"height":338,"html":"<blockquote class=\"wp-embedded-content\" data-secret=\"BFMOQ0h8Dc\"><a href=\"https:\/\/proagrolab.com.ar\/en\/la-cadena-del-pollo-suma-conocimiento\/\">La cadena del pollo suma conocimiento.<\/a><\/blockquote><iframe sandbox=\"allow-scripts\" security=\"restricted\" src=\"https:\/\/proagrolab.com.ar\/en\/la-cadena-del-pollo-suma-conocimiento\/embed\/#?secret=BFMOQ0h8Dc\" width=\"600\" height=\"338\" title=\"&#8220;La cadena del pollo suma conocimiento.&#8221; &#8212; Proagro\" data-secret=\"BFMOQ0h8Dc\" frameborder=\"0\" marginwidth=\"0\" marginheight=\"0\" scrolling=\"no\" class=\"wp-embedded-content\"><\/iframe><script type=\"text\/javascript\">\n\/* <![CDATA[ *\/\n\/*! This file is auto-generated *\/\n!function(d,l){\"use strict\";l.querySelector&&d.addEventListener&&\"undefined\"!=typeof URL&&(d.wp=d.wp||{},d.wp.receiveEmbedMessage||(d.wp.receiveEmbedMessage=function(e){var t=e.data;if((t||t.secret||t.message||t.value)&&!\/[^a-zA-Z0-9]\/.test(t.secret)){for(var s,r,n,a=l.querySelectorAll('iframe[data-secret=\"'+t.secret+'\"]'),o=l.querySelectorAll('blockquote[data-secret=\"'+t.secret+'\"]'),c=new RegExp(\"^https?:$\",\"i\"),i=0;i<o.length;i++)o[i].style.display=\"none\";for(i=0;i<a.length;i++)s=a[i],e.source===s.contentWindow&&(s.removeAttribute(\"style\"),\"height\"===t.message?(1e3<(r=parseInt(t.value,10))?r=1e3:~~r<200&&(r=200),s.height=r):\"link\"===t.message&&(r=new URL(s.getAttribute(\"src\")),n=new URL(t.value),c.test(n.protocol))&&n.host===r.host&&l.activeElement===s&&(d.top.location.href=t.value))}},d.addEventListener(\"message\",d.wp.receiveEmbedMessage,!1),l.addEventListener(\"DOMContentLoaded\",function(){for(var e,t,s=l.querySelectorAll(\"iframe.wp-embedded-content\"),r=0;r<s.length;r++)(t=(e=s[r]).getAttribute(\"data-secret\"))||(t=Math.random().toString(36).substring(2,12),e.src+=\"#?secret=\"+t,e.setAttribute(\"data-secret\",t)),e.contentWindow.postMessage({message:\"ready\",secret:t},\"*\")},!1)))}(window,document);\n\/\/# sourceURL=https:\/\/proagrolab.com.ar\/wp-includes\/js\/wp-embed.min.js\n\/* ]]> *\/\n<\/script>\n","thumbnail_url":"https:\/\/proagrolab.com.ar\/wp-content\/uploads\/2015\/01\/g_2wdvdcd3a__Aviar-3.jpg","thumbnail_width":450,"thumbnail_height":208,"description":"En Concepci\u00f3n del Uruguay se construir\u00e1 un centro de investigaci\u00f3n av\u00edcola de punta, con fondos del INTA. Una inversi\u00f3n estrat\u00e9gica. El INTA anunci\u00f3 que invertir\u00e1 43 millones de pesos en una Unidad de Investigaciones Av\u00edcolas que se construir\u00e1 en Concepci\u00f3n del Uruguay (Entre R\u00edos). El objetivo es aumentar la competitividad de la cadena av\u00edcola, que est\u00e1 fuertemente concentrada en las granjas entrerrianas, que producen alrededor del 45% de las patas y pechugas que se consumen en el pa\u00eds y se exportan. Claudia Gallinger, especialista en nutrici\u00f3n aviar del INTA Concepci\u00f3n del Uruguay, cont\u00f3 que la unidad estar\u00e1 integrada por profesionales multidisciplinarios, como veterinarios, bioqu\u00edmicos, especialistas en bromatolog\u00eda, biotecn\u00f3logos y expertos en gesti\u00f3n ambiental, entre otros, que investigar\u00e1n c\u00f3mo potenciar la cadena av\u00edcola. La inversi\u00f3n ser\u00e1 financiada por la Fundaci\u00f3n ArgenINTA y el INTA. Oscar Valentinuz, director del INTA Entre R\u00edos, destac\u00f3 la importancia de la inversi\u00f3n. \u0093Tiene un alto impacto en la regi\u00f3n, ya que resolver\u00e1 la principal demanda de los productores relacionada con la sanidad, la gesti\u00f3n ambiental, la nutrici\u00f3n y la calidad de los pollos\u0094, asegur\u00f3. En el pa\u00eds, la industria av\u00edcola ya genera 132.000 puestos de trabajo directos, a partir del fuerte empuj\u00f3n de los \u00faltimos a\u00f1os. [&hellip;]"}

En Concepción del Uruguay se construirá un centro de investigación avícola de punta, con fondos del INTA. Una inversión estratégica. El INTA anunció que invertirá 43 millones de pesos en una Unidad de Investigaciones Avícolas que se construirá en Concepción del Uruguay (Entre Ríos). El objetivo es aumentar la competitividad de la cadena avícola, que está fuertemente concentrada en las granjas entrerrianas, que producen alrededor del 45% de las patas y pechugas que se consumen en el país y se exportan. Claudia Gallinger, especialista en nutrición aviar del INTA Concepción del Uruguay, contó que la unidad estará integrada por profesionales multidisciplinarios, como veterinarios, bioquímicos, especialistas en bromatología, biotecnólogos y expertos en gestión ambiental, entre otros, que investigarán cómo potenciar la cadena avícola. La inversión será financiada por la Fundación ArgenINTA y el INTA. Oscar Valentinuz, director del INTA Entre Ríos, destacó la importancia de la inversión. Tiene un alto impacto en la región, ya que resolverá la principal demanda de los productores relacionada con la sanidad, la gestión ambiental, la nutrición y la calidad de los pollos, aseguró. En el país, la industria avícola ya genera 132.000 puestos de trabajo directos, a partir del fuerte empujón de los últimos años. [&hellip;]
