{"version":"1.0","provider_name":"Proagro","provider_url":"https:\/\/proagrolab.com.ar\/en","title":"Jornadas a Campo del IPCVA en San Luis. | Proagro","type":"rich","width":600,"height":338,"html":"<blockquote class=\"wp-embedded-content\" data-secret=\"Rq7BIGWEsK\"><a href=\"https:\/\/proagrolab.com.ar\/en\/jornadas-a-campo-del-ipcva-en-san-luis\/\">Jornadas a Campo del IPCVA en San Luis.<\/a><\/blockquote><iframe sandbox=\"allow-scripts\" security=\"restricted\" src=\"https:\/\/proagrolab.com.ar\/en\/jornadas-a-campo-del-ipcva-en-san-luis\/embed\/#?secret=Rq7BIGWEsK\" width=\"600\" height=\"338\" title=\"&#8220;Jornadas a Campo del IPCVA en San Luis.&#8221; &#8212; Proagro\" data-secret=\"Rq7BIGWEsK\" frameborder=\"0\" marginwidth=\"0\" marginheight=\"0\" scrolling=\"no\" class=\"wp-embedded-content\"><\/iframe><script type=\"text\/javascript\">\n\/* <![CDATA[ *\/\n\/*! This file is auto-generated *\/\n!function(d,l){\"use strict\";l.querySelector&&d.addEventListener&&\"undefined\"!=typeof URL&&(d.wp=d.wp||{},d.wp.receiveEmbedMessage||(d.wp.receiveEmbedMessage=function(e){var t=e.data;if((t||t.secret||t.message||t.value)&&!\/[^a-zA-Z0-9]\/.test(t.secret)){for(var s,r,n,a=l.querySelectorAll('iframe[data-secret=\"'+t.secret+'\"]'),o=l.querySelectorAll('blockquote[data-secret=\"'+t.secret+'\"]'),c=new RegExp(\"^https?:$\",\"i\"),i=0;i<o.length;i++)o[i].style.display=\"none\";for(i=0;i<a.length;i++)s=a[i],e.source===s.contentWindow&&(s.removeAttribute(\"style\"),\"height\"===t.message?(1e3<(r=parseInt(t.value,10))?r=1e3:~~r<200&&(r=200),s.height=r):\"link\"===t.message&&(r=new URL(s.getAttribute(\"src\")),n=new URL(t.value),c.test(n.protocol))&&n.host===r.host&&l.activeElement===s&&(d.top.location.href=t.value))}},d.addEventListener(\"message\",d.wp.receiveEmbedMessage,!1),l.addEventListener(\"DOMContentLoaded\",function(){for(var e,t,s=l.querySelectorAll(\"iframe.wp-embedded-content\"),r=0;r<s.length;r++)(t=(e=s[r]).getAttribute(\"data-secret\"))||(t=Math.random().toString(36).substring(2,12),e.src+=\"#?secret=\"+t,e.setAttribute(\"data-secret\",t)),e.contentWindow.postMessage({message:\"ready\",secret:t},\"*\")},!1)))}(window,document);\n\/\/# sourceURL=https:\/\/proagrolab.com.ar\/wp-includes\/js\/wp-embed.min.js\n\/* ]]> *\/\n<\/script>\n","thumbnail_url":"https:\/\/proagrolab.com.ar\/wp-content\/uploads\/2015\/01\/g_5mrqq1n4f__IPCVA-San-Luis.jpg","thumbnail_width":450,"thumbnail_height":208,"description":"D\u00eda: viernes 27 de junioLugar: Establecimiento &#8220;Las Taguas&#8221;, a 80 kil\u00f3metros de Villa Mercedes, San Luis. Con el t\u00edtulo &#8220;La ganader\u00eda sanluise\u00f1a cambia el paradigma&#8221;, las jornadas a campo del IPCVA regresan a la Provincia de San Luis con un completo programa de disertaciones y &#8220;paradas&#8221; o salidas a campo que se llevar\u00e1n a cabo Establecimiento &#8220;LAS TAGUAS&#8221; (Ruta Prov. N\u00ba 43, a 20 Km al oeste de Rotonda Autopista N\u00b0 55 (ex Ruta 148 Sur) a 83 Km de Villa Mercedes).La jornada, en la que participar\u00e1n INTA, Pret Sur y AACREA, comenzar\u00e1 a las 8,30, incluir\u00e1 aspectos referidos a manejo del agua, nutrici\u00f3n, gen\u00e9tica, estrategias de alimentaci\u00f3n en recr\u00eda, forrajes, gen\u00e9tica y perspectivas de mercado para la carne vacuna argentina. Programa:08:30 \u0096 09:00 recepci\u00f3n 09:00 \u0096 09:30 palabras de bienvenidaSr. Jos\u00e9 Mar\u00eda Nicolato, PropietarioIng. Agr. Javier Genov\u00e9s Director EEA San LuisGonzalo \u00c1lvarez Maldonado, Presidente del IPCVA 09:30 \u0096 10:15 presentaci\u00f3n del establecimiento \u0094Las Taguas &#776;\u0094Ing.Agr. Pablo Nicolato &#8211; Ing.Agr. Martin Ginart, Asesor CREA SOVEN 10:15 \u0096 10:45La gen\u00e9tica, tecnolog\u00eda que mejora la productividad.Ing.Agr. Daniel Musi (Foro Argentino de Gen\u00e9tica Bovina) 10:45 \u0096 11:15Manejo del agua y nutrici\u00f3n vegetal en campos ganaderosIng. Agr. Alberto Quiroga, EEA, INTA Anguil 11:15 \u0096 [&hellip;]"}

Día: viernes 27 de junioLugar: Establecimiento &#8220;Las Taguas&#8221;, a 80 kilómetros de Villa Mercedes, San Luis. Con el título &#8220;La ganadería sanluiseña cambia el paradigma&#8221;, las jornadas a campo del IPCVA regresan a la Provincia de San Luis con un completo programa de disertaciones y &#8220;paradas&#8221; o salidas a campo que se llevarán a cabo Establecimiento &#8220;LAS TAGUAS&#8221; (Ruta Prov. Nº 43, a 20 Km al oeste de Rotonda Autopista N° 55 (ex Ruta 148 Sur) a 83 Km de Villa Mercedes).La jornada, en la que participarán INTA, Pret Sur y AACREA, comenzará a las 8,30, incluirá aspectos referidos a manejo del agua, nutrición, genética, estrategias de alimentación en recría, forrajes, genética y perspectivas de mercado para la carne vacuna argentina. Programa:08:30  09:00 recepción 09:00  09:30 palabras de bienvenidaSr. José María Nicolato, PropietarioIng. Agr. Javier Genovés Director EEA San LuisGonzalo Álvarez Maldonado, Presidente del IPCVA 09:30  10:15 presentación del establecimiento Las Taguas &#776;Ing.Agr. Pablo Nicolato &#8211; Ing.Agr. Martin Ginart, Asesor CREA SOVEN 10:15  10:45La genética, tecnología que mejora la productividad.Ing.Agr. Daniel Musi (Foro Argentino de Genética Bovina) 10:45  11:15Manejo del agua y nutrición vegetal en campos ganaderosIng. Agr. Alberto Quiroga, EEA, INTA Anguil 11:15  [&hellip;]
