{"version":"1.0","provider_name":"Proagro","provider_url":"https:\/\/proagrolab.com.ar\/en","title":"Ganader\u00eda: c\u00f3mo reducir el impacto del clima adverso. | Proagro","type":"rich","width":600,"height":338,"html":"<blockquote class=\"wp-embedded-content\" data-secret=\"tVoXl6YvRR\"><a href=\"https:\/\/proagrolab.com.ar\/en\/ganaderia-como-reducir-el-impacto-del-clima-adverso\/\">Ganader\u00eda: c\u00f3mo reducir el impacto del clima adverso.<\/a><\/blockquote><iframe sandbox=\"allow-scripts\" security=\"restricted\" src=\"https:\/\/proagrolab.com.ar\/en\/ganaderia-como-reducir-el-impacto-del-clima-adverso\/embed\/#?secret=tVoXl6YvRR\" width=\"600\" height=\"338\" title=\"&#8220;Ganader\u00eda: c\u00f3mo reducir el impacto del clima adverso.&#8221; &#8212; Proagro\" data-secret=\"tVoXl6YvRR\" frameborder=\"0\" marginwidth=\"0\" marginheight=\"0\" scrolling=\"no\" class=\"wp-embedded-content\"><\/iframe><script type=\"text\/javascript\">\n\/* <![CDATA[ *\/\n\/*! This file is auto-generated *\/\n!function(d,l){\"use strict\";l.querySelector&&d.addEventListener&&\"undefined\"!=typeof URL&&(d.wp=d.wp||{},d.wp.receiveEmbedMessage||(d.wp.receiveEmbedMessage=function(e){var t=e.data;if((t||t.secret||t.message||t.value)&&!\/[^a-zA-Z0-9]\/.test(t.secret)){for(var s,r,n,a=l.querySelectorAll('iframe[data-secret=\"'+t.secret+'\"]'),o=l.querySelectorAll('blockquote[data-secret=\"'+t.secret+'\"]'),c=new RegExp(\"^https?:$\",\"i\"),i=0;i<o.length;i++)o[i].style.display=\"none\";for(i=0;i<a.length;i++)s=a[i],e.source===s.contentWindow&&(s.removeAttribute(\"style\"),\"height\"===t.message?(1e3<(r=parseInt(t.value,10))?r=1e3:~~r<200&&(r=200),s.height=r):\"link\"===t.message&&(r=new URL(s.getAttribute(\"src\")),n=new URL(t.value),c.test(n.protocol))&&n.host===r.host&&l.activeElement===s&&(d.top.location.href=t.value))}},d.addEventListener(\"message\",d.wp.receiveEmbedMessage,!1),l.addEventListener(\"DOMContentLoaded\",function(){for(var e,t,s=l.querySelectorAll(\"iframe.wp-embedded-content\"),r=0;r<s.length;r++)(t=(e=s[r]).getAttribute(\"data-secret\"))||(t=Math.random().toString(36).substring(2,12),e.src+=\"#?secret=\"+t,e.setAttribute(\"data-secret\",t)),e.contentWindow.postMessage({message:\"ready\",secret:t},\"*\")},!1)))}(window,document);\n\/\/# sourceURL=https:\/\/proagrolab.com.ar\/wp-includes\/js\/wp-embed.min.js\n\/* ]]> *\/\n<\/script>\n","thumbnail_url":"https:\/\/proagrolab.com.ar\/wp-content\/uploads\/2015\/01\/g_6rpxohcgl__Vacas-3.jpg","thumbnail_width":450,"thumbnail_height":208,"description":"Recomendaciones t\u00e9cnicas para armar dietas sencillas y nutritivas a base de granos de cereal, subproductos de agroindustria y fuentes ricas en fibra para bovinos de carne y leche. El clima es variable. Los excesos y d\u00e9ficit h\u00eddricos exigen que los productores sean flexibles con sus decisiones y se adapten a los cambios para, a pesar de los imprevistos, llevar adelante su empresa ganadera. Para An\u00edbal Fern\u00e1ndez Mayer, nutricionista del INTA Bordenave \u0096Buenos Aires\u0096, existen varias alternativas que permiten amortiguar el impacto del clima adverso. En el caso de que los no puedan trasladar a los animales a sitios seguros, el especialista recomend\u00f3 \u0093aplicar dietas sencillas a base de granos de cereal, subproductos de agroindustria y fuentes ricas en fibra disponibles en la regi\u00f3n pampeana y extra-pampeana\u0094. En esta l\u00ednea, Fern\u00e1ndez Mayer destac\u00f3 el aporte energ\u00e9tico del ma\u00edz, el sorgo, la cebada, el trigo y la avena y su implementaci\u00f3n en situaciones extremas. Adem\u00e1s, record\u00f3 que, excepto con el grano de sorgo, se deben suministrar molidos y siempre con un previo y buen acostumbramiento del rumen. En cuanto a los afrechillos de trigo, ma\u00edz y arroz, el t\u00e9cnico los consider\u00f3 \u0093verdaderos suplementos energ\u00e9tico-proteicos\u0094 para bovinos para carne y leche, especialmente para [&hellip;]"}

Ganadería: cómo reducir el impacto del clima adverso. | Proagro

<blockquote class="wp-embedded-content" data-secret="tVoXl6YvRR"><a href="https://proagrolab.com.ar/en/ganaderia-como-reducir-el-impacto-del-clima-adverso/">Ganadería: cómo reducir el impacto del clima adverso.</a></blockquote><iframe sandbox="allow-scripts" security="restricted" src="https://proagrolab.com.ar/en/ganaderia-como-reducir-el-impacto-del-clima-adverso/embed/#?secret=tVoXl6YvRR" width="600" height="338" title="&#8220;Ganadería: cómo reducir el impacto del clima adverso.&#8221; &#8212; Proagro" data-secret="tVoXl6YvRR" frameborder="0" marginwidth="0" marginheight="0" scrolling="no" class="wp-embedded-content"></iframe><script type="text/javascript">
/* <![CDATA[ */
/*! This file is auto-generated */
!function(d,l){"use strict";l.querySelector&&d.addEventListener&&"undefined"!=typeof URL&&(d.wp=d.wp||{},d.wp.receiveEmbedMessage||(d.wp.receiveEmbedMessage=function(e){var t=e.data;if((t||t.secret||t.message||t.value)&&!/[^a-zA-Z0-9]/.test(t.secret)){for(var s,r,n,a=l.querySelectorAll('iframe[data-secret="'+t.secret+'"]'),o=l.querySelectorAll('blockquote[data-secret="'+t.secret+'"]'),c=new RegExp("^https?:$","i"),i=0;i<o.length;i++)o[i].style.display="none";for(i=0;i<a.length;i++)s=a[i],e.source===s.contentWindow&&(s.removeAttribute("style"),"height"===t.message?(1e3<(r=parseInt(t.value,10))?r=1e3:~~r<200&&(r=200),s.height=r):"link"===t.message&&(r=new URL(s.getAttribute("src")),n=new URL(t.value),c.test(n.protocol))&&n.host===r.host&&l.activeElement===s&&(d.top.location.href=t.value))}},d.addEventListener("message",d.wp.receiveEmbedMessage,!1),l.addEventListener("DOMContentLoaded",function(){for(var e,t,s=l.querySelectorAll("iframe.wp-embedded-content"),r=0;r<s.length;r++)(t=(e=s[r]).getAttribute("data-secret"))||(t=Math.random().toString(36).substring(2,12),e.src+="#?secret="+t,e.setAttribute("data-secret",t)),e.contentWindow.postMessage({message:"ready",secret:t},"*")},!1)))}(window,document);
//# sourceURL=https://proagrolab.com.ar/wp-includes/js/wp-embed.min.js
/* ]]> */
</script>

Recomendaciones técnicas para armar dietas sencillas y nutritivas a base de granos de cereal, subproductos de agroindustria y fuentes ricas en fibra para bovinos de carne y leche. El clima es variable. Los excesos y déficit hídricos exigen que los productores sean flexibles con sus decisiones y se adapten a los cambios para, a pesar de los imprevistos, llevar adelante su empresa ganadera. Para Aníbal Fernández Mayer, nutricionista del INTA Bordenave Buenos Aires, existen varias alternativas que permiten amortiguar el impacto del clima adverso. En el caso de que los no puedan trasladar a los animales a sitios seguros, el especialista recomendó aplicar dietas sencillas a base de granos de cereal, subproductos de agroindustria y fuentes ricas en fibra disponibles en la región pampeana y extra-pampeana. En esta línea, Fernández Mayer destacó el aporte energético del maíz, el sorgo, la cebada, el trigo y la avena y su implementación en situaciones extremas. Además, recordó que, excepto con el grano de sorgo, se deben suministrar molidos y siempre con un previo y buen acostumbramiento del rumen. En cuanto a los afrechillos de trigo, maíz y arroz, el técnico los consideró verdaderos suplementos energético-proteicos para bovinos para carne y leche, especialmente para [&hellip;]
