{"version":"1.0","provider_name":"Proagro","provider_url":"https:\/\/proagrolab.com.ar\/en","title":"En los frigor\u00edficos ya ponen los faros largos. | Proagro","type":"rich","width":600,"height":338,"html":"<blockquote class=\"wp-embedded-content\" data-secret=\"wCsJAmWVJx\"><a href=\"https:\/\/proagrolab.com.ar\/en\/en-los-frigorificos-ya-ponen-los-faros-largos\/\">En los frigor\u00edficos ya ponen los faros largos.<\/a><\/blockquote><iframe sandbox=\"allow-scripts\" security=\"restricted\" src=\"https:\/\/proagrolab.com.ar\/en\/en-los-frigorificos-ya-ponen-los-faros-largos\/embed\/#?secret=wCsJAmWVJx\" width=\"600\" height=\"338\" title=\"&#8220;En los frigor\u00edficos ya ponen los faros largos.&#8221; &#8212; Proagro\" data-secret=\"wCsJAmWVJx\" frameborder=\"0\" marginwidth=\"0\" marginheight=\"0\" scrolling=\"no\" class=\"wp-embedded-content\"><\/iframe><script type=\"text\/javascript\">\n\/* <![CDATA[ *\/\n\/*! This file is auto-generated *\/\n!function(d,l){\"use strict\";l.querySelector&&d.addEventListener&&\"undefined\"!=typeof URL&&(d.wp=d.wp||{},d.wp.receiveEmbedMessage||(d.wp.receiveEmbedMessage=function(e){var t=e.data;if((t||t.secret||t.message||t.value)&&!\/[^a-zA-Z0-9]\/.test(t.secret)){for(var s,r,n,a=l.querySelectorAll('iframe[data-secret=\"'+t.secret+'\"]'),o=l.querySelectorAll('blockquote[data-secret=\"'+t.secret+'\"]'),c=new RegExp(\"^https?:$\",\"i\"),i=0;i<o.length;i++)o[i].style.display=\"none\";for(i=0;i<a.length;i++)s=a[i],e.source===s.contentWindow&&(s.removeAttribute(\"style\"),\"height\"===t.message?(1e3<(r=parseInt(t.value,10))?r=1e3:~~r<200&&(r=200),s.height=r):\"link\"===t.message&&(r=new URL(s.getAttribute(\"src\")),n=new URL(t.value),c.test(n.protocol))&&n.host===r.host&&l.activeElement===s&&(d.top.location.href=t.value))}},d.addEventListener(\"message\",d.wp.receiveEmbedMessage,!1),l.addEventListener(\"DOMContentLoaded\",function(){for(var e,t,s=l.querySelectorAll(\"iframe.wp-embedded-content\"),r=0;r<s.length;r++)(t=(e=s[r]).getAttribute(\"data-secret\"))||(t=Math.random().toString(36).substring(2,12),e.src+=\"#?secret=\"+t,e.setAttribute(\"data-secret\",t)),e.contentWindow.postMessage({message:\"ready\",secret:t},\"*\")},!1)))}(window,document);\n\/\/# sourceURL=https:\/\/proagrolab.com.ar\/wp-includes\/js\/wp-embed.min.js\n\/* ]]> *\/\n<\/script>\n","thumbnail_url":"https:\/\/proagrolab.com.ar\/wp-content\/uploads\/2015\/01\/g_wn5nut8ob__Frigorifico-5.jpg","thumbnail_width":450,"thumbnail_height":208,"description":"Los principales exportadores analizaron la dif\u00edcil coyuntura y las muy buenas oportunidades que existen. M\u00e1s all\u00e1 del dif\u00edcil momento que atraviesa la industria frigor\u00edfica exportadora, las principales empresas del negocio, nucleadas en el Consorcio de Exportadores de Carnes Argentinas (conocido como ABC), decidieron hace pocos d\u00edas reunirse para analizar las grandes oportunidades que presenta el mercado mundial y ver qu\u00e9 deber\u00eda hacerse para aprovecharlas. Mario Ravettino, presidente del consorcio, dijo que, analizando la historia reciente del sector a lo largo del per\u00edodo 2001-2014, hay dos fases bien definidas. Desde la salida de la crisis del 2001 hasta el a\u00f1o 2006 las inversiones en la producci\u00f3n y en la industria llevaron a que en 2005 se registraran los m\u00e1ximos valores hist\u00f3ricos de stock, producci\u00f3n y exportaciones de carne, con un sistema en equilibrio. La siguiente fase, en cambio, fue signada por una notable ca\u00edda de esos indicadores, debido a se\u00f1ales negativas para las inversiones (potenciadas por una importante sequ\u00eda), que retrotrajo el sistema al punto de partida. \u0093La situaci\u00f3n actual del sector se caracteriza por una falta de confianza en pol\u00edticas p\u00fablicas vol\u00e1tiles, lo que se traduce en atraso en las inversiones, escasa oferta de ganado para faena de exportaci\u00f3n, competencia [&hellip;]"}

En los frigoríficos ya ponen los faros largos. | Proagro

<blockquote class="wp-embedded-content" data-secret="wCsJAmWVJx"><a href="https://proagrolab.com.ar/en/en-los-frigorificos-ya-ponen-los-faros-largos/">En los frigoríficos ya ponen los faros largos.</a></blockquote><iframe sandbox="allow-scripts" security="restricted" src="https://proagrolab.com.ar/en/en-los-frigorificos-ya-ponen-los-faros-largos/embed/#?secret=wCsJAmWVJx" width="600" height="338" title="&#8220;En los frigoríficos ya ponen los faros largos.&#8221; &#8212; Proagro" data-secret="wCsJAmWVJx" frameborder="0" marginwidth="0" marginheight="0" scrolling="no" class="wp-embedded-content"></iframe><script type="text/javascript">
/* <![CDATA[ */
/*! This file is auto-generated */
!function(d,l){"use strict";l.querySelector&&d.addEventListener&&"undefined"!=typeof URL&&(d.wp=d.wp||{},d.wp.receiveEmbedMessage||(d.wp.receiveEmbedMessage=function(e){var t=e.data;if((t||t.secret||t.message||t.value)&&!/[^a-zA-Z0-9]/.test(t.secret)){for(var s,r,n,a=l.querySelectorAll('iframe[data-secret="'+t.secret+'"]'),o=l.querySelectorAll('blockquote[data-secret="'+t.secret+'"]'),c=new RegExp("^https?:$","i"),i=0;i<o.length;i++)o[i].style.display="none";for(i=0;i<a.length;i++)s=a[i],e.source===s.contentWindow&&(s.removeAttribute("style"),"height"===t.message?(1e3<(r=parseInt(t.value,10))?r=1e3:~~r<200&&(r=200),s.height=r):"link"===t.message&&(r=new URL(s.getAttribute("src")),n=new URL(t.value),c.test(n.protocol))&&n.host===r.host&&l.activeElement===s&&(d.top.location.href=t.value))}},d.addEventListener("message",d.wp.receiveEmbedMessage,!1),l.addEventListener("DOMContentLoaded",function(){for(var e,t,s=l.querySelectorAll("iframe.wp-embedded-content"),r=0;r<s.length;r++)(t=(e=s[r]).getAttribute("data-secret"))||(t=Math.random().toString(36).substring(2,12),e.src+="#?secret="+t,e.setAttribute("data-secret",t)),e.contentWindow.postMessage({message:"ready",secret:t},"*")},!1)))}(window,document);
//# sourceURL=https://proagrolab.com.ar/wp-includes/js/wp-embed.min.js
/* ]]> */
</script>

Los principales exportadores analizaron la difícil coyuntura y las muy buenas oportunidades que existen. Más allá del difícil momento que atraviesa la industria frigorífica exportadora, las principales empresas del negocio, nucleadas en el Consorcio de Exportadores de Carnes Argentinas (conocido como ABC), decidieron hace pocos días reunirse para analizar las grandes oportunidades que presenta el mercado mundial y ver qué debería hacerse para aprovecharlas. Mario Ravettino, presidente del consorcio, dijo que, analizando la historia reciente del sector a lo largo del período 2001-2014, hay dos fases bien definidas. Desde la salida de la crisis del 2001 hasta el año 2006 las inversiones en la producción y en la industria llevaron a que en 2005 se registraran los máximos valores históricos de stock, producción y exportaciones de carne, con un sistema en equilibrio. La siguiente fase, en cambio, fue signada por una notable caída de esos indicadores, debido a señales negativas para las inversiones (potenciadas por una importante sequía), que retrotrajo el sistema al punto de partida. La situación actual del sector se caracteriza por una falta de confianza en políticas públicas volátiles, lo que se traduce en atraso en las inversiones, escasa oferta de ganado para faena de exportación, competencia [&hellip;]
