{"version":"1.0","provider_name":"Proagro","provider_url":"https:\/\/proagrolab.com.ar\/en","title":"El Norte le da la bienvenida a ExpoBRA. | Proagro","type":"rich","width":600,"height":338,"html":"<blockquote class=\"wp-embedded-content\" data-secret=\"B9tbJAdaUD\"><a href=\"https:\/\/proagrolab.com.ar\/en\/el-norte-le-da-la-bienvenida-a-expobra\/\">El Norte le da la bienvenida a ExpoBRA.<\/a><\/blockquote><iframe sandbox=\"allow-scripts\" security=\"restricted\" src=\"https:\/\/proagrolab.com.ar\/en\/el-norte-le-da-la-bienvenida-a-expobra\/embed\/#?secret=B9tbJAdaUD\" width=\"600\" height=\"338\" title=\"&#8220;El Norte le da la bienvenida a ExpoBRA.&#8221; &#8212; Proagro\" data-secret=\"B9tbJAdaUD\" frameborder=\"0\" marginwidth=\"0\" marginheight=\"0\" scrolling=\"no\" class=\"wp-embedded-content\"><\/iframe><script type=\"text\/javascript\">\n\/* <![CDATA[ *\/\n\/*! This file is auto-generated *\/\n!function(d,l){\"use strict\";l.querySelector&&d.addEventListener&&\"undefined\"!=typeof URL&&(d.wp=d.wp||{},d.wp.receiveEmbedMessage||(d.wp.receiveEmbedMessage=function(e){var t=e.data;if((t||t.secret||t.message||t.value)&&!\/[^a-zA-Z0-9]\/.test(t.secret)){for(var s,r,n,a=l.querySelectorAll('iframe[data-secret=\"'+t.secret+'\"]'),o=l.querySelectorAll('blockquote[data-secret=\"'+t.secret+'\"]'),c=new RegExp(\"^https?:$\",\"i\"),i=0;i<o.length;i++)o[i].style.display=\"none\";for(i=0;i<a.length;i++)s=a[i],e.source===s.contentWindow&&(s.removeAttribute(\"style\"),\"height\"===t.message?(1e3<(r=parseInt(t.value,10))?r=1e3:~~r<200&&(r=200),s.height=r):\"link\"===t.message&&(r=new URL(s.getAttribute(\"src\")),n=new URL(t.value),c.test(n.protocol))&&n.host===r.host&&l.activeElement===s&&(d.top.location.href=t.value))}},d.addEventListener(\"message\",d.wp.receiveEmbedMessage,!1),l.addEventListener(\"DOMContentLoaded\",function(){for(var e,t,s=l.querySelectorAll(\"iframe.wp-embedded-content\"),r=0;r<s.length;r++)(t=(e=s[r]).getAttribute(\"data-secret\"))||(t=Math.random().toString(36).substring(2,12),e.src+=\"#?secret=\"+t,e.setAttribute(\"data-secret\",t)),e.contentWindow.postMessage({message:\"ready\",secret:t},\"*\")},!1)))}(window,document);\n\/\/# sourceURL=https:\/\/proagrolab.com.ar\/wp-includes\/js\/wp-embed.min.js\n\/* ]]> *\/\n<\/script>\n","thumbnail_url":"https:\/\/proagrolab.com.ar\/wp-content\/uploads\/2015\/01\/g_yqjkn55kg__Braford-hembra-campeona-2.jpg","thumbnail_width":450,"thumbnail_height":208,"description":"La muestra, de la que participar\u00e1n las razas Braford, Brahman y Brangus, se realizar\u00e1 del 18 al 20 del mes pr\u00f3ximo en La Banda, Santiago del Estero; habr\u00e1 exposici\u00f3n y remate de reproductores y stands comerciales. Del 18 al 20 del mes pr\u00f3ximo se realizar\u00e1 una nueva edici\u00f3n de ExpoBRA, exposici\u00f3n organizada por las asociaciones argentinas de criadores de las razas Braford, Brahman y Brangus, el Ministerio de la Producci\u00f3n de Santiago del Estero y LA NACION. El encuentro ser\u00e1 en el Predio Ferial Vivero San Carlos, ruta 51, entre las v\u00edas del ferrocarril y la ruta nacional 34, en La Banda, Santiago del Estero. &#8220;Es una exposici\u00f3n de elite, que muestra la mejor gen\u00e9tica del norte argentino; se ha posicionado en Santiago del Estero y consolida a nuestra provincia como referente en ganader\u00eda&#8221;, asegur\u00f3 el ingeniero Luis Gelid, ministro de Producci\u00f3n, Recursos Naturales, Forestaci\u00f3n y Tierras, durante la firma del convenio de lanzamiento de la muestra. En representaci\u00f3n de las asociaciones de criadores, el presidente de Brangus, Santiago Gilotaux, destac\u00f3: &#8220;Es la \u00fanica exposici\u00f3n en la que estamos las tres razas juntas; es un paso adelante en promover la gen\u00e9tica tanto en el NOA como en el NEA&#8221;. Gen\u00e9ticaSantiago [&hellip;]"}

La muestra, de la que participarán las razas Braford, Brahman y Brangus, se realizará del 18 al 20 del mes próximo en La Banda, Santiago del Estero; habrá exposición y remate de reproductores y stands comerciales. Del 18 al 20 del mes próximo se realizará una nueva edición de ExpoBRA, exposición organizada por las asociaciones argentinas de criadores de las razas Braford, Brahman y Brangus, el Ministerio de la Producción de Santiago del Estero y LA NACION. El encuentro será en el Predio Ferial Vivero San Carlos, ruta 51, entre las vías del ferrocarril y la ruta nacional 34, en La Banda, Santiago del Estero. &#8220;Es una exposición de elite, que muestra la mejor genética del norte argentino; se ha posicionado en Santiago del Estero y consolida a nuestra provincia como referente en ganadería&#8221;, aseguró el ingeniero Luis Gelid, ministro de Producción, Recursos Naturales, Forestación y Tierras, durante la firma del convenio de lanzamiento de la muestra. En representación de las asociaciones de criadores, el presidente de Brangus, Santiago Gilotaux, destacó: &#8220;Es la única exposición en la que estamos las tres razas juntas; es un paso adelante en promover la genética tanto en el NOA como en el NEA&#8221;. GenéticaSantiago [&hellip;]
