{"version":"1.0","provider_name":"Proagro","provider_url":"https:\/\/proagrolab.com.ar\/en","title":"El INTI L\u00e1cteos celebr\u00f3 su aniversario n\u00famero 30. | Proagro","type":"rich","width":600,"height":338,"html":"<blockquote class=\"wp-embedded-content\" data-secret=\"DCRUHPRVVc\"><a href=\"https:\/\/proagrolab.com.ar\/en\/el-inti-lacteos-celebro-su-aniversario-numero-30\/\">El INTI L\u00e1cteos celebr\u00f3 su aniversario n\u00famero 30.<\/a><\/blockquote><iframe sandbox=\"allow-scripts\" security=\"restricted\" src=\"https:\/\/proagrolab.com.ar\/en\/el-inti-lacteos-celebro-su-aniversario-numero-30\/embed\/#?secret=DCRUHPRVVc\" width=\"600\" height=\"338\" title=\"&#8220;El INTI L\u00e1cteos celebr\u00f3 su aniversario n\u00famero 30.&#8221; &#8212; Proagro\" data-secret=\"DCRUHPRVVc\" frameborder=\"0\" marginwidth=\"0\" marginheight=\"0\" scrolling=\"no\" class=\"wp-embedded-content\"><\/iframe><script type=\"text\/javascript\">\n\/* <![CDATA[ *\/\n\/*! This file is auto-generated *\/\n!function(d,l){\"use strict\";l.querySelector&&d.addEventListener&&\"undefined\"!=typeof URL&&(d.wp=d.wp||{},d.wp.receiveEmbedMessage||(d.wp.receiveEmbedMessage=function(e){var t=e.data;if((t||t.secret||t.message||t.value)&&!\/[^a-zA-Z0-9]\/.test(t.secret)){for(var s,r,n,a=l.querySelectorAll('iframe[data-secret=\"'+t.secret+'\"]'),o=l.querySelectorAll('blockquote[data-secret=\"'+t.secret+'\"]'),c=new RegExp(\"^https?:$\",\"i\"),i=0;i<o.length;i++)o[i].style.display=\"none\";for(i=0;i<a.length;i++)s=a[i],e.source===s.contentWindow&&(s.removeAttribute(\"style\"),\"height\"===t.message?(1e3<(r=parseInt(t.value,10))?r=1e3:~~r<200&&(r=200),s.height=r):\"link\"===t.message&&(r=new URL(s.getAttribute(\"src\")),n=new URL(t.value),c.test(n.protocol))&&n.host===r.host&&l.activeElement===s&&(d.top.location.href=t.value))}},d.addEventListener(\"message\",d.wp.receiveEmbedMessage,!1),l.addEventListener(\"DOMContentLoaded\",function(){for(var e,t,s=l.querySelectorAll(\"iframe.wp-embedded-content\"),r=0;r<s.length;r++)(t=(e=s[r]).getAttribute(\"data-secret\"))||(t=Math.random().toString(36).substring(2,12),e.src+=\"#?secret=\"+t,e.setAttribute(\"data-secret\",t)),e.contentWindow.postMessage({message:\"ready\",secret:t},\"*\")},!1)))}(window,document);\n\/\/# sourceURL=https:\/\/proagrolab.com.ar\/wp-includes\/js\/wp-embed.min.js\n\/* ]]> *\/\n<\/script>\n","thumbnail_url":"https:\/\/proagrolab.com.ar\/wp-content\/uploads\/2015\/01\/g_c8ib47x5i__Lecheras-12.jpg","thumbnail_width":450,"thumbnail_height":208,"description":"El 5 de agosto del a\u00f1o 1983 se inaugur\u00f3 en Rafaela el Centro de Investigaciones Tecnol\u00f3gicas de la Industria L\u00e1ctea (CITIL), hoy INTI L\u00e1cteos. En 1978, surge la necesidad de incursionar en la investigaci\u00f3n y la tecnolog\u00eda l\u00e1ctea, por lo cual el INTI &#8211; Instituto Nacional de Tecnolog\u00eda Industrial, en una decisi\u00f3n conjunta con sus socios promotores (en ese entonces el Centro de la Industria Lechera y la Junta Intercooperativa de Productores de Leche), deciden establecer una segunda Sede del Centro. La misma se ubicar\u00eda en la Cuenca Central Lechera santafesina, eligiendo a la ciudad de Rafaela como punto estrat\u00e9gico de funcionamiento. Este proyecto termin\u00f3 de concretarse con el valioso aporte del INTA, instituci\u00f3n tecnol\u00f3gica abocada al sector agropecuario, que mediante un convenio firmado ese mismo a\u00f1o cede el terreno para la creaci\u00f3n del Centro. Esa idea tuvo como protagonistas a tres directores del INTI L\u00e1cteos, el Ing. Jorge O. Casale, la Dra. Mar\u00eda Barrio de Bresanello, y al Dr. Alfredo M. Kuck, que finalmente fue quien inaugur\u00f3 las instalaciones. Su objetivo fue dotar a la regi\u00f3n central del pa\u00eds de los instrumentos para el desarrollo e innovaci\u00f3n de las empresas asentadas en el centro del pa\u00eds, y proyectarse a [&hellip;]"}

El INTI Lácteos celebró su aniversario número 30. | Proagro

<blockquote class="wp-embedded-content" data-secret="DCRUHPRVVc"><a href="https://proagrolab.com.ar/en/el-inti-lacteos-celebro-su-aniversario-numero-30/">El INTI Lácteos celebró su aniversario número 30.</a></blockquote><iframe sandbox="allow-scripts" security="restricted" src="https://proagrolab.com.ar/en/el-inti-lacteos-celebro-su-aniversario-numero-30/embed/#?secret=DCRUHPRVVc" width="600" height="338" title="&#8220;El INTI Lácteos celebró su aniversario número 30.&#8221; &#8212; Proagro" data-secret="DCRUHPRVVc" frameborder="0" marginwidth="0" marginheight="0" scrolling="no" class="wp-embedded-content"></iframe><script type="text/javascript">
/* <![CDATA[ */
/*! This file is auto-generated */
!function(d,l){"use strict";l.querySelector&&d.addEventListener&&"undefined"!=typeof URL&&(d.wp=d.wp||{},d.wp.receiveEmbedMessage||(d.wp.receiveEmbedMessage=function(e){var t=e.data;if((t||t.secret||t.message||t.value)&&!/[^a-zA-Z0-9]/.test(t.secret)){for(var s,r,n,a=l.querySelectorAll('iframe[data-secret="'+t.secret+'"]'),o=l.querySelectorAll('blockquote[data-secret="'+t.secret+'"]'),c=new RegExp("^https?:$","i"),i=0;i<o.length;i++)o[i].style.display="none";for(i=0;i<a.length;i++)s=a[i],e.source===s.contentWindow&&(s.removeAttribute("style"),"height"===t.message?(1e3<(r=parseInt(t.value,10))?r=1e3:~~r<200&&(r=200),s.height=r):"link"===t.message&&(r=new URL(s.getAttribute("src")),n=new URL(t.value),c.test(n.protocol))&&n.host===r.host&&l.activeElement===s&&(d.top.location.href=t.value))}},d.addEventListener("message",d.wp.receiveEmbedMessage,!1),l.addEventListener("DOMContentLoaded",function(){for(var e,t,s=l.querySelectorAll("iframe.wp-embedded-content"),r=0;r<s.length;r++)(t=(e=s[r]).getAttribute("data-secret"))||(t=Math.random().toString(36).substring(2,12),e.src+="#?secret="+t,e.setAttribute("data-secret",t)),e.contentWindow.postMessage({message:"ready",secret:t},"*")},!1)))}(window,document);
//# sourceURL=https://proagrolab.com.ar/wp-includes/js/wp-embed.min.js
/* ]]> */
</script>

El 5 de agosto del año 1983 se inauguró en Rafaela el Centro de Investigaciones Tecnológicas de la Industria Láctea (CITIL), hoy INTI Lácteos. En 1978, surge la necesidad de incursionar en la investigación y la tecnología láctea, por lo cual el INTI &#8211; Instituto Nacional de Tecnología Industrial, en una decisión conjunta con sus socios promotores (en ese entonces el Centro de la Industria Lechera y la Junta Intercooperativa de Productores de Leche), deciden establecer una segunda Sede del Centro. La misma se ubicaría en la Cuenca Central Lechera santafesina, eligiendo a la ciudad de Rafaela como punto estratégico de funcionamiento. Este proyecto terminó de concretarse con el valioso aporte del INTA, institución tecnológica abocada al sector agropecuario, que mediante un convenio firmado ese mismo año cede el terreno para la creación del Centro. Esa idea tuvo como protagonistas a tres directores del INTI Lácteos, el Ing. Jorge O. Casale, la Dra. María Barrio de Bresanello, y al Dr. Alfredo M. Kuck, que finalmente fue quien inauguró las instalaciones. Su objetivo fue dotar a la región central del país de los instrumentos para el desarrollo e innovación de las empresas asentadas en el centro del país, y proyectarse a [&hellip;]
