{"version":"1.0","provider_name":"Proagro","provider_url":"https:\/\/proagrolab.com.ar\/en","title":"El gobierno sale al rescate de peque\u00f1os ganaderos. | Proagro","type":"rich","width":600,"height":338,"html":"<blockquote class=\"wp-embedded-content\" data-secret=\"Qnh0VKmGnm\"><a href=\"https:\/\/proagrolab.com.ar\/en\/el-gobierno-sale-al-rescate-de-pequenos-ganaderos\/\">El gobierno sale al rescate de peque\u00f1os ganaderos.<\/a><\/blockquote><iframe sandbox=\"allow-scripts\" security=\"restricted\" src=\"https:\/\/proagrolab.com.ar\/en\/el-gobierno-sale-al-rescate-de-pequenos-ganaderos\/embed\/#?secret=Qnh0VKmGnm\" width=\"600\" height=\"338\" title=\"&#8220;El gobierno sale al rescate de peque\u00f1os ganaderos.&#8221; &#8212; Proagro\" data-secret=\"Qnh0VKmGnm\" frameborder=\"0\" marginwidth=\"0\" marginheight=\"0\" scrolling=\"no\" class=\"wp-embedded-content\"><\/iframe><script type=\"text\/javascript\">\n\/* <![CDATA[ *\/\n\/*! This file is auto-generated *\/\n!function(d,l){\"use strict\";l.querySelector&&d.addEventListener&&\"undefined\"!=typeof URL&&(d.wp=d.wp||{},d.wp.receiveEmbedMessage||(d.wp.receiveEmbedMessage=function(e){var t=e.data;if((t||t.secret||t.message||t.value)&&!\/[^a-zA-Z0-9]\/.test(t.secret)){for(var s,r,n,a=l.querySelectorAll('iframe[data-secret=\"'+t.secret+'\"]'),o=l.querySelectorAll('blockquote[data-secret=\"'+t.secret+'\"]'),c=new RegExp(\"^https?:$\",\"i\"),i=0;i<o.length;i++)o[i].style.display=\"none\";for(i=0;i<a.length;i++)s=a[i],e.source===s.contentWindow&&(s.removeAttribute(\"style\"),\"height\"===t.message?(1e3<(r=parseInt(t.value,10))?r=1e3:~~r<200&&(r=200),s.height=r):\"link\"===t.message&&(r=new URL(s.getAttribute(\"src\")),n=new URL(t.value),c.test(n.protocol))&&n.host===r.host&&l.activeElement===s&&(d.top.location.href=t.value))}},d.addEventListener(\"message\",d.wp.receiveEmbedMessage,!1),l.addEventListener(\"DOMContentLoaded\",function(){for(var e,t,s=l.querySelectorAll(\"iframe.wp-embedded-content\"),r=0;r<s.length;r++)(t=(e=s[r]).getAttribute(\"data-secret\"))||(t=Math.random().toString(36).substring(2,12),e.src+=\"#?secret=\"+t,e.setAttribute(\"data-secret\",t)),e.contentWindow.postMessage({message:\"ready\",secret:t},\"*\")},!1)))}(window,document);\n\/\/# sourceURL=https:\/\/proagrolab.com.ar\/wp-includes\/js\/wp-embed.min.js\n\/* ]]> *\/\n<\/script>\n","thumbnail_url":"https:\/\/proagrolab.com.ar\/wp-content\/uploads\/2015\/01\/g_e899pf6bh__Vacas-5.jpg","thumbnail_width":450,"thumbnail_height":208,"description":"En el d\u00eda de ayer, el gobierno provincial, a trav\u00e9s del Ministerio de la Producci\u00f3n, puso en funcionamiento los cinco encierres ganaderos distribuidos en los departamentos declarados en Emergencia -9 de Julio; Vera; General Obligado; San Crist\u00f3bal y distritos del Departamento San Justo-, con la finalidad de asistir a peque\u00f1os productores de hasta 100 cabezas.&nbsp;La asistencia consiste en la provisi\u00f3n de forrajes y agua por un plazo de 30 d\u00edas; beneficiando a 5 mil establecimientos que concentran un total de aproximadamente 25 mil vacunos.&nbsp;Asimismo, el gobierno provincial solicit\u00f3 a la Naci\u00f3n la urgente homologaci\u00f3n de la Emergencia decretada por la Provincia, para poder ingresar en los beneficios del Sistema Nacional de Emergencia. Fuente: On24 agro, 24 de septiembre."}

El gobierno sale al rescate de pequeños ganaderos. | Proagro

<blockquote class="wp-embedded-content" data-secret="Qnh0VKmGnm"><a href="https://proagrolab.com.ar/en/el-gobierno-sale-al-rescate-de-pequenos-ganaderos/">El gobierno sale al rescate de pequeños ganaderos.</a></blockquote><iframe sandbox="allow-scripts" security="restricted" src="https://proagrolab.com.ar/en/el-gobierno-sale-al-rescate-de-pequenos-ganaderos/embed/#?secret=Qnh0VKmGnm" width="600" height="338" title="&#8220;El gobierno sale al rescate de pequeños ganaderos.&#8221; &#8212; Proagro" data-secret="Qnh0VKmGnm" frameborder="0" marginwidth="0" marginheight="0" scrolling="no" class="wp-embedded-content"></iframe><script type="text/javascript">
/* <![CDATA[ */
/*! This file is auto-generated */
!function(d,l){"use strict";l.querySelector&&d.addEventListener&&"undefined"!=typeof URL&&(d.wp=d.wp||{},d.wp.receiveEmbedMessage||(d.wp.receiveEmbedMessage=function(e){var t=e.data;if((t||t.secret||t.message||t.value)&&!/[^a-zA-Z0-9]/.test(t.secret)){for(var s,r,n,a=l.querySelectorAll('iframe[data-secret="'+t.secret+'"]'),o=l.querySelectorAll('blockquote[data-secret="'+t.secret+'"]'),c=new RegExp("^https?:$","i"),i=0;i<o.length;i++)o[i].style.display="none";for(i=0;i<a.length;i++)s=a[i],e.source===s.contentWindow&&(s.removeAttribute("style"),"height"===t.message?(1e3<(r=parseInt(t.value,10))?r=1e3:~~r<200&&(r=200),s.height=r):"link"===t.message&&(r=new URL(s.getAttribute("src")),n=new URL(t.value),c.test(n.protocol))&&n.host===r.host&&l.activeElement===s&&(d.top.location.href=t.value))}},d.addEventListener("message",d.wp.receiveEmbedMessage,!1),l.addEventListener("DOMContentLoaded",function(){for(var e,t,s=l.querySelectorAll("iframe.wp-embedded-content"),r=0;r<s.length;r++)(t=(e=s[r]).getAttribute("data-secret"))||(t=Math.random().toString(36).substring(2,12),e.src+="#?secret="+t,e.setAttribute("data-secret",t)),e.contentWindow.postMessage({message:"ready",secret:t},"*")},!1)))}(window,document);
//# sourceURL=https://proagrolab.com.ar/wp-includes/js/wp-embed.min.js
/* ]]> */
</script>

En el día de ayer, el gobierno provincial, a través del Ministerio de la Producción, puso en funcionamiento los cinco encierres ganaderos distribuidos en los departamentos declarados en Emergencia -9 de Julio; Vera; General Obligado; San Cristóbal y distritos del Departamento San Justo-, con la finalidad de asistir a pequeños productores de hasta 100 cabezas.&nbsp;La asistencia consiste en la provisión de forrajes y agua por un plazo de 30 días; beneficiando a 5 mil establecimientos que concentran un total de aproximadamente 25 mil vacunos.&nbsp;Asimismo, el gobierno provincial solicitó a la Nación la urgente homologación de la Emergencia decretada por la Provincia, para poder ingresar en los beneficios del Sistema Nacional de Emergencia. Fuente: On24 agro, 24 de septiembre.
