{"version":"1.0","provider_name":"Proagro","provider_url":"https:\/\/proagrolab.com.ar\/en","title":"Declaran emergencia y desastre agropecuario en seis provincias. | Proagro","type":"rich","width":600,"height":338,"html":"<blockquote class=\"wp-embedded-content\" data-secret=\"TlTrUvGzuo\"><a href=\"https:\/\/proagrolab.com.ar\/en\/declaran-emergencia-y-desastre-agropecuario-en-seis-provincias\/\">Declaran emergencia y desastre agropecuario en seis provincias.<\/a><\/blockquote><iframe sandbox=\"allow-scripts\" security=\"restricted\" src=\"https:\/\/proagrolab.com.ar\/en\/declaran-emergencia-y-desastre-agropecuario-en-seis-provincias\/embed\/#?secret=TlTrUvGzuo\" width=\"600\" height=\"338\" title=\"&#8220;Declaran emergencia y desastre agropecuario en seis provincias.&#8221; &#8212; Proagro\" data-secret=\"TlTrUvGzuo\" frameborder=\"0\" marginwidth=\"0\" marginheight=\"0\" scrolling=\"no\" class=\"wp-embedded-content\"><\/iframe><script type=\"text\/javascript\">\n\/* <![CDATA[ *\/\n\/*! This file is auto-generated *\/\n!function(d,l){\"use strict\";l.querySelector&&d.addEventListener&&\"undefined\"!=typeof URL&&(d.wp=d.wp||{},d.wp.receiveEmbedMessage||(d.wp.receiveEmbedMessage=function(e){var t=e.data;if((t||t.secret||t.message||t.value)&&!\/[^a-zA-Z0-9]\/.test(t.secret)){for(var s,r,n,a=l.querySelectorAll('iframe[data-secret=\"'+t.secret+'\"]'),o=l.querySelectorAll('blockquote[data-secret=\"'+t.secret+'\"]'),c=new RegExp(\"^https?:$\",\"i\"),i=0;i<o.length;i++)o[i].style.display=\"none\";for(i=0;i<a.length;i++)s=a[i],e.source===s.contentWindow&&(s.removeAttribute(\"style\"),\"height\"===t.message?(1e3<(r=parseInt(t.value,10))?r=1e3:~~r<200&&(r=200),s.height=r):\"link\"===t.message&&(r=new URL(s.getAttribute(\"src\")),n=new URL(t.value),c.test(n.protocol))&&n.host===r.host&&l.activeElement===s&&(d.top.location.href=t.value))}},d.addEventListener(\"message\",d.wp.receiveEmbedMessage,!1),l.addEventListener(\"DOMContentLoaded\",function(){for(var e,t,s=l.querySelectorAll(\"iframe.wp-embedded-content\"),r=0;r<s.length;r++)(t=(e=s[r]).getAttribute(\"data-secret\"))||(t=Math.random().toString(36).substring(2,12),e.src+=\"#?secret=\"+t,e.setAttribute(\"data-secret\",t)),e.contentWindow.postMessage({message:\"ready\",secret:t},\"*\")},!1)))}(window,document);\n\/\/# sourceURL=https:\/\/proagrolab.com.ar\/wp-includes\/js\/wp-embed.min.js\n\/* ]]> *\/\n<\/script>\n","thumbnail_url":"https:\/\/proagrolab.com.ar\/wp-content\/uploads\/2015\/01\/g_nyvg9z052__Vacas-13.jpg","thumbnail_width":450,"thumbnail_height":208,"description":"El Ministerio de Agricultura declar\u00f3 y prorrog\u00f3 el estado de emergencia o desastre agropecuario en seis provincias. La resoluci\u00f3n 992\/2013, publicada ayer en el Bolet\u00edn Oficial, contempla esa situaci\u00f3n en Chaco, Santa Fe, R\u00edo Negro, Buenos Aires, Salta y en La Rioja. En Chaco, se dispuso la medida en relaci\u00f3n con las explotaciones con actividades agr\u00edcolas y pecuarias por sequ\u00eda y altas temperaturas. En R\u00edo Negro, se declar\u00f3 el estado de emergencia y\/o desastre por sequ\u00eda en General Roca y se prorrog\u00f3 el estado de emergencia y\/o desastre en Adolfo Alsina, Conesa, Pichi Mahuida, Avellaneda, El Cuy, Valcheta, San Antonio, 9 de Julio, 25 de Mayo, \u00d1orquinco y Pilcaniyeu. En el caso de Santa Fe, se declar\u00f3 emergencia y\/o desastre para las explotaciones afectadas por sequ\u00eda y por intensas heladas en 9 de Julio, San Crist\u00f3bal, Vera y en distritos del departamento de San Justo. En Buenos Aires, se prorrog\u00f3 la emergencia o desastre por sequ\u00eda a las explotaciones agr\u00edcolas y pecuarias de Villarino y Patagones. En Salta fue dispuesto el estado de emergencia y\/o desastre por sequ\u00eda en Rosario de la Frontera y en Met\u00e1n. Finalmente, en La Rioja se dispuso el estado de desastre agropecuario por sequ\u00eda en [&hellip;]"}

El Ministerio de Agricultura declaró y prorrogó el estado de emergencia o desastre agropecuario en seis provincias. La resolución 992/2013, publicada ayer en el Boletín Oficial, contempla esa situación en Chaco, Santa Fe, Río Negro, Buenos Aires, Salta y en La Rioja. En Chaco, se dispuso la medida en relación con las explotaciones con actividades agrícolas y pecuarias por sequía y altas temperaturas. En Río Negro, se declaró el estado de emergencia y/o desastre por sequía en General Roca y se prorrogó el estado de emergencia y/o desastre en Adolfo Alsina, Conesa, Pichi Mahuida, Avellaneda, El Cuy, Valcheta, San Antonio, 9 de Julio, 25 de Mayo, Ñorquinco y Pilcaniyeu. En el caso de Santa Fe, se declaró emergencia y/o desastre para las explotaciones afectadas por sequía y por intensas heladas en 9 de Julio, San Cristóbal, Vera y en distritos del departamento de San Justo. En Buenos Aires, se prorrogó la emergencia o desastre por sequía a las explotaciones agrícolas y pecuarias de Villarino y Patagones. En Salta fue dispuesto el estado de emergencia y/o desastre por sequía en Rosario de la Frontera y en Metán. Finalmente, en La Rioja se dispuso el estado de desastre agropecuario por sequía en [&hellip;]
