{"version":"1.0","provider_name":"Proagro","provider_url":"https:\/\/proagrolab.com.ar\/en","title":"Cr\u00edticas de tamberos al ministro Casamiquela. | Proagro","type":"rich","width":600,"height":338,"html":"<blockquote class=\"wp-embedded-content\" data-secret=\"AgXJg8BB1v\"><a href=\"https:\/\/proagrolab.com.ar\/en\/criticas-de-tamberos-al-ministro-casamiquela\/\">Cr\u00edticas de tamberos al ministro Casamiquela.<\/a><\/blockquote><iframe sandbox=\"allow-scripts\" security=\"restricted\" src=\"https:\/\/proagrolab.com.ar\/en\/criticas-de-tamberos-al-ministro-casamiquela\/embed\/#?secret=AgXJg8BB1v\" width=\"600\" height=\"338\" title=\"&#8220;Cr\u00edticas de tamberos al ministro Casamiquela.&#8221; &#8212; Proagro\" data-secret=\"AgXJg8BB1v\" frameborder=\"0\" marginwidth=\"0\" marginheight=\"0\" scrolling=\"no\" class=\"wp-embedded-content\"><\/iframe><script type=\"text\/javascript\">\n\/* <![CDATA[ *\/\n\/*! This file is auto-generated *\/\n!function(d,l){\"use strict\";l.querySelector&&d.addEventListener&&\"undefined\"!=typeof URL&&(d.wp=d.wp||{},d.wp.receiveEmbedMessage||(d.wp.receiveEmbedMessage=function(e){var t=e.data;if((t||t.secret||t.message||t.value)&&!\/[^a-zA-Z0-9]\/.test(t.secret)){for(var s,r,n,a=l.querySelectorAll('iframe[data-secret=\"'+t.secret+'\"]'),o=l.querySelectorAll('blockquote[data-secret=\"'+t.secret+'\"]'),c=new RegExp(\"^https?:$\",\"i\"),i=0;i<o.length;i++)o[i].style.display=\"none\";for(i=0;i<a.length;i++)s=a[i],e.source===s.contentWindow&&(s.removeAttribute(\"style\"),\"height\"===t.message?(1e3<(r=parseInt(t.value,10))?r=1e3:~~r<200&&(r=200),s.height=r):\"link\"===t.message&&(r=new URL(s.getAttribute(\"src\")),n=new URL(t.value),c.test(n.protocol))&&n.host===r.host&&l.activeElement===s&&(d.top.location.href=t.value))}},d.addEventListener(\"message\",d.wp.receiveEmbedMessage,!1),l.addEventListener(\"DOMContentLoaded\",function(){for(var e,t,s=l.querySelectorAll(\"iframe.wp-embedded-content\"),r=0;r<s.length;r++)(t=(e=s[r]).getAttribute(\"data-secret\"))||(t=Math.random().toString(36).substring(2,12),e.src+=\"#?secret=\"+t,e.setAttribute(\"data-secret\",t)),e.contentWindow.postMessage({message:\"ready\",secret:t},\"*\")},!1)))}(window,document);\n\/\/# sourceURL=https:\/\/proagrolab.com.ar\/wp-includes\/js\/wp-embed.min.js\n\/* ]]> *\/\n<\/script>\n","thumbnail_url":"https:\/\/proagrolab.com.ar\/wp-content\/uploads\/2015\/01\/g_zpz9lwppl__Comiendo.jpg","thumbnail_width":450,"thumbnail_height":208,"description":"El agrupamiento asegur\u00f3 que en el \u00faltimo encuentro que mantuvo con el ministro de Agricultura, Carlos Casamiquela, \u0093no se dieron soluciones, una vez m\u00e1s, a las acuciantes problemas de los tamberos\u0094 y reiter\u00f3 que \u0093fallan las pol\u00edticas oficiales\u0094. Estos conceptos fueron expresados a trav\u00e9s de un comunicado, que rubrican las catorce asociaciones tamberas que integran la mencionada Mesa, en el que se se\u00f1ala la \u0093frustraci\u00f3n\u0094 por el encuentro que mantuvo el lunes pasado con el funcionario. \u0093A\u00f1os de pol\u00edticas sectoriales equivocadas han llevado al extremo la vulnerabilidad del productor, encontr\u00e1ndose hoy indefenso frente al caos generado por la devaluaci\u00f3n y la creciente inflaci\u00f3n\u0094, explicaron los tamberos. En dicha oportunidad, los productores lecheros pidieron a Agricultura que se permitiera exportar leche cruda con un precio de 3,60 pesos por litro y tambi\u00e9n se reclamaron \u0093cr\u00e9ditos equivalentes a dos meses de producci\u00f3n de leche para sortear el endeudamiento y descapitalizaci\u00f3n del tambero, en momentos en que la financiaci\u00f3n bancaria y comercial ha desaparecido\u0094. Al respecto, la Mesa indic\u00f3 que la gesti\u00f3n se hizo \u0093sin ning\u00fan resultado\u0094 por parte de las autoridades nacionales y explic\u00f3: \u0093s\u00f3lo se nos comunic\u00f3 una propuesta de crecimiento que resulta inviable si no se cambian las actuales condiciones\u0094. [&hellip;]"}

Críticas de tamberos al ministro Casamiquela. | Proagro

<blockquote class="wp-embedded-content" data-secret="AgXJg8BB1v"><a href="https://proagrolab.com.ar/en/criticas-de-tamberos-al-ministro-casamiquela/">Críticas de tamberos al ministro Casamiquela.</a></blockquote><iframe sandbox="allow-scripts" security="restricted" src="https://proagrolab.com.ar/en/criticas-de-tamberos-al-ministro-casamiquela/embed/#?secret=AgXJg8BB1v" width="600" height="338" title="&#8220;Críticas de tamberos al ministro Casamiquela.&#8221; &#8212; Proagro" data-secret="AgXJg8BB1v" frameborder="0" marginwidth="0" marginheight="0" scrolling="no" class="wp-embedded-content"></iframe><script type="text/javascript">
/* <![CDATA[ */
/*! This file is auto-generated */
!function(d,l){"use strict";l.querySelector&&d.addEventListener&&"undefined"!=typeof URL&&(d.wp=d.wp||{},d.wp.receiveEmbedMessage||(d.wp.receiveEmbedMessage=function(e){var t=e.data;if((t||t.secret||t.message||t.value)&&!/[^a-zA-Z0-9]/.test(t.secret)){for(var s,r,n,a=l.querySelectorAll('iframe[data-secret="'+t.secret+'"]'),o=l.querySelectorAll('blockquote[data-secret="'+t.secret+'"]'),c=new RegExp("^https?:$","i"),i=0;i<o.length;i++)o[i].style.display="none";for(i=0;i<a.length;i++)s=a[i],e.source===s.contentWindow&&(s.removeAttribute("style"),"height"===t.message?(1e3<(r=parseInt(t.value,10))?r=1e3:~~r<200&&(r=200),s.height=r):"link"===t.message&&(r=new URL(s.getAttribute("src")),n=new URL(t.value),c.test(n.protocol))&&n.host===r.host&&l.activeElement===s&&(d.top.location.href=t.value))}},d.addEventListener("message",d.wp.receiveEmbedMessage,!1),l.addEventListener("DOMContentLoaded",function(){for(var e,t,s=l.querySelectorAll("iframe.wp-embedded-content"),r=0;r<s.length;r++)(t=(e=s[r]).getAttribute("data-secret"))||(t=Math.random().toString(36).substring(2,12),e.src+="#?secret="+t,e.setAttribute("data-secret",t)),e.contentWindow.postMessage({message:"ready",secret:t},"*")},!1)))}(window,document);
//# sourceURL=https://proagrolab.com.ar/wp-includes/js/wp-embed.min.js
/* ]]> */
</script>

El agrupamiento aseguró que en el último encuentro que mantuvo con el ministro de Agricultura, Carlos Casamiquela, no se dieron soluciones, una vez más, a las acuciantes problemas de los tamberos y reiteró que fallan las políticas oficiales. Estos conceptos fueron expresados a través de un comunicado, que rubrican las catorce asociaciones tamberas que integran la mencionada Mesa, en el que se señala la frustración por el encuentro que mantuvo el lunes pasado con el funcionario. Años de políticas sectoriales equivocadas han llevado al extremo la vulnerabilidad del productor, encontrándose hoy indefenso frente al caos generado por la devaluación y la creciente inflación, explicaron los tamberos. En dicha oportunidad, los productores lecheros pidieron a Agricultura que se permitiera exportar leche cruda con un precio de 3,60 pesos por litro y también se reclamaron créditos equivalentes a dos meses de producción de leche para sortear el endeudamiento y descapitalización del tambero, en momentos en que la financiación bancaria y comercial ha desaparecido. Al respecto, la Mesa indicó que la gestión se hizo sin ningún resultado por parte de las autoridades nacionales y explicó: sólo se nos comunicó una propuesta de crecimiento que resulta inviable si no se cambian las actuales condiciones. [&hellip;]
