{"version":"1.0","provider_name":"Proagro","provider_url":"https:\/\/proagrolab.com.ar\/en","title":"Carnes: denuncian que no hay fiscalizaci\u00f3n efectiva. | Proagro","type":"rich","width":600,"height":338,"html":"<blockquote class=\"wp-embedded-content\" data-secret=\"TIBuL721Hw\"><a href=\"https:\/\/proagrolab.com.ar\/en\/carnes-denuncian-que-no-hay-fiscalizacion-efectiva\/\">Carnes: denuncian que no hay fiscalizaci\u00f3n efectiva.<\/a><\/blockquote><iframe sandbox=\"allow-scripts\" security=\"restricted\" src=\"https:\/\/proagrolab.com.ar\/en\/carnes-denuncian-que-no-hay-fiscalizacion-efectiva\/embed\/#?secret=TIBuL721Hw\" width=\"600\" height=\"338\" title=\"&#8220;Carnes: denuncian que no hay fiscalizaci\u00f3n efectiva.&#8221; &#8212; Proagro\" data-secret=\"TIBuL721Hw\" frameborder=\"0\" marginwidth=\"0\" marginheight=\"0\" scrolling=\"no\" class=\"wp-embedded-content\"><\/iframe><script type=\"text\/javascript\">\n\/* <![CDATA[ *\/\n\/*! This file is auto-generated *\/\n!function(d,l){\"use strict\";l.querySelector&&d.addEventListener&&\"undefined\"!=typeof URL&&(d.wp=d.wp||{},d.wp.receiveEmbedMessage||(d.wp.receiveEmbedMessage=function(e){var t=e.data;if((t||t.secret||t.message||t.value)&&!\/[^a-zA-Z0-9]\/.test(t.secret)){for(var s,r,n,a=l.querySelectorAll('iframe[data-secret=\"'+t.secret+'\"]'),o=l.querySelectorAll('blockquote[data-secret=\"'+t.secret+'\"]'),c=new RegExp(\"^https?:$\",\"i\"),i=0;i<o.length;i++)o[i].style.display=\"none\";for(i=0;i<a.length;i++)s=a[i],e.source===s.contentWindow&&(s.removeAttribute(\"style\"),\"height\"===t.message?(1e3<(r=parseInt(t.value,10))?r=1e3:~~r<200&&(r=200),s.height=r):\"link\"===t.message&&(r=new URL(s.getAttribute(\"src\")),n=new URL(t.value),c.test(n.protocol))&&n.host===r.host&&l.activeElement===s&&(d.top.location.href=t.value))}},d.addEventListener(\"message\",d.wp.receiveEmbedMessage,!1),l.addEventListener(\"DOMContentLoaded\",function(){for(var e,t,s=l.querySelectorAll(\"iframe.wp-embedded-content\"),r=0;r<s.length;r++)(t=(e=s[r]).getAttribute(\"data-secret\"))||(t=Math.random().toString(36).substring(2,12),e.src+=\"#?secret=\"+t,e.setAttribute(\"data-secret\",t)),e.contentWindow.postMessage({message:\"ready\",secret:t},\"*\")},!1)))}(window,document);\n\/\/# sourceURL=https:\/\/proagrolab.com.ar\/wp-includes\/js\/wp-embed.min.js\n\/* ]]> *\/\n<\/script>\n","thumbnail_url":"https:\/\/proagrolab.com.ar\/wp-content\/uploads\/2015\/01\/g_0qjeai2ww__Vacas-16.jpg","thumbnail_width":450,"thumbnail_height":208,"description":"Expertos advierten que desde hace dos a\u00f1os no se verifica el cumplimiento de normas comerciales y de producci\u00f3n. Por Fernando Bertello. Dos a\u00f1os y medio despu\u00e9s de la disoluci\u00f3n de la Oficina Nacional de Control Comercial Agropecuario (Oncca), que entre otras funciones verificaba el cumplimiento de normas comerciales por parte de mataderos y frigor\u00edficos, crecen las denuncias sobre la falta de una fiscalizaci\u00f3n efectiva, la ausencia de mecanismos espec\u00edficos para poder hacerla y la aplicaci\u00f3n de sanciones. En febrero de 2011, en medio de sospechas de corrupci\u00f3n por pagos indebidos de subsidios a feedlots truchos, la presidenta Cristina Kirchner decidi\u00f3 reemplazar a la Oncca por un nuevo organismo. As\u00ed, cre\u00f3 la Unidad de Coordinaci\u00f3n y Evaluaci\u00f3n de Subsidios al Consumo Interno (Ucesci), dependiente del Ministerio de Econom\u00eda, pero controlada en los hechos por el secretario de Comercio Interior, Guillermo Moreno. En esa movida, las facultades de sanci\u00f3n se transfirieron a Econom\u00eda, en este caso, la Ucesci, mientras que en el Ministerio de Agricultura existe una direcci\u00f3n nacional de fiscalizaci\u00f3n y matriculaci\u00f3n que puede preparar informes, pero es la Ucesci la que debe implementar la sanci\u00f3n. Referentes y especialistas del sector denuncian falta de control en distintos aspectos, como ver si [&hellip;]"}

Carnes: denuncian que no hay fiscalización efectiva. | Proagro

<blockquote class="wp-embedded-content" data-secret="TIBuL721Hw"><a href="https://proagrolab.com.ar/en/carnes-denuncian-que-no-hay-fiscalizacion-efectiva/">Carnes: denuncian que no hay fiscalización efectiva.</a></blockquote><iframe sandbox="allow-scripts" security="restricted" src="https://proagrolab.com.ar/en/carnes-denuncian-que-no-hay-fiscalizacion-efectiva/embed/#?secret=TIBuL721Hw" width="600" height="338" title="&#8220;Carnes: denuncian que no hay fiscalización efectiva.&#8221; &#8212; Proagro" data-secret="TIBuL721Hw" frameborder="0" marginwidth="0" marginheight="0" scrolling="no" class="wp-embedded-content"></iframe><script type="text/javascript">
/* <![CDATA[ */
/*! This file is auto-generated */
!function(d,l){"use strict";l.querySelector&&d.addEventListener&&"undefined"!=typeof URL&&(d.wp=d.wp||{},d.wp.receiveEmbedMessage||(d.wp.receiveEmbedMessage=function(e){var t=e.data;if((t||t.secret||t.message||t.value)&&!/[^a-zA-Z0-9]/.test(t.secret)){for(var s,r,n,a=l.querySelectorAll('iframe[data-secret="'+t.secret+'"]'),o=l.querySelectorAll('blockquote[data-secret="'+t.secret+'"]'),c=new RegExp("^https?:$","i"),i=0;i<o.length;i++)o[i].style.display="none";for(i=0;i<a.length;i++)s=a[i],e.source===s.contentWindow&&(s.removeAttribute("style"),"height"===t.message?(1e3<(r=parseInt(t.value,10))?r=1e3:~~r<200&&(r=200),s.height=r):"link"===t.message&&(r=new URL(s.getAttribute("src")),n=new URL(t.value),c.test(n.protocol))&&n.host===r.host&&l.activeElement===s&&(d.top.location.href=t.value))}},d.addEventListener("message",d.wp.receiveEmbedMessage,!1),l.addEventListener("DOMContentLoaded",function(){for(var e,t,s=l.querySelectorAll("iframe.wp-embedded-content"),r=0;r<s.length;r++)(t=(e=s[r]).getAttribute("data-secret"))||(t=Math.random().toString(36).substring(2,12),e.src+="#?secret="+t,e.setAttribute("data-secret",t)),e.contentWindow.postMessage({message:"ready",secret:t},"*")},!1)))}(window,document);
//# sourceURL=https://proagrolab.com.ar/wp-includes/js/wp-embed.min.js
/* ]]> */
</script>

Expertos advierten que desde hace dos años no se verifica el cumplimiento de normas comerciales y de producción. Por Fernando Bertello. Dos años y medio después de la disolución de la Oficina Nacional de Control Comercial Agropecuario (Oncca), que entre otras funciones verificaba el cumplimiento de normas comerciales por parte de mataderos y frigoríficos, crecen las denuncias sobre la falta de una fiscalización efectiva, la ausencia de mecanismos específicos para poder hacerla y la aplicación de sanciones. En febrero de 2011, en medio de sospechas de corrupción por pagos indebidos de subsidios a feedlots truchos, la presidenta Cristina Kirchner decidió reemplazar a la Oncca por un nuevo organismo. Así, creó la Unidad de Coordinación y Evaluación de Subsidios al Consumo Interno (Ucesci), dependiente del Ministerio de Economía, pero controlada en los hechos por el secretario de Comercio Interior, Guillermo Moreno. En esa movida, las facultades de sanción se transfirieron a Economía, en este caso, la Ucesci, mientras que en el Ministerio de Agricultura existe una dirección nacional de fiscalización y matriculación que puede preparar informes, pero es la Ucesci la que debe implementar la sanción. Referentes y especialistas del sector denuncian falta de control en distintos aspectos, como ver si [&hellip;]
