{"version":"1.0","provider_name":"Proagro","provider_url":"https:\/\/proagrolab.com.ar\/en","title":"Buzzi anunci\u00f3 un plan de lucha agropecuario. | Proagro","type":"rich","width":600,"height":338,"html":"<blockquote class=\"wp-embedded-content\" data-secret=\"9XEtEjPlNY\"><a href=\"https:\/\/proagrolab.com.ar\/en\/buzzi-anuncio-un-plan-de-lucha-agropecuario\/\">Buzzi anunci\u00f3 un plan de lucha agropecuario.<\/a><\/blockquote><iframe sandbox=\"allow-scripts\" security=\"restricted\" src=\"https:\/\/proagrolab.com.ar\/en\/buzzi-anuncio-un-plan-de-lucha-agropecuario\/embed\/#?secret=9XEtEjPlNY\" width=\"600\" height=\"338\" title=\"&#8220;Buzzi anunci\u00f3 un plan de lucha agropecuario.&#8221; &#8212; Proagro\" data-secret=\"9XEtEjPlNY\" frameborder=\"0\" marginwidth=\"0\" marginheight=\"0\" scrolling=\"no\" class=\"wp-embedded-content\"><\/iframe><script type=\"text\/javascript\">\n\/* <![CDATA[ *\/\n\/*! This file is auto-generated *\/\n!function(d,l){\"use strict\";l.querySelector&&d.addEventListener&&\"undefined\"!=typeof URL&&(d.wp=d.wp||{},d.wp.receiveEmbedMessage||(d.wp.receiveEmbedMessage=function(e){var t=e.data;if((t||t.secret||t.message||t.value)&&!\/[^a-zA-Z0-9]\/.test(t.secret)){for(var s,r,n,a=l.querySelectorAll('iframe[data-secret=\"'+t.secret+'\"]'),o=l.querySelectorAll('blockquote[data-secret=\"'+t.secret+'\"]'),c=new RegExp(\"^https?:$\",\"i\"),i=0;i<o.length;i++)o[i].style.display=\"none\";for(i=0;i<a.length;i++)s=a[i],e.source===s.contentWindow&&(s.removeAttribute(\"style\"),\"height\"===t.message?(1e3<(r=parseInt(t.value,10))?r=1e3:~~r<200&&(r=200),s.height=r):\"link\"===t.message&&(r=new URL(s.getAttribute(\"src\")),n=new URL(t.value),c.test(n.protocol))&&n.host===r.host&&l.activeElement===s&&(d.top.location.href=t.value))}},d.addEventListener(\"message\",d.wp.receiveEmbedMessage,!1),l.addEventListener(\"DOMContentLoaded\",function(){for(var e,t,s=l.querySelectorAll(\"iframe.wp-embedded-content\"),r=0;r<s.length;r++)(t=(e=s[r]).getAttribute(\"data-secret\"))||(t=Math.random().toString(36).substring(2,12),e.src+=\"#?secret=\"+t,e.setAttribute(\"data-secret\",t)),e.contentWindow.postMessage({message:\"ready\",secret:t},\"*\")},!1)))}(window,document);\n\/\/# sourceURL=https:\/\/proagrolab.com.ar\/wp-includes\/js\/wp-embed.min.js\n\/* ]]> *\/\n<\/script>\n","thumbnail_url":"https:\/\/proagrolab.com.ar\/wp-content\/uploads\/2015\/01\/g_0lj972kee__Buzzi.jpg","thumbnail_width":450,"thumbnail_height":208,"description":"SANTA FE.- Eduardo Buzzi, nacido en la localidad de J.B. Molinas, en el sur de la provincia, presidir\u00e1 la Federaci\u00f3n Agraria Argentina (FAA) por otro a\u00f1o (asumi\u00f3 en 2000), despu\u00e9s de obtener el 90% de los votos de los delegados que asistieron en Rosario al 101er. congreso anual. Lo secundar\u00e1n Julio Curr\u00e1s y Ariel Toselli, como vicepresidentes primero y segundo, respectivamente. Los sectores opositores no se presentaron a la elecci\u00f3n y objetaron la transparencia de la asamblea. Los productores reunidos en las agrupaciones Francisco Netri -promotora de una demanda judicial contra el jefe de FAA- junto a L\u00ednea Federal, de Entre R\u00edos, y Grito de Alcorta, entre otras, decidieron no participar de la elecci\u00f3n que se desarroll\u00f3 el jueves y viernes en el Patio de la Madera. El argumento que expusieron fue la falta de transparencia en la votaci\u00f3n. &#8220;La decisi\u00f3n pol\u00edtica de la abstenci\u00f3n es el resultado de los mecanismos irregulares de incorporaci\u00f3n de 24 entidades consideras truchas, que deriv\u00f3 en una demanda judicial a principios de septiembre&#8221;, se\u00f1alaron en un comunicado los opositores. Luego de la reelecci\u00f3n, y ante unos 2000 delegados de todo el pa\u00eds, Buzzi dio un discurso en el Patio de la Madera, donde anunci\u00f3 [&hellip;]"}

Buzzi anunció un plan de lucha agropecuario. | Proagro

<blockquote class="wp-embedded-content" data-secret="9XEtEjPlNY"><a href="https://proagrolab.com.ar/en/buzzi-anuncio-un-plan-de-lucha-agropecuario/">Buzzi anunció un plan de lucha agropecuario.</a></blockquote><iframe sandbox="allow-scripts" security="restricted" src="https://proagrolab.com.ar/en/buzzi-anuncio-un-plan-de-lucha-agropecuario/embed/#?secret=9XEtEjPlNY" width="600" height="338" title="&#8220;Buzzi anunció un plan de lucha agropecuario.&#8221; &#8212; Proagro" data-secret="9XEtEjPlNY" frameborder="0" marginwidth="0" marginheight="0" scrolling="no" class="wp-embedded-content"></iframe><script type="text/javascript">
/* <![CDATA[ */
/*! This file is auto-generated */
!function(d,l){"use strict";l.querySelector&&d.addEventListener&&"undefined"!=typeof URL&&(d.wp=d.wp||{},d.wp.receiveEmbedMessage||(d.wp.receiveEmbedMessage=function(e){var t=e.data;if((t||t.secret||t.message||t.value)&&!/[^a-zA-Z0-9]/.test(t.secret)){for(var s,r,n,a=l.querySelectorAll('iframe[data-secret="'+t.secret+'"]'),o=l.querySelectorAll('blockquote[data-secret="'+t.secret+'"]'),c=new RegExp("^https?:$","i"),i=0;i<o.length;i++)o[i].style.display="none";for(i=0;i<a.length;i++)s=a[i],e.source===s.contentWindow&&(s.removeAttribute("style"),"height"===t.message?(1e3<(r=parseInt(t.value,10))?r=1e3:~~r<200&&(r=200),s.height=r):"link"===t.message&&(r=new URL(s.getAttribute("src")),n=new URL(t.value),c.test(n.protocol))&&n.host===r.host&&l.activeElement===s&&(d.top.location.href=t.value))}},d.addEventListener("message",d.wp.receiveEmbedMessage,!1),l.addEventListener("DOMContentLoaded",function(){for(var e,t,s=l.querySelectorAll("iframe.wp-embedded-content"),r=0;r<s.length;r++)(t=(e=s[r]).getAttribute("data-secret"))||(t=Math.random().toString(36).substring(2,12),e.src+="#?secret="+t,e.setAttribute("data-secret",t)),e.contentWindow.postMessage({message:"ready",secret:t},"*")},!1)))}(window,document);
//# sourceURL=https://proagrolab.com.ar/wp-includes/js/wp-embed.min.js
/* ]]> */
</script>

SANTA FE.- Eduardo Buzzi, nacido en la localidad de J.B. Molinas, en el sur de la provincia, presidirá la Federación Agraria Argentina (FAA) por otro año (asumió en 2000), después de obtener el 90% de los votos de los delegados que asistieron en Rosario al 101er. congreso anual. Lo secundarán Julio Currás y Ariel Toselli, como vicepresidentes primero y segundo, respectivamente. Los sectores opositores no se presentaron a la elección y objetaron la transparencia de la asamblea. Los productores reunidos en las agrupaciones Francisco Netri -promotora de una demanda judicial contra el jefe de FAA- junto a Línea Federal, de Entre Ríos, y Grito de Alcorta, entre otras, decidieron no participar de la elección que se desarrolló el jueves y viernes en el Patio de la Madera. El argumento que expusieron fue la falta de transparencia en la votación. &#8220;La decisión política de la abstención es el resultado de los mecanismos irregulares de incorporación de 24 entidades consideras truchas, que derivó en una demanda judicial a principios de septiembre&#8221;, señalaron en un comunicado los opositores. Luego de la reelección, y ante unos 2000 delegados de todo el país, Buzzi dio un discurso en el Patio de la Madera, donde anunció [&hellip;]
