{"version":"1.0","provider_name":"Proagro","provider_url":"https:\/\/proagrolab.com.ar\/en","title":"Agricultura quiere revertir un aumento de retenciones. | Proagro","type":"rich","width":600,"height":338,"html":"<blockquote class=\"wp-embedded-content\" data-secret=\"z57QhKzPRn\"><a href=\"https:\/\/proagrolab.com.ar\/en\/agricultura-quiere-revertir-un-aumento-de-retenciones\/\">Agricultura quiere revertir un aumento de retenciones.<\/a><\/blockquote><iframe sandbox=\"allow-scripts\" security=\"restricted\" src=\"https:\/\/proagrolab.com.ar\/en\/agricultura-quiere-revertir-un-aumento-de-retenciones\/embed\/#?secret=z57QhKzPRn\" width=\"600\" height=\"338\" title=\"&#8220;Agricultura quiere revertir un aumento de retenciones.&#8221; &#8212; Proagro\" data-secret=\"z57QhKzPRn\" frameborder=\"0\" marginwidth=\"0\" marginheight=\"0\" scrolling=\"no\" class=\"wp-embedded-content\"><\/iframe><script type=\"text\/javascript\">\n\/* <![CDATA[ *\/\n\/*! This file is auto-generated *\/\n!function(d,l){\"use strict\";l.querySelector&&d.addEventListener&&\"undefined\"!=typeof URL&&(d.wp=d.wp||{},d.wp.receiveEmbedMessage||(d.wp.receiveEmbedMessage=function(e){var t=e.data;if((t||t.secret||t.message||t.value)&&!\/[^a-zA-Z0-9]\/.test(t.secret)){for(var s,r,n,a=l.querySelectorAll('iframe[data-secret=\"'+t.secret+'\"]'),o=l.querySelectorAll('blockquote[data-secret=\"'+t.secret+'\"]'),c=new RegExp(\"^https?:$\",\"i\"),i=0;i<o.length;i++)o[i].style.display=\"none\";for(i=0;i<a.length;i++)s=a[i],e.source===s.contentWindow&&(s.removeAttribute(\"style\"),\"height\"===t.message?(1e3<(r=parseInt(t.value,10))?r=1e3:~~r<200&&(r=200),s.height=r):\"link\"===t.message&&(r=new URL(s.getAttribute(\"src\")),n=new URL(t.value),c.test(n.protocol))&&n.host===r.host&&l.activeElement===s&&(d.top.location.href=t.value))}},d.addEventListener(\"message\",d.wp.receiveEmbedMessage,!1),l.addEventListener(\"DOMContentLoaded\",function(){for(var e,t,s=l.querySelectorAll(\"iframe.wp-embedded-content\"),r=0;r<s.length;r++)(t=(e=s[r]).getAttribute(\"data-secret\"))||(t=Math.random().toString(36).substring(2,12),e.src+=\"#?secret=\"+t,e.setAttribute(\"data-secret\",t)),e.contentWindow.postMessage({message:\"ready\",secret:t},\"*\")},!1)))}(window,document);\n\/\/# sourceURL=https:\/\/proagrolab.com.ar\/wp-includes\/js\/wp-embed.min.js\n\/* ]]> *\/\n<\/script>\n","thumbnail_url":"https:\/\/proagrolab.com.ar\/wp-content\/uploads\/2015\/01\/g_rbd3tvqqv__Feed-lot-5.jpg","thumbnail_width":450,"thumbnail_height":208,"description":"Afecta a empresas de alimentos balanceados, que fueron convocadas por Casamiquela; lo hab\u00eda impuesto Kicillof. Por Fernando Bertello. Sigilosamente, el Ministerio de Agricultura se apresta a intervenir para revertir en parte la suba de las retenciones a los alimentos balanceados para nutrici\u00f3n animal que llevan soja en su mezcla de ingredientes, una medida del ministro de Econom\u00eda, Axel Kicillof, que despert\u00f3 pol\u00e9mica porque afecta a decenas de pymes. Por decreto, el Gobierno aument\u00f3 de 5 a 32% los derechos de exportaci\u00f3n, afectando tanto a productos que no requieren una alta complejidad como a otros de alto valor que se realizan en plantas de alimentos balanceados. &#8220;El problema es que en el decreto no se hizo ninguna diferenciaci\u00f3n en la suba de las retenciones&#8221;, cont\u00f3 un empresario del sector. La medida fue ideada por el entonces secretario de Comercio Interior, Guillermo Moreno, luego de escuchar la queja de exportadores porque mientras por separado la harina de soja tributa 32% de retenciones, y el ma\u00edz, 20%, quienes hacen una mezcla de harina de soja en un 95% y ma\u00edz en 5% pagan s\u00f3lo 5%. La situaci\u00f3n se prestaba a aprovechamiento por parte de algunas empresas. Pese a que esta historia comenz\u00f3 con [&hellip;]"}

Afecta a empresas de alimentos balanceados, que fueron convocadas por Casamiquela; lo había impuesto Kicillof. Por Fernando Bertello. Sigilosamente, el Ministerio de Agricultura se apresta a intervenir para revertir en parte la suba de las retenciones a los alimentos balanceados para nutrición animal que llevan soja en su mezcla de ingredientes, una medida del ministro de Economía, Axel Kicillof, que despertó polémica porque afecta a decenas de pymes. Por decreto, el Gobierno aumentó de 5 a 32% los derechos de exportación, afectando tanto a productos que no requieren una alta complejidad como a otros de alto valor que se realizan en plantas de alimentos balanceados. &#8220;El problema es que en el decreto no se hizo ninguna diferenciación en la suba de las retenciones&#8221;, contó un empresario del sector. La medida fue ideada por el entonces secretario de Comercio Interior, Guillermo Moreno, luego de escuchar la queja de exportadores porque mientras por separado la harina de soja tributa 32% de retenciones, y el maíz, 20%, quienes hacen una mezcla de harina de soja en un 95% y maíz en 5% pagan sólo 5%. La situación se prestaba a aprovechamiento por parte de algunas empresas. Pese a que esta historia comenzó con [&hellip;]
