{"version":"1.0","provider_name":"Proagro","provider_url":"https:\/\/proagrolab.com.ar\/en","title":"8vas Jornadas Lecheras Nacionales. | Proagro","type":"rich","width":600,"height":338,"html":"<blockquote class=\"wp-embedded-content\" data-secret=\"SliXbmfD1s\"><a href=\"https:\/\/proagrolab.com.ar\/en\/8vas-jornadas-lecheras-nacionales\/\">8vas Jornadas Lecheras Nacionales.<\/a><\/blockquote><iframe sandbox=\"allow-scripts\" security=\"restricted\" src=\"https:\/\/proagrolab.com.ar\/en\/8vas-jornadas-lecheras-nacionales\/embed\/#?secret=SliXbmfD1s\" width=\"600\" height=\"338\" title=\"&#8220;8vas Jornadas Lecheras Nacionales.&#8221; &#8212; Proagro\" data-secret=\"SliXbmfD1s\" frameborder=\"0\" marginwidth=\"0\" marginheight=\"0\" scrolling=\"no\" class=\"wp-embedded-content\"><\/iframe><script type=\"text\/javascript\">\n\/* <![CDATA[ *\/\n\/*! This file is auto-generated *\/\n!function(d,l){\"use strict\";l.querySelector&&d.addEventListener&&\"undefined\"!=typeof URL&&(d.wp=d.wp||{},d.wp.receiveEmbedMessage||(d.wp.receiveEmbedMessage=function(e){var t=e.data;if((t||t.secret||t.message||t.value)&&!\/[^a-zA-Z0-9]\/.test(t.secret)){for(var s,r,n,a=l.querySelectorAll('iframe[data-secret=\"'+t.secret+'\"]'),o=l.querySelectorAll('blockquote[data-secret=\"'+t.secret+'\"]'),c=new RegExp(\"^https?:$\",\"i\"),i=0;i<o.length;i++)o[i].style.display=\"none\";for(i=0;i<a.length;i++)s=a[i],e.source===s.contentWindow&&(s.removeAttribute(\"style\"),\"height\"===t.message?(1e3<(r=parseInt(t.value,10))?r=1e3:~~r<200&&(r=200),s.height=r):\"link\"===t.message&&(r=new URL(s.getAttribute(\"src\")),n=new URL(t.value),c.test(n.protocol))&&n.host===r.host&&l.activeElement===s&&(d.top.location.href=t.value))}},d.addEventListener(\"message\",d.wp.receiveEmbedMessage,!1),l.addEventListener(\"DOMContentLoaded\",function(){for(var e,t,s=l.querySelectorAll(\"iframe.wp-embedded-content\"),r=0;r<s.length;r++)(t=(e=s[r]).getAttribute(\"data-secret\"))||(t=Math.random().toString(36).substring(2,12),e.src+=\"#?secret=\"+t,e.setAttribute(\"data-secret\",t)),e.contentWindow.postMessage({message:\"ready\",secret:t},\"*\")},!1)))}(window,document);\n\/\/# sourceURL=https:\/\/proagrolab.com.ar\/wp-includes\/js\/wp-embed.min.js\n\/* ]]> *\/\n<\/script>\n","thumbnail_url":"https:\/\/proagrolab.com.ar\/wp-content\/uploads\/2015\/01\/g_dzh53vyi9__Jornadas-lecheras-villa-maria.jpg","thumbnail_width":450,"thumbnail_height":208,"description":"D\u00eda: martes 3 de junioLugar: Amerian Park Hotel, Villa Mar\u00eda, C\u00f3rdoba. El programa de exposiciones buscar\u00e1 atender los problemas m\u00e1s importantes que acarrean los productores argentinos y sudamericanos, pero adem\u00e1s, servir\u00e1 para reforzar la idea de que el productor argentino es un productor global, que compite en un mundo con gran volatilidad clim\u00e1tica y de mercados. &nbsp;Programa\u00bfQu\u00e9 est\u00e1 pasando en el negocio global de la lecher\u00eda? Las variaciones del precio de la leche en el mundo y su impacto en los productores. Diserta: Stephen Maddox, productor de California, EE.UU. Desaf\u00edos y oportunidades para los productores lecheros argentinos en tiempos turbulentos. Una mirada cr\u00edtica del negocio de producir leche. Diserta: Ing. Marcos Snyder, administrador de empresas tamberas y ex coordinador Institucional de Lecher\u00eda de Aacrea. Me quedaron chicas e inadecuadas las instalaciones de orde\u00f1e, \u00bfc\u00f3mo debo pensar su reforma?; \u00bfCu\u00e1ndo me conviene hacer todo nuevo, qu\u00e9 debo tener en cuenta?. Diserta: Dante Grangetto, experto en instalaciones de orde\u00f1e. Reniego mucho con el personal, \u00bfqu\u00e9 hago?. El Tablero de Comando, una idea pr\u00e1ctica para poner en marcha ma\u00f1ana mismo. Diserta: M\u00e9d. Vet. Daniel Manelli, asesor tambero. Por qu\u00e9 seguir perdiendo millones de pesos por falta de bienestar animal. Instalaciones \u00bfQu\u00e9 hacer?. Ecuaciones [&hellip;]"}

Día: martes 3 de junioLugar: Amerian Park Hotel, Villa María, Córdoba. El programa de exposiciones buscará atender los problemas más importantes que acarrean los productores argentinos y sudamericanos, pero además, servirá para reforzar la idea de que el productor argentino es un productor global, que compite en un mundo con gran volatilidad climática y de mercados. &nbsp;Programa¿Qué está pasando en el negocio global de la lechería? Las variaciones del precio de la leche en el mundo y su impacto en los productores. Diserta: Stephen Maddox, productor de California, EE.UU. Desafíos y oportunidades para los productores lecheros argentinos en tiempos turbulentos. Una mirada crítica del negocio de producir leche. Diserta: Ing. Marcos Snyder, administrador de empresas tamberas y ex coordinador Institucional de Lechería de Aacrea. Me quedaron chicas e inadecuadas las instalaciones de ordeñe, ¿cómo debo pensar su reforma?; ¿Cuándo me conviene hacer todo nuevo, qué debo tener en cuenta?. Diserta: Dante Grangetto, experto en instalaciones de ordeñe. Reniego mucho con el personal, ¿qué hago?. El Tablero de Comando, una idea práctica para poner en marcha mañana mismo. Diserta: Méd. Vet. Daniel Manelli, asesor tambero. Por qué seguir perdiendo millones de pesos por falta de bienestar animal. Instalaciones ¿Qué hacer?. Ecuaciones [&hellip;]
